[Sun May 14 19:01:52.870684 2023] [php:error] [pid 1244:tid 3592] [client 192.227.156.98:60576] script 'C:/xampp/htdocs/default/wp-login.php' not found or unable to stat
[Sun May 14 19:39:00.870408 2023] [php:error] [pid 1244:tid 3708] [client 45.15.187.18:54702] script 'C:/xampp/htdocs/default/wp-login.php' not found or unable to stat
[Sun May 14 19:51:19.407897 2023] [php:error] [pid 1244:tid 3708] [client 171.244.21.74:38330] script 'C:/xampp/htdocs/default/wp-login.php' not found or unable to stat
[Sun May 14 19:55:46.191893 2023] [php:error] [pid 1244:tid 3628] [client 31.186.172.143:60890] script 'C:/xampp/htdocs/default/wp-login.php' not found or unable to stat
[Sun May 14 20:02:01.497489 2023] [php:error] [pid 1244:tid 3628] [client 148.72.211.177:55300] script 'C:/xampp/htdocs/default/wp-login.php' not found or unable to stat
[Sun May 14 20:03:25.669000 2023] [php:error] [pid 1244:tid 3708] [client 192.169.244.239:37262] script 'C:/xampp/htdocs/default/wp-login.php' not found or unable to stat
[Sun May 14 20:10:12.631527 2023] [php:error] [pid 1244:tid 3708] [client 137.184.36.105:47580] script 'C:/xampp/htdocs/default/wp-login.php' not found or unable to stat
[Sun May 14 20:10:28.087276 2023] [php:error] [pid 1244:tid 3708] [client 192.227.156.98:52980] script 'C:/xampp/htdocs/default/wp-login.php' not found or unable to stat
[Sun May 14 21:22:31.001093 2023] [php:error] [pid 1244:tid 3580] [client 159.223.48.65:43594] script 'C:/xampp/htdocs/default/wp-login.php' not found or unable to stat
[Sun May 14 21:36:59.954259 2023] [php:error] [pid 1244:tid 3648] [client 115.165.166.186:37060] script 'C:/xampp/htdocs/default/wp-login.php' not found or unable to stat
[Sun May 14 22:15:05.813867 2023] [php:error] [pid 1244:tid 3652] [client 103.226.250.88:42786] script 'C:/xampp/htdocs/default/wp-login.php' not found or unable to stat
[Sun May 14 22:18:14.318560 2023] [php:error] [pid 1244:tid 3652] [client 75.103.66.27:33914] script 'C:/xampp/htdocs/default/wp-login.php' not found or unable to stat
[Sun May 14 22:20:17.982258 2023] [php:error] [pid 1244:tid 3652] [client 185.199.222.155:47772] script 'C:/xampp/htdocs/default/wp-login.php' not found or unable to stat, referer: http://wiki.fphosting.eu
[Sun May 14 22:20:18.105400 2023] [php:error] [pid 1244:tid 3652] [client 185.199.222.155:47782] script 'C:/xampp/htdocs/default/wp-login.php' not found or unable to stat, referer: http://blog.wiki.fphosting.eu
[Sun May 14 22:34:36.626131 2023] [php:error] [pid 1244:tid 3652] [client 43.155.89.190:34870] script 'C:/xampp/htdocs/default/wp-login.php' not found or unable to stat
[Sun May 14 23:04:27.873175 2023] [php:error] [pid 1244:tid 3652] [client 185.70.95.8:50758] script 'C:/xampp/htdocs/default/wp-login.php' not found or unable to stat
[Mon May 15 00:10:30.699891 2023] [php:error] [pid 1244:tid 3652] [client 52.175.203.187:41658] script 'C:/xampp/htdocs/default/wp-login.php' not found or unable to stat, referer: http://doma.fphosting.eu
[Mon May 15 00:10:31.489770 2023] [php:error] [pid 1244:tid 3652] [client 52.175.203.187:41770] script 'C:/xampp/htdocs/default/wp-login.php' not found or unable to stat, referer: http://blog.doma.fphosting.eu
[Mon May 15 00:26:27.455405 2023] [php:error] [pid 1244:tid 3580] [client 193.151.129.83:54302] script 'C:/xampp/htdocs/default/wp-login.php' not found or unable to stat
[Mon May 15 00:34:21.966465 2023] [php:error] [pid 1244:tid 3580] [client 38.54.104.25:61879] script 'C:/xampp/htdocs/default/index.php' not found or unable to stat
[Mon May 15 00:34:22.411092 2023] [authz_core:error] [pid 1244:tid 3580] [client 38.54.104.25:61879] AH01630: client denied by server configuration: C:/xampp/phpMyAdmin/index.php
[Mon May 15 02:20:47.048561 2023] [php:error] [pid 1244:tid 3580] [client 66.249.76.196:61542] script 'C:/xampp/htdocs/default/search.php' not found or unable to stat
[Mon May 15 02:32:22.901892 2023] [php:error] [pid 1244:tid 3592] [client 159.89.37.165:44838] script 'C:/xampp/htdocs/default/wp-login.php' not found or unable to stat, referer: http://panel.fphosting.eu
[Mon May 15 02:32:23.568848 2023] [php:error] [pid 1244:tid 3592] [client 159.89.37.165:44882] script 'C:/xampp/htdocs/default/wp-login.php' not found or unable to stat, referer: http://blog.panel.fphosting.eu
[Mon May 15 09:31:31.891817 2023] [php:error] [pid 1244:tid 3660] [client 54.184.14.226:47768] script 'C:/xampp/htdocs/default/frontend_dev.php' not found or unable to stat
[Mon May 15 09:31:34.134945 2023] [php:error] [pid 1244:tid 3660] [client 54.184.14.226:47824] script 'C:/xampp/htdocs/default/info.php' not found or unable to stat
[Mon May 15 09:31:34.505882 2023] [php:error] [pid 1244:tid 3660] [client 54.184.14.226:47828] script 'C:/xampp/htdocs/default/phpinfo.php' not found or unable to stat
[Mon May 15 10:13:05.235842 2023] [php:error] [pid 1244:tid 3620] [client 66.249.76.120:46891] script 'C:/xampp/htdocs/default/0day.php' not found or unable to stat
[Mon May 15 13:40:48.017616 2023] [php:error] [pid 1244:tid 3656] [client 216.244.66.229:59020] script 'C:/xampp/htdocs/default/login.php' not found or unable to stat
[Mon May 15 14:25:21.222428 2023] [php:error] [pid 1244:tid 3672] [client 14.18.90.195:60112] script 'C:/xampp/htdocs/default/wp-login.php' not found or unable to stat
[Mon May 15 14:32:28.832424 2023] [php:error] [pid 1244:tid 3672] [client 216.244.66.229:41832] script 'C:/xampp/htdocs/default/login.php' not found or unable to stat
[Mon May 15 14:50:48.611141 2023] [php:error] [pid 1244:tid 3592] [client 206.189.132.234:53560] script 'C:/xampp/htdocs/default/upl.php' not found or unable to stat
[Mon May 15 15:00:38.285962 2023] [php:error] [pid 1244:tid 3592] [client 178.62.23.61:55412] script 'C:/xampp/htdocs/default/wp-login.php' not found or unable to stat, referer: http://ucp.fpproduction.eu
[Mon May 15 15:00:38.369954 2023] [php:error] [pid 1244:tid 3592] [client 178.62.23.61:55424] script 'C:/xampp/htdocs/default/wp-login.php' not found or unable to stat, referer: http://blog.ucp.fpproduction.eu
[Mon May 15 17:26:28.252733 2023] [php:error] [pid 17812:tid 3564] [client 192.169.177.46:41054] script 'C:/xampp/htdocs/default/wp-login.php' not found or unable to stat
[Mon May 15 17:31:33.581028 2023] [php:error] [pid 17812:tid 3548] [client 103.154.185.167:34210] script 'C:/xampp/htdocs/default/wp-login.php' not found or unable to stat
[Mon May 15 19:00:23.635867 2023] [php:error] [pid 17812:tid 3584] [client 59.126.108.85:42382] script 'C:/xampp/htdocs/default/wp-login.php' not found or unable to stat
[Mon May 15 19:06:24.275833 2023] [php:error] [pid 17812:tid 3648] [client 129.211.171.58:64518] script 'C:/xampp/htdocs/default/wp-login.php' not found or unable to stat
[Mon May 15 19:14:24.223042 2023] [php:error] [pid 17812:tid 3532] [client 34.171.16.217:52574] script 'C:/xampp/htdocs/default/wp-login.php' not found or unable to stat
[Mon May 15 19:53:35.367447 2023] [php:error] [pid 17812:tid 3656] [client 51.159.105.232:47648] script 'C:/xampp/htdocs/default/wp-login.php' not found or unable to stat
[Mon May 15 20:14:10.618276 2023] [php:error] [pid 17812:tid 3588] [client 92.204.139.118:37640] script 'C:/xampp/htdocs/default/wp-login.php' not found or unable to stat
[Mon May 15 21:37:17.389860 2023] [php:error] [pid 17812:tid 3548] [client 120.46.215.94:45918] script 'C:/xampp/htdocs/default/wp-login.php' not found or unable to stat
[Mon May 15 22:35:06.480123 2023] [php:error] [pid 17812:tid 3712] [client 68.178.200.242:38158] script 'C:/xampp/htdocs/default/wp-login.php' not found or unable to stat
[Mon May 15 22:40:47.956236 2023] [php:error] [pid 17812:tid 3552] [client 54.202.199.93:51366] script 'C:/xampp/htdocs/default/wp-login.php' not found or unable to stat
[Mon May 15 23:09:28.193051 2023] [php:error] [pid 17812:tid 3684] [client 69.171.249.8:61710] script 'C:/xampp/htdocs/default/index.php' not found or unable to stat
[Mon May 15 23:11:29.934218 2023] [php:error] [pid 17812:tid 3712] [client 69.171.249.119:55418] script 'C:/xampp/htdocs/default/index.php' not found or unable to stat
[Tue May 16 00:44:22.519862 2023] [php:error] [pid 17812:tid 3656] [client 216.244.66.235:39138] script 'C:/xampp/htdocs/default/index.php' not found or unable to stat
[Tue May 16 00:52:26.268774 2023] [php:error] [pid 17812:tid 3636] [client 192.169.244.239:36164] script 'C:/xampp/htdocs/default/wp-login.php' not found or unable to stat
[Tue May 16 02:20:18.543630 2023] [php:error] [pid 17812:tid 3524] [client 164.92.189.225:54908] script 'C:/xampp/htdocs/default/upl.php' not found or unable to stat
[Tue May 16 04:28:12.743005 2023] [php:error] [pid 17812:tid 3540] [client 66.249.66.36:49204] script 'C:/xampp/htdocs/default/0x.php' not found or unable to stat
[Tue May 16 05:08:31.341100 2023] [php:error] [pid 17812:tid 3540] [client 216.244.66.229:58790] script 'C:/xampp/htdocs/default/index.php' not found or unable to stat
[Tue May 16 05:32:51.890483 2023] [php:error] [pid 17812:tid 3540] [client 91.41.206.79:60412] script 'C:/xampp/htdocs/default/wp-login.php' not found or unable to stat, referer: http://fphosting.eu
[Tue May 16 05:32:52.100522 2023] [php:error] [pid 17812:tid 3540] [client 91.41.206.79:60440] script 'C:/xampp/htdocs/default/wp-login.php' not found or unable to stat, referer: http://blog.fphosting.eu
[Tue May 16 08:29:47.466084 2023] [php:error] [pid 17812:tid 3636] [client 114.119.158.36:42760] script 'C:/xampp/htdocs/default/login.php' not found or unable to stat, referer: https://panel.fphosting.eu/forgot.php
[Tue May 16 11:27:05.521153 2023] [core:error] [pid 17812:tid 3540] [client 45.156.129.2:44882] AH10244: invalid URI path (/icons/.%%32%65/.%%32%65/apache2/icons/non-existant-image.png)
[Tue May 16 11:27:05.776203 2023] [core:error] [pid 17812:tid 3540] [client 45.156.129.2:44892] AH10244: invalid URI path (/icons/.%%32%65/.%%32%65/apache2/icons/sphere1.png)
[Tue May 16 11:27:06.030215 2023] [core:error] [pid 17812:tid 3540] [client 45.156.129.2:44906] AH10244: invalid URI path (/icons/.%2e/%2e%2e/apache2/icons/sphere1.png)
[Tue May 16 13:01:23.671773 2023] [php:error] [pid 17812:tid 3612] [client 168.119.233.229:39532] script 'C:/xampp/htdocs/default/wp-login.php' not found or unable to stat, referer: http://forum.fphosting.eu
[Tue May 16 13:01:23.834836 2023] [php:error] [pid 17812:tid 3612] [client 168.119.233.229:39556] script 'C:/xampp/htdocs/default/wp-login.php' not found or unable to stat, referer: http://blog.forum.fphosting.eu
[Tue May 16 14:12:45.587641 2023] [php:error] [pid 17812:tid 3500] [client 167.172.34.136:50236] script 'C:/xampp/htdocs/default/wp-login.php' not found or unable to stat, referer: http://tv.fphosting.eu
[Tue May 16 14:12:45.686579 2023] [php:error] [pid 17812:tid 3500] [client 167.172.34.136:50248] script 'C:/xampp/htdocs/default/wp-login.php' not found or unable to stat, referer: http://blog.tv.fphosting.eu
[Tue May 16 16:36:45.589227 2023] [php:error] [pid 17812:tid 3216] [client 103.143.40.101:52036] script 'C:/xampp/htdocs/default/wp-login.php' not found or unable to stat
[Tue May 16 16:40:32.727607 2023] [php:error] [pid 17812:tid 3588] [client 41.93.82.7:56306] script 'C:/xampp/htdocs/default/wp-login.php' not found or unable to stat
[Tue May 16 17:46:40.262777 2023] [php:error] [pid 17812:tid 3384] [client 139.59.31.218:40072] script 'C:/xampp/htdocs/default/wp-login.php' not found or unable to stat, referer: http://tvar2.fpproduction.eu
[Tue May 16 17:46:40.736596 2023] [php:error] [pid 17812:tid 3384] [client 139.59.31.218:38804] script 'C:/xampp/htdocs/default/wp-login.php' not found or unable to stat, referer: http://blog.tvar2.fpproduction.eu
[Tue May 16 18:08:29.621806 2023] [php:error] [pid 17812:tid 3644] [client 138.197.155.203:54000] script 'C:/xampp/htdocs/default/wp-login.php' not found or unable to stat
[Tue May 16 18:24:07.780286 2023] [php:error] [pid 17812:tid 3644] [client 206.217.136.46:49560] script 'C:/xampp/htdocs/default/wp-login.php' not found or unable to stat
[Tue May 16 19:04:35.586117 2023] [php:error] [pid 17812:tid 3452] [client 198.12.253.60:56152] script 'C:/xampp/htdocs/default/wp-login.php' not found or unable to stat
[Tue May 16 19:25:41.607696 2023] [php:error] [pid 17812:tid 3200] [client 64.227.153.189:46530] script 'C:/xampp/htdocs/default/upl.php' not found or unable to stat
[Tue May 16 19:27:42.312175 2023] [php:error] [pid 17812:tid 3452] [client 77.32.68.242:16028] script 'C:/xampp/htdocs/default/wp-login.php' not found or unable to stat
[Tue May 16 19:56:30.065831 2023] [php:error] [pid 17812:tid 3524] [client 194.113.235.171:42856] script 'C:/xampp/htdocs/default/1index.php' not found or unable to stat, referer: http://fphosting.eu/1index.php
[Tue May 16 19:56:30.780952 2023] [php:error] [pid 17812:tid 3524] [client 194.113.235.171:34490] script 'C:/xampp/htdocs/default/1index.php' not found or unable to stat, referer: http://fpproduction.eu/1index.php
[Tue May 16 20:56:49.990091 2023] [php:error] [pid 17812:tid 3452] [client 162.240.214.96:44250] script 'C:/xampp/htdocs/default/wp-login.php' not found or unable to stat
[Tue May 16 21:55:59.476470 2023] [php:error] [pid 17812:tid 3524] [client 37.187.78.11:60508] script 'C:/xampp/htdocs/default/wp-login.php' not found or unable to stat
[Tue May 16 21:57:38.740648 2023] [php:error] [pid 17812:tid 3564] [client 157.245.98.204:36950] script 'C:/xampp/htdocs/default/1.php' not found or unable to stat
[Tue May 16 22:00:28.021123 2023] [php:error] [pid 17812:tid 3524] [client 31.210.39.123:54596] script 'C:/xampp/htdocs/default/wp-login.php' not found or unable to stat
[Wed May 17 00:07:13.424964 2023] [php:error] [pid 17812:tid 3188] [client 40.77.111.208:34240] script 'C:/xampp/htdocs/default/wp-login.php' not found or unable to stat
[Wed May 17 02:35:09.337477 2023] [php:error] [pid 17812:tid 3272] [client 216.244.66.229:40338] script 'C:/xampp/htdocs/default/index.php' not found or unable to stat
[Wed May 17 04:09:53.440502 2023] [php:error] [pid 17812:tid 3188] [client 216.244.66.235:52560] script 'C:/xampp/htdocs/default/index.php' not found or unable to stat
[Wed May 17 04:36:28.827721 2023] [php:error] [pid 17812:tid 3188] [client 50.125.249.9:52310] script 'C:/xampp/htdocs/default/wp-login.php' not found or unable to stat, referer: http://mta-sts.fphosting.eu
[Wed May 17 04:36:30.809394 2023] [php:error] [pid 17812:tid 3188] [client 50.125.249.9:52566] script 'C:/xampp/htdocs/default/wp-login.php' not found or unable to stat, referer: http://blog.mta-sts.fphosting.eu
[Wed May 17 11:41:16.093536 2023] [php:error] [pid 17812:tid 3252] [client 216.244.66.235:50798] script 'C:/xampp/htdocs/default/index.php' not found or unable to stat
[Wed May 17 11:53:54.711070 2023] [php:error] [pid 17812:tid 3460] [client 66.249.73.111:61240] script 'C:/xampp/htdocs/default/index.PHP' not found or unable to stat
[Wed May 17 12:00:53.978913 2023] [php:error] [pid 17812:tid 3188] [client 66.249.65.28:35355] script 'C:/xampp/htdocs/default/0day.php' not found or unable to stat
[Wed May 17 12:38:47.731773 2023] [php:error] [pid 17812:tid 3524] [client 66.249.68.88:55620] script 'C:/xampp/htdocs/default/2708.php' not found or unable to stat
[Wed May 17 12:52:13.735766 2023] [cgi:error] [pid 17812:tid 3500] [client 144.126.145.102:57184] AH02811: script not found or unable to stat: C:/xampp/cgi-bin/luci
[Wed May 17 13:23:52.923578 2023] [php:error] [pid 17812:tid 3564] [client 66.249.79.173:63565] script 'C:/xampp/htdocs/default/asdcf.php' not found or unable to stat
[Wed May 17 16:18:18.434533 2023] [php:error] [pid 17812:tid 3564] [client 80.82.78.39:41730] script 'C:/xampp/htdocs/default/dns.php' not found or unable to stat
[Wed May 17 18:28:48.492284 2023] [php:error] [pid 17812:tid 3252] [client 216.244.66.229:33624] script 'C:/xampp/htdocs/default/forgot.php' not found or unable to stat
[Wed May 17 19:23:55.100385 2023] [php:error] [pid 17812:tid 3524] [client 66.249.79.208:54472] script 'C:/xampp/htdocs/default/1index.php' not found or unable to stat
[Wed May 17 19:24:25.839633 2023] [php:error] [pid 17812:tid 3524] [client 66.249.68.92:65510] script 'C:/xampp/htdocs/default/1index.php' not found or unable to stat
[Wed May 17 21:24:05.575235 2023] [cgi:error] [pid 17812:tid 3644] [client 89.166.51.61:45814] AH02811: script not found or unable to stat: C:/xampp/htdocs/default/mt-xmlrpc.cgi
[Wed May 17 21:24:15.662215 2023] [cgi:error] [pid 17812:tid 3644] [client 89.166.51.61:45979] AH02811: script not found or unable to stat: C:/xampp/htdocs/default/mt-xmlrpc.cgi
[Wed May 17 21:24:25.747730 2023] [cgi:error] [pid 17812:tid 3644] [client 89.166.51.61:46118] AH02811: script not found or unable to stat: C:/xampp/htdocs/default/mt-xmlrpc.cgi
[Wed May 17 21:24:35.834801 2023] [cgi:error] [pid 17812:tid 3644] [client 89.166.51.61:46234] AH02811: script not found or unable to stat: C:/xampp/htdocs/default/mt-xmlrpc.cgi
[Wed May 17 21:24:45.961629 2023] [cgi:error] [pid 17812:tid 3188] [client 89.166.51.61:46348] AH02811: script not found or unable to stat: C:/xampp/htdocs/default/mt-xmlrpc.cgi
[Wed May 17 21:24:56.085795 2023] [cgi:error] [pid 17812:tid 3188] [client 89.166.51.61:46465] AH02811: script not found or unable to stat: C:/xampp/htdocs/default/mt-xmlrpc.cgi
[Wed May 17 21:25:06.211277 2023] [cgi:error] [pid 17812:tid 3188] [client 89.166.51.61:46592] AH02811: script not found or unable to stat: C:/xampp/htdocs/default/mt-xmlrpc.cgi
[Wed May 17 21:25:16.336831 2023] [php:error] [pid 17812:tid 3188] [client 89.166.51.61:46711] script 'C:/xampp/htdocs/default/index2.php' not found or unable to stat
[Wed May 17 21:25:26.423327 2023] [php:error] [pid 17812:tid 3644] [client 89.166.51.61:46839] script 'C:/xampp/htdocs/default/index2.php' not found or unable to stat
[Wed May 17 21:25:36.510506 2023] [php:error] [pid 17812:tid 3188] [client 89.166.51.61:46978] script 'C:/xampp/htdocs/default/.libs.php' not found or unable to stat
[Wed May 17 21:25:46.597063 2023] [cgi:error] [pid 17812:tid 3188] [client 89.166.51.61:47114] AH02811: script not found or unable to stat: C:/xampp/htdocs/default/index2.php.cgi
[Wed May 17 21:25:56.682127 2023] [cgi:error] [pid 17812:tid 3644] [client 89.166.51.61:47250] AH02811: script not found or unable to stat: C:/xampp/htdocs/default/index2.php.cgi
[Wed May 17 21:26:06.767652 2023] [cgi:error] [pid 17812:tid 3188] [client 89.166.51.61:47379] AH02811: script not found or unable to stat: C:/xampp/cgi-bin/mt
[Wed May 17 21:26:16.854332 2023] [cgi:error] [pid 17812:tid 3188] [client 89.166.51.61:47505] AH02811: script not found or unable to stat: C:/xampp/cgi-bin/mt
[Wed May 17 21:26:26.939850 2023] [cgi:error] [pid 17812:tid 3252] [client 89.166.51.61:47635] AH02811: script not found or unable to stat: C:/xampp/cgi-bin/mt
[Wed May 17 21:26:37.026924 2023] [cgi:error] [pid 17812:tid 3644] [client 89.166.51.61:47750] AH02811: script not found or unable to stat: C:/xampp/cgi-bin/mt
[Wed May 17 21:26:47.151094 2023] [cgi:error] [pid 17812:tid 3644] [client 89.166.51.61:47872] AH02811: script not found or unable to stat: C:/xampp/cgi-bin/mt
[Wed May 17 21:26:57.276480 2023] [cgi:error] [pid 17812:tid 3644] [client 89.166.51.61:47994] AH02811: script not found or unable to stat: C:/xampp/cgi-bin/mt
[Wed May 17 21:27:07.402288 2023] [cgi:error] [pid 17812:tid 3644] [client 89.166.51.61:48109] AH02811: script not found or unable to stat: C:/xampp/cgi-bin/mt
[Wed May 17 21:27:17.527218 2023] [cgi:error] [pid 17812:tid 3252] [client 89.166.51.61:48233] AH02811: script not found or unable to stat: C:/xampp/cgi-bin/mt
[Wed May 17 21:27:27.613671 2023] [php:error] [pid 17812:tid 3188] [client 89.166.51.61:48365] script 'C:/xampp/htdocs/default/index2.php' not found or unable to stat
[Wed May 17 21:27:37.699912 2023] [php:error] [pid 17812:tid 3188] [client 89.166.51.61:48494] script 'C:/xampp/htdocs/default/.libs.php' not found or unable to stat
[Wed May 17 21:27:47.786269 2023] [cgi:error] [pid 17812:tid 3188] [client 89.166.51.61:48621] AH02811: script not found or unable to stat: C:/xampp/cgi-bin/mt
[Wed May 17 21:27:57.873091 2023] [cgi:error] [pid 17812:tid 3188] [client 89.166.51.61:48749] AH02811: script not found or unable to stat: C:/xampp/htdocs/default/index2.php.cgi
[Wed May 17 21:28:07.959337 2023] [cgi:error] [pid 17812:tid 3188] [client 89.166.51.61:48884] AH02811: script not found or unable to stat: C:/xampp/cgi-bin/mt
[Wed May 17 21:28:18.047540 2023] [cgi:error] [pid 17812:tid 3188] [client 89.166.51.61:49062] AH02811: script not found or unable to stat: C:/xampp/cgi-bin/mt
[Wed May 17 21:28:28.134039 2023] [cgi:error] [pid 17812:tid 3188] [client 89.166.51.61:49228] AH02811: script not found or unable to stat: C:/xampp/cgi-bin/mt
[Wed May 17 21:28:38.220471 2023] [cgi:error] [pid 17812:tid 3188] [client 89.166.51.61:49400] AH02811: script not found or unable to stat: C:/xampp/cgi-bin/mt
[Wed May 17 21:28:48.345818 2023] [cgi:error] [pid 17812:tid 3564] [client 89.166.51.61:49569] AH02811: script not found or unable to stat: C:/xampp/cgi-bin/mt
[Wed May 17 21:28:58.470746 2023] [cgi:error] [pid 17812:tid 3524] [client 89.166.51.61:49738] AH02811: script not found or unable to stat: C:/xampp/cgi-bin/mt
[Wed May 17 21:29:08.596425 2023] [cgi:error] [pid 17812:tid 3524] [client 89.166.51.61:49907] AH02811: script not found or unable to stat: C:/xampp/cgi-bin/mt
[Wed May 17 21:29:18.722764 2023] [cgi:error] [pid 17812:tid 3524] [client 89.166.51.61:50067] AH02811: script not found or unable to stat: C:/xampp/cgi-bin/mt
[Wed May 17 21:29:28.810342 2023] [php:error] [pid 17812:tid 3524] [client 89.166.51.61:50260] script 'C:/xampp/htdocs/default/index2.php' not found or unable to stat
[Wed May 17 21:29:38.896044 2023] [php:error] [pid 17812:tid 3524] [client 89.166.51.61:50456] script 'C:/xampp/htdocs/default/.libs.php' not found or unable to stat
[Wed May 17 21:29:48.981803 2023] [cgi:error] [pid 17812:tid 3564] [client 89.166.51.61:50645] AH02811: script not found or unable to stat: C:/xampp/cgi-bin/mt
[Wed May 17 21:29:59.067857 2023] [cgi:error] [pid 17812:tid 3272] [client 89.166.51.61:50838] AH02811: script not found or unable to stat: C:/xampp/htdocs/default/index2.php.cgi
[Wed May 17 22:00:19.959710 2023] [core:error] [pid 17812:tid 3524] [client 176.97.210.100:48420] AH10244: invalid URI path (/cgi-bin/.%%%%32%%65/.%%%%32%%65/.%%%%32%%65/.%%%%32%%65/.%%%%32%%65/bin/sh)
[Thu May 18 03:07:18.483245 2023] [php:error] [pid 17812:tid 3188] [client 138.197.143.129:50166] script 'C:/xampp/htdocs/default/wp-login.php' not found or unable to stat, referer: http://cudlik.fphosting.eu
[Thu May 18 03:07:18.979763 2023] [php:error] [pid 17812:tid 3188] [client 138.197.143.129:50220] script 'C:/xampp/htdocs/default/wp-login.php' not found or unable to stat, referer: http://blog.cudlik.fphosting.eu
[Thu May 18 10:16:49.035882 2023] [php:error] [pid 17812:tid 3524] [client 216.244.66.229:37366] script 'C:/xampp/htdocs/default/register.php' not found or unable to stat
[Thu May 18 15:30:17.276255 2023] [php:error] [pid 17812:tid 3500] [client 5.188.210.227:55157] script 'C:/xampp/htdocs/default/echo.php' not found or unable to stat, referer: https://www.google.com/
[Thu May 18 17:39:08.337996 2023] [php:error] [pid 17812:tid 3460] [client 210.16.189.15:59297] script 'C:/xampp/htdocs/default/wp-login.php' not found or unable to stat
[Thu May 18 19:32:33.542190 2023] [php:error] [pid 17812:tid 3476] [client 50.62.182.245:39902] script 'C:/xampp/htdocs/default/wp-login.php' not found or unable to stat
[Thu May 18 21:43:46.489135 2023] [php:error] [pid 17812:tid 3452] [client 217.126.4.85:45398] script 'C:/xampp/htdocs/default/wp-login.php' not found or unable to stat, referer: http://terms.fpproduction.eu
[Thu May 18 21:43:46.730721 2023] [php:error] [pid 17812:tid 3452] [client 217.126.4.85:45434] script 'C:/xampp/htdocs/default/wp-login.php' not found or unable to stat, referer: http://blog.terms.fpproduction.eu
[Thu May 18 21:43:55.485944 2023] [php:error] [pid 17812:tid 3452] [client 204.48.23.72:52484] script 'C:/xampp/htdocs/default/upl.php' not found or unable to stat
[Thu May 18 21:43:56.548908 2023] [php:error] [pid 17812:tid 3452] [client 204.48.23.72:52530] script 'C:/xampp/htdocs/default/1.php' not found or unable to stat
[Thu May 18 22:31:47.984487 2023] [php:error] [pid 17812:tid 3452] [client 84.243.196.168:43070] script 'C:/xampp/htdocs/default/wp-login.php' not found or unable to stat, referer: http://ns4.fphosting.eu
[Thu May 18 22:31:48.138531 2023] [php:error] [pid 17812:tid 3452] [client 84.243.196.168:43081] script 'C:/xampp/htdocs/default/wp-login.php' not found or unable to stat, referer: http://blog.ns4.fphosting.eu
[Thu May 18 22:34:44.604945 2023] [php:error] [pid 17812:tid 3288] [client 157.245.205.59:59530] script 'C:/xampp/htdocs/default/xmlrpc.php' not found or unable to stat
[Thu May 18 22:38:23.348365 2023] [php:error] [pid 17812:tid 3288] [client 167.99.76.37:56816] script 'C:/xampp/htdocs/default/wp-login.php' not found or unable to stat
[Thu May 18 23:20:43.913746 2023] [php:error] [pid 17812:tid 3572] [client 81.69.34.211:52662] script 'C:/xampp/htdocs/default/wp-login.php' not found or unable to stat
[Fri May 19 01:08:05.288222 2023] [authz_core:error] [pid 17812:tid 3572] [client 152.32.212.179:47406] AH01630: client denied by server configuration: C:/xampp/phpMyAdmin/index.php
[Fri May 19 01:08:08.119843 2023] [php:error] [pid 17812:tid 3572] [client 152.32.212.179:48480] script 'C:/xampp/htdocs/default/index_sso.php' not found or unable to stat
[Fri May 19 01:42:15.709307 2023] [php:error] [pid 17812:tid 3476] [client 170.64.160.166:37040] script 'C:/xampp/htdocs/default/upl.php' not found or unable to stat
[Fri May 19 01:42:18.764872 2023] [php:error] [pid 17812:tid 3476] [client 170.64.160.166:37080] script 'C:/xampp/htdocs/default/1.php' not found or unable to stat
[Fri May 19 01:43:05.713463 2023] [php:error] [pid 17812:tid 3476] [client 217.126.4.85:36426] script 'C:/xampp/htdocs/default/wp-login.php' not found or unable to stat, referer: http://mta-sts.mx.fphosting.eu
[Fri May 19 01:43:06.104451 2023] [php:error] [pid 17812:tid 3476] [client 217.126.4.85:36510] script 'C:/xampp/htdocs/default/wp-login.php' not found or unable to stat, referer: http://blog.mta-sts.mx.fphosting.eu
[Fri May 19 04:23:18.783762 2023] [php:error] [pid 17812:tid 3564] [client 139.59.31.218:42444] script 'C:/xampp/htdocs/default/wp-login.php' not found or unable to stat, referer: http://admin.fphosting.eu
[Fri May 19 04:23:19.280877 2023] [php:error] [pid 17812:tid 3564] [client 139.59.31.218:42494] script 'C:/xampp/htdocs/default/wp-login.php' not found or unable to stat, referer: http://blog.admin.fphosting.eu
[Fri May 19 09:34:19.154340 2023] [php:error] [pid 17812:tid 3452] [client 66.249.66.37:45619] script 'C:/xampp/htdocs/default/search.php' not found or unable to stat
[Fri May 19 14:57:49.167753 2023] [php:error] [pid 17812:tid 3460] [client 216.244.66.229:48628] script 'C:/xampp/htdocs/default/index.php' not found or unable to stat
[Fri May 19 16:05:09.195289 2023] [php:error] [pid 17812:tid 3588] [client 54.200.52.248:63448] script 'C:/xampp/htdocs/default/wp-plain.php' not found or unable to stat, referer: www.google.com
[Fri May 19 16:05:09.384750 2023] [php:error] [pid 17812:tid 3588] [client 54.200.52.248:63448] script 'C:/xampp/htdocs/default/qnpnuefd.php' not found or unable to stat, referer: www.google.com
[Fri May 19 17:16:54.898641 2023] [php:error] [pid 17812:tid 3288] [client 35.225.94.95:38210] script 'C:/xampp/htdocs/default/wp-login.php' not found or unable to stat
[Fri May 19 17:20:17.766634 2023] [php:error] [pid 17812:tid 3572] [client 207.244.252.113:47452] script 'C:/xampp/htdocs/default/wp-login.php' not found or unable to stat
[Fri May 19 17:29:21.812945 2023] [php:error] [pid 17812:tid 3188] [client 66.249.66.66:38754] script 'C:/xampp/htdocs/default/2708.php' not found or unable to stat
[Fri May 19 18:33:56.279132 2023] [php:error] [pid 17812:tid 3588] [client 34.64.218.102:59898] script 'C:/xampp/htdocs/default/wp-login.php' not found or unable to stat
[Fri May 19 18:47:49.307736 2023] [php:error] [pid 17812:tid 3644] [client 92.204.139.118:49822] script 'C:/xampp/htdocs/default/wp-login.php' not found or unable to stat
[Fri May 19 18:47:54.647354 2023] [php:error] [pid 17812:tid 3644] [client 194.113.235.171:42291] script 'C:/xampp/htdocs/default/3index.php' not found or unable to stat, referer: http://fphosting.eu/3index.php
[Fri May 19 18:47:55.220398 2023] [php:error] [pid 17812:tid 3644] [client 194.113.235.171:52283] script 'C:/xampp/htdocs/default/3index.php' not found or unable to stat, referer: http://fpproduction.eu/3index.php
[Fri May 19 19:09:49.411302 2023] [php:error] [pid 17812:tid 3288] [client 167.71.44.183:38330] script 'C:/xampp/htdocs/default/wp-login.php' not found or unable to stat, referer: http://speedtest.fphosting.eu
[Fri May 19 19:09:49.464304 2023] [php:error] [pid 17812:tid 3288] [client 167.71.44.183:38346] script 'C:/xampp/htdocs/default/wp-login.php' not found or unable to stat, referer: http://blog.speedtest.fphosting.eu
[Fri May 19 19:17:58.504017 2023] [php:error] [pid 17812:tid 3476] [client 168.119.233.229:49144] script 'C:/xampp/htdocs/default/wp-login.php' not found or unable to stat, referer: http://system.fphosting.eu
[Fri May 19 19:17:58.602919 2023] [php:error] [pid 17812:tid 3476] [client 168.119.233.229:49146] script 'C:/xampp/htdocs/default/wp-login.php' not found or unable to stat, referer: http://blog.system.fphosting.eu
[Fri May 19 19:26:41.032663 2023] [php:error] [pid 17812:tid 3272] [client 41.93.82.7:40380] script 'C:/xampp/htdocs/default/wp-login.php' not found or unable to stat
[Fri May 19 19:50:13.488010 2023] [php:error] [pid 17812:tid 3224] [client 109.123.248.61:55654] script 'C:/xampp/htdocs/default/wp-login.php' not found or unable to stat
[Fri May 19 21:21:28.580143 2023] [php:error] [pid 17812:tid 3468] [client 45.119.82.179:49252] script 'C:/xampp/htdocs/default/wp-login.php' not found or unable to stat
[Fri May 19 21:26:03.256382 2023] [php:error] [pid 17812:tid 3452] [client 116.109.45.9:51080] script 'C:/xampp/htdocs/default/wp-login.php' not found or unable to stat
[Fri May 19 22:56:34.059936 2023] [php:error] [pid 17812:tid 3224] [client 104.248.241.28:43924] script 'C:/xampp/htdocs/default/wp-login.php' not found or unable to stat
[Fri May 19 23:04:53.039464 2023] [php:error] [pid 17812:tid 3224] [client 142.4.22.16:52656] script 'C:/xampp/htdocs/default/wp-login.php' not found or unable to stat
[Fri May 19 23:56:59.117936 2023] [authz_core:error] [pid 17812:tid 3272] [client 95.214.27.204:34750] AH01630: client denied by server configuration: C:/xampp/phpMyAdmin/scripts
[Sat May 20 00:10:21.378559 2023] [core:error] [pid 17812:tid 3272] [client 164.68.115.154:33410] AH10244: invalid URI path (/cgi-bin/.%%%%32%%65/.%%%%32%%65/.%%%%32%%65/.%%%%32%%65/.%%%%32%%65/bin/sh)
[Sat May 20 02:21:50.562670 2023] [php:error] [pid 17812:tid 3468] [client 92.204.184.3:37924] script 'C:/xampp/htdocs/default/wp-login.php' not found or unable to stat
[Sat May 20 02:53:20.060554 2023] [php:error] [pid 17812:tid 3500] [client 96.240.153.214:48784] script 'C:/xampp/htdocs/default/wp-login.php' not found or unable to stat, referer: http://speedtest.fphosting.eu.prod.hosts.ooklaserver.net
[Sat May 20 06:37:45.677058 2023] [php:error] [pid 17812:tid 3500] [client 83.240.221.24:28796] script 'C:/xampp/htdocs/default/wp-login.php' not found or unable to stat, referer: http://baze.fphosting.eu
[Sat May 20 06:37:46.064061 2023] [php:error] [pid 17812:tid 3500] [client 83.240.221.24:34648] script 'C:/xampp/htdocs/default/wp-login.php' not found or unable to stat, referer: http://blog.baze.fphosting.eu
[Sat May 20 07:20:31.754245 2023] [php:error] [pid 17812:tid 3224] [client 138.197.143.129:59654] script 'C:/xampp/htdocs/default/wp-login.php' not found or unable to stat, referer: http://ns3.fphosting.eu
[Sat May 20 07:20:32.449261 2023] [php:error] [pid 17812:tid 3224] [client 138.197.143.129:59738] script 'C:/xampp/htdocs/default/wp-login.php' not found or unable to stat, referer: http://blog.ns3.fphosting.eu
[Sat May 20 10:06:14.002976 2023] [php:error] [pid 17812:tid 3152] [client 159.89.18.88:56288] script 'C:/xampp/htdocs/default/upl.php' not found or unable to stat
[Sat May 20 10:06:14.208633 2023] [php:error] [pid 17812:tid 3152] [client 159.89.18.88:56324] script 'C:/xampp/htdocs/default/1.php' not found or unable to stat
[Sat May 20 10:11:20.826303 2023] [php:error] [pid 17812:tid 3604] [client 95.214.26.15:59080] script 'C:/xampp/htdocs/default/style.php' not found or unable to stat
[Sat May 20 16:25:13.931037 2023] [php:error] [pid 17812:tid 3332] [client 202.28.120.40:59730] script 'C:/xampp/htdocs/default/wp-login.php' not found or unable to stat, referer: http://wiki.fphosting.eu
[Sat May 20 16:25:15.150970 2023] [php:error] [pid 17812:tid 3332] [client 202.28.120.40:59912] script 'C:/xampp/htdocs/default/wp-login.php' not found or unable to stat, referer: http://blog.wiki.fphosting.eu
[Sat May 20 17:11:39.549351 2023] [php:error] [pid 17812:tid 3604] [client 118.193.39.65:35736] script 'C:/xampp/htdocs/default/reg.php' not found or unable to stat, referer: http://what.website.panel.fphosting.eu/reg.php
[Sat May 20 17:11:40.246249 2023] [cgi:error] [pid 17812:tid 3644] [client 118.193.39.65:35404] AH02811: script not found or unable to stat: C:/xampp/htdocs/default/step1.asp, referer: http://what.website.panel.fphosting.eu/step1.asp
[Sat May 20 17:11:44.308277 2023] [php:error] [pid 17812:tid 3644] [client 118.193.39.65:35404] script 'C:/xampp/htdocs/default/waplogin.php' not found or unable to stat, referer: http://what.website.panel.fphosting.eu/waplogin.php
[Sat May 20 17:11:46.591645 2023] [php:error] [pid 17812:tid 3604] [client 118.193.39.65:35736] script 'C:/xampp/htdocs/default/index.php' not found or unable to stat, referer: http://what.website.panel.fphosting.eu/index.php/sign
[Sat May 20 17:11:48.507776 2023] [cgi:error] [pid 17812:tid 3332] [client 118.193.39.65:37418] AH02811: script not found or unable to stat: C:/xampp/htdocs/default/verification.asp, referer: http://what.website.panel.fphosting.eu/verification.asp
[Sat May 20 17:12:05.750825 2023] [php:error] [pid 17812:tid 3468] [client 118.193.39.65:37438] script 'C:/xampp/htdocs/default/index.php' not found or unable to stat, referer: http://what.website.panel.fphosting.eu/index.php/User/sendsmscode
[Sat May 20 17:12:07.448523 2023] [php:error] [pid 17812:tid 3152] [client 118.193.39.65:42456] script 'C:/xampp/htdocs/default/index.php' not found or unable to stat, referer: http://what.website.panel.fphosting.eu/index.php/Wap/Api/getBanner
[Sat May 20 17:12:18.101546 2023] [php:error] [pid 17812:tid 3572] [client 118.193.39.65:46348] script 'C:/xampp/htdocs/default/index.php' not found or unable to stat, referer: http://what.website.panel.fphosting.eu/index.php/Wap/Api/getSystemNotice?id=1
[Sat May 20 17:12:18.925442 2023] [php:error] [pid 17812:tid 3152] [client 118.193.39.65:42456] script 'C:/xampp/htdocs/default/index.php' not found or unable to stat, referer: http://what.website.panel.fphosting.eu/index.php?m=api&c=app&a=getPlatformConfig
[Sat May 20 17:12:23.267944 2023] [php:error] [pid 17812:tid 3572] [client 118.193.39.65:46348] script 'C:/xampp/htdocs/default/leftDao.php' not found or unable to stat, referer: http://what.website.panel.fphosting.eu/leftDao.php?callback=jQuery183016740860980352856_1604309800583
[Sat May 20 18:41:30.512623 2023] [php:error] [pid 17812:tid 3332] [client 167.71.200.211:39906] script 'C:/xampp/htdocs/default/wp-login.php' not found or unable to stat, referer: http://doma.fphosting.eu
[Sat May 20 18:41:31.074836 2023] [php:error] [pid 17812:tid 3332] [client 167.71.200.211:39918] script 'C:/xampp/htdocs/default/wp-login.php' not found or unable to stat, referer: http://blog.doma.fphosting.eu
[Sat May 20 21:33:49.024245 2023] [php:error] [pid 17812:tid 3332] [client 138.197.143.129:43198] script 'C:/xampp/htdocs/default/wp-login.php' not found or unable to stat, referer: http://panel.fphosting.eu
[Sat May 20 21:33:49.370255 2023] [php:error] [pid 17812:tid 3332] [client 138.197.143.129:43236] script 'C:/xampp/htdocs/default/wp-login.php' not found or unable to stat, referer: http://blog.panel.fphosting.eu
[Sat May 20 21:54:30.770013 2023] [php:error] [pid 17812:tid 3332] [client 66.249.66.6:62484] script 'C:/xampp/htdocs/default/register.php' not found or unable to stat
[Sun May 21 02:47:49.003164 2023] [cgi:error] [pid 17812:tid 3332] [client 39.67.189.127:56855] AH02811: script not found or unable to stat: C:/xampp/htdocs/default/setup.cgi
[Sun May 21 03:06:29.993645 2023] [php:error] [pid 17812:tid 3332] [client 66.249.66.68:53131] script 'C:/xampp/htdocs/default/0x.php' not found or unable to stat
[Sun May 21 04:00:20.677927 2023] [php:error] [pid 17812:tid 3152] [client 14.116.186.236:55242] script 'C:/xampp/htdocs/default/wp-login.php' not found or unable to stat
[Sun May 21 04:18:58.842639 2023] [php:error] [pid 17812:tid 3644] [client 194.169.175.14:64090] script 'C:/xampp/htdocs/default/style.php' not found or unable to stat
[Sun May 21 04:22:14.525213 2023] [php:error] [pid 17812:tid 3152] [client 134.122.7.10:54866] script 'C:/xampp/htdocs/default/wp-login.php' not found or unable to stat, referer: http://email.fphosting.eu
[Sun May 21 04:22:14.995049 2023] [php:error] [pid 17812:tid 3152] [client 134.122.7.10:54930] script 'C:/xampp/htdocs/default/wp-login.php' not found or unable to stat, referer: http://blog.email.fphosting.eu
[Sun May 21 05:51:19.561503 2023] [php:error] [pid 17812:tid 3152] [client 185.81.157.201:54953] script 'C:/xampp/htdocs/default/xmlrpc.php' not found or unable to stat
[Sun May 21 07:22:58.567031 2023] [php:error] [pid 17812:tid 3152] [client 66.249.66.36:63231] script 'C:/xampp/htdocs/default/index.PHP' not found or unable to stat
[Sun May 21 08:54:24.533884 2023] [php:error] [pid 17812:tid 3288] [client 66.249.66.11:60246] script 'C:/xampp/htdocs/default/index.php' not found or unable to stat
[Sun May 21 08:54:25.383461 2023] [php:error] [pid 17812:tid 3272] [client 66.249.66.10:51534] script 'C:/xampp/htdocs/default/waplogin.php' not found or unable to stat
[Sun May 21 10:00:48.663646 2023] [php:error] [pid 17812:tid 3272] [client 203.56.183.16:61696] script 'C:/xampp/htdocs/default/wp-login.php' not found or unable to stat
[Sun May 21 17:09:14.928224 2023] [cgi:error] [pid 17812:tid 3288] [client 179.43.177.244:49420] AH02811: script not found or unable to stat: C:/xampp/cgi-bin/operator
[Sun May 21 17:09:14.980276 2023] [cgi:error] [pid 17812:tid 3476] [client 179.43.177.244:52986] AH02811: script not found or unable to stat: C:/xampp/cgi-bin/operator
[Sun May 21 19:27:49.996707 2023] [php:error] [pid 17812:tid 3272] [client 35.205.85.245:38456] script 'C:/xampp/htdocs/default/wp-login.php' not found or unable to stat
[Sun May 21 21:38:30.490319 2023] [php:error] [pid 17812:tid 3272] [client 148.72.244.186:36476] script 'C:/xampp/htdocs/default/wp-login.php' not found or unable to stat
[Sun May 21 22:22:29.766194 2023] [php:error] [pid 17812:tid 3452] [client 66.249.66.12:41928] script 'C:/xampp/htdocs/default/index.php' not found or unable to stat
[Mon May 22 00:59:03.234213 2023] [php:error] [pid 17812:tid 3452] [client 185.245.80.185:64183] script 'C:/xampp/htdocs/default/adminer.php' not found or unable to stat
[Mon May 22 04:42:14.510971 2023] [php:error] [pid 17812:tid 3272] [client 128.199.33.211:54172] script 'C:/xampp/htdocs/default/upl.php' not found or unable to stat
[Mon May 22 04:42:14.966597 2023] [php:error] [pid 17812:tid 3272] [client 128.199.33.211:54226] script 'C:/xampp/htdocs/default/1.php' not found or unable to stat
[Mon May 22 04:52:47.113395 2023] [php:error] [pid 17812:tid 3224] [client 66.249.66.10:44148] script 'C:/xampp/htdocs/default/index.php' not found or unable to stat
[Mon May 22 09:39:48.636383 2023] [php:error] [pid 17812:tid 3272] [client 193.243.190.183:43568] script 'C:/xampp/htdocs/default/wp-login.php' not found or unable to stat
[Mon May 22 11:19:40.556424 2023] [php:error] [pid 17812:tid 3476] [client 95.214.26.15:63714] script 'C:/xampp/htdocs/default/rindex.php' not found or unable to stat
[Mon May 22 11:28:36.229571 2023] [php:error] [pid 17812:tid 3476] [client 20.219.188.145:65528] script 'C:/xampp/htdocs/default/wp-plain.php' not found or unable to stat, referer: www.google.com
[Mon May 22 11:28:36.398629 2023] [php:error] [pid 17812:tid 3476] [client 20.219.188.145:65528] script 'C:/xampp/htdocs/default/tlbhnoae.php' not found or unable to stat, referer: www.google.com
[Mon May 22 13:55:38.019456 2023] [php:error] [pid 17812:tid 3476] [client 194.113.235.171:47180] script 'C:/xampp/htdocs/default/app.php' not found or unable to stat, referer: http://fphosting.eu/app.php
[Mon May 22 13:55:38.767311 2023] [php:error] [pid 17812:tid 3476] [client 194.113.235.171:41967] script 'C:/xampp/htdocs/default/app.php' not found or unable to stat, referer: http://fpproduction.eu/app.php
[Mon May 22 14:44:45.669297 2023] [php:error] [pid 17812:tid 3588] [client 110.14.63.77:34350] script 'C:/xampp/htdocs/default/wp-login.php' not found or unable to stat, referer: http://forum.fphosting.eu
[Mon May 22 14:44:46.913672 2023] [php:error] [pid 17812:tid 3588] [client 110.14.63.77:34488] script 'C:/xampp/htdocs/default/wp-login.php' not found or unable to stat, referer: http://blog.forum.fphosting.eu
[Mon May 22 16:13:06.670233 2023] [php:error] [pid 17812:tid 3476] [client 159.89.37.165:56576] script 'C:/xampp/htdocs/default/wp-login.php' not found or unable to stat, referer: http://tv.fphosting.eu
[Mon May 22 16:13:07.031906 2023] [php:error] [pid 17812:tid 3476] [client 159.89.37.165:56616] script 'C:/xampp/htdocs/default/wp-login.php' not found or unable to stat, referer: http://blog.tv.fphosting.eu
[Mon May 22 17:49:13.207329 2023] [php:error] [pid 17812:tid 3500] [client 162.214.102.121:50510] script 'C:/xampp/htdocs/default/wp-login.php' not found or unable to stat
[Mon May 22 19:25:56.317944 2023] [php:error] [pid 16532:tid 3660] [client 51.158.62.209:35968] script 'C:/xampp/htdocs/default/wp-login.php' not found or unable to stat
[Mon May 22 19:42:15.996311 2023] [php:error] [pid 8872:tid 3656] [client 103.7.40.39:60254] script 'C:/xampp/htdocs/default/wp-login.php' not found or unable to stat
[Mon May 22 20:24:40.384644 2023] [php:error] [pid 8872:tid 3656] [client 162.240.211.91:46794] script 'C:/xampp/htdocs/default/wp-login.php' not found or unable to stat
[Mon May 22 20:35:59.359774 2023] [php:error] [pid 8872:tid 3732] [client 38.60.206.150:63038] script 'C:/xampp/htdocs/default/index.php' not found or unable to stat
[Mon May 22 20:35:59.475921 2023] [authz_core:error] [pid 8872:tid 3732] [client 38.60.206.150:63038] AH01630: client denied by server configuration: C:/xampp/phpMyAdmin/index.php
[Mon May 22 20:49:26.366168 2023] [php:error] [pid 8872:tid 3732] [client 35.225.94.95:43584] script 'C:/xampp/htdocs/default/wp-login.php' not found or unable to stat
[Mon May 22 22:24:05.962175 2023] [php:error] [pid 8872:tid 3640] [client 194.169.175.14:52335] script 'C:/xampp/htdocs/default/rindex.php' not found or unable to stat
[Mon May 22 22:33:45.619261 2023] [php:error] [pid 8872:tid 3632] [client 49.232.28.107:48048] script 'C:/xampp/htdocs/default/wp-login.php' not found or unable to stat
[Mon May 22 22:38:39.951903 2023] [php:error] [pid 8872:tid 3632] [client 112.213.125.230:37222] script 'C:/xampp/htdocs/default/wp-login.php' not found or unable to stat
[Mon May 22 23:59:07.835278 2023] [php:error] [pid 8872:tid 3664] [client 47.90.137.113:45952] script 'C:/xampp/htdocs/default/wp-login.php' not found or unable to stat
[Tue May 23 00:06:27.317253 2023] [php:error] [pid 8872:tid 3664] [client 162.240.211.91:38630] script 'C:/xampp/htdocs/default/wp-login.php' not found or unable to stat
[Tue May 23 03:22:47.759922 2023] [php:error] [pid 8872:tid 3624] [client 66.249.69.185:64305] script 'C:/xampp/htdocs/default/index.php' not found or unable to stat
[Tue May 23 03:45:48.695720 2023] [php:error] [pid 8872:tid 3624] [client 150.230.93.233:48218] script 'C:/xampp/htdocs/default/wp-login.php' not found or unable to stat
[Tue May 23 07:24:53.968518 2023] [authz_core:error] [pid 8872:tid 3632] [client 35.216.229.26:59068] AH01630: client denied by server configuration: C:/xampp/htdocs/default/server-status
[Tue May 23 07:24:54.154636 2023] [php:error] [pid 8872:tid 3632] [client 35.216.229.26:59096] script 'C:/xampp/htdocs/default/info.php' not found or unable to stat
[Tue May 23 08:50:40.409444 2023] [php:error] [pid 8872:tid 3620] [client 59.11.214.75:50154] script 'C:/xampp/htdocs/default/wp-login.php' not found or unable to stat, referer: http://mta-sts.fphosting.eu
[Tue May 23 08:50:41.899539 2023] [php:error] [pid 8872:tid 3620] [client 59.11.214.75:51146] script 'C:/xampp/htdocs/default/wp-login.php' not found or unable to stat, referer: http://blog.mta-sts.fphosting.eu
[Tue May 23 10:01:12.919169 2023] [php:error] [pid 8872:tid 3664] [client 216.244.66.229:48534] script 'C:/xampp/htdocs/default/login.php' not found or unable to stat
[Tue May 23 11:00:54.906323 2023] [php:error] [pid 8872:tid 3624] [client 59.11.214.75:43194] script 'C:/xampp/htdocs/default/wp-login.php' not found or unable to stat, referer: http://server-32557.prod.hosts.ooklaserver.net
[Tue May 23 11:37:41.547887 2023] [php:error] [pid 8872:tid 3620] [client 217.234.66.179:35840] script 'C:/xampp/htdocs/default/wp-login.php' not found or unable to stat, referer: http://payments.fphosting.eu
[Tue May 23 11:37:41.722857 2023] [php:error] [pid 8872:tid 3620] [client 217.234.66.179:35860] script 'C:/xampp/htdocs/default/wp-login.php' not found or unable to stat, referer: http://blog.payments.fphosting.eu
[Tue May 23 18:28:46.787394 2023] [php:error] [pid 12896:tid 3700] [client 38.54.25.201:64863] script 'C:/xampp/htdocs/default/index.php' not found or unable to stat
[Tue May 23 18:28:46.956526 2023] [authz_core:error] [pid 12896:tid 3700] [client 38.54.25.201:64863] AH01630: client denied by server configuration: C:/xampp/phpMyAdmin/index.php
[Tue May 23 23:25:14.470470 2023] [php:error] [pid 12896:tid 3676] [client 157.230.4.58:43438] script 'C:/xampp/htdocs/default/wp-login.php' not found or unable to stat
[Wed May 24 03:08:58.768094 2023] [core:error] [pid 12896:tid 3684] [client 193.32.162.190:48896] AH10244: invalid URI path (/../../mnt/mtd/Config/Account1)
[Wed May 24 04:23:25.657661 2023] [core:error] [pid 12896:tid 3676] [client 193.32.162.190:56500] AH10244: invalid URI path (/../../mnt/mtd/Config/Account2)
[Wed May 24 04:44:00.701280 2023] [php:error] [pid 12896:tid 3676] [client 38.54.101.245:62200] script 'C:/xampp/htdocs/default/index.php' not found or unable to stat
[Wed May 24 04:44:00.870213 2023] [authz_core:error] [pid 12896:tid 3676] [client 38.54.101.245:62200] AH01630: client denied by server configuration: C:/xampp/phpMyAdmin/index.php
[Wed May 24 09:46:26.749357 2023] [php:error] [pid 12896:tid 3632] [client 199.203.59.201:34014] script 'C:/xampp/htdocs/default/wp-login.php' not found or unable to stat, referer: http://cudlik.fphosting.eu
[Wed May 24 09:46:27.004735 2023] [php:error] [pid 12896:tid 3632] [client 199.203.59.201:34058] script 'C:/xampp/htdocs/default/wp-login.php' not found or unable to stat, referer: http://blog.cudlik.fphosting.eu
[Wed May 24 10:07:51.352562 2023] [php:error] [pid 12896:tid 3684] [client 66.249.66.12:60623] script 'C:/xampp/htdocs/default/index.php' not found or unable to stat
[Wed May 24 10:43:51.227330 2023] [php:error] [pid 12896:tid 3604] [client 95.214.26.15:64709] script 'C:/xampp/htdocs/default/wso112233.php' not found or unable to stat
[Wed May 24 11:27:06.670057 2023] [php:error] [pid 12896:tid 3620] [client 219.151.150.220:58007] script 'C:/xampp/htdocs/default/wp-login.php' not found or unable to stat
[Wed May 24 12:09:11.530432 2023] [php:error] [pid 12896:tid 3676] [client 95.214.26.15:61250] script 'C:/xampp/htdocs/default/wso112233.php' not found or unable to stat
[Wed May 24 16:13:49.640556 2023] [php:error] [pid 12896:tid 3732] [client 66.249.66.80:48502] script 'C:/xampp/htdocs/default/index.php' not found or unable to stat
[Wed May 24 18:14:43.739909 2023] [php:error] [pid 12896:tid 3688] [client 62.171.177.175:42752] script 'C:/xampp/htdocs/default/wp-login.php' not found or unable to stat
[Wed May 24 19:17:15.223284 2023] [php:error] [pid 12896:tid 3524] [client 103.90.225.215:44342] script 'C:/xampp/htdocs/default/wp-login.php' not found or unable to stat
[Wed May 24 21:34:54.965589 2023] [php:error] [pid 12896:tid 3732] [client 20.244.115.14:56540] script 'C:/xampp/htdocs/default/wp-login.php' not found or unable to stat
[Wed May 24 22:45:42.143270 2023] [php:error] [pid 12896:tid 3584] [client 75.103.66.27:37080] script 'C:/xampp/htdocs/default/wp-login.php' not found or unable to stat
[Wed May 24 22:50:56.162102 2023] [php:error] [pid 12896:tid 3584] [client 185.46.122.144:37568] script 'C:/xampp/htdocs/default/wp-login.php' not found or unable to stat
[Wed May 24 22:59:07.304964 2023] [php:error] [pid 12896:tid 3720] [client 92.205.23.159:41912] script 'C:/xampp/htdocs/default/wp-login.php' not found or unable to stat
[Wed May 24 23:00:54.551732 2023] [php:error] [pid 12896:tid 3700] [client 192.227.156.98:59652] script 'C:/xampp/htdocs/default/wp-login.php' not found or unable to stat
[Wed May 24 23:09:25.703449 2023] [php:error] [pid 12896:tid 3700] [client 165.22.50.209:48254] script 'C:/xampp/htdocs/default/wp-login.php' not found or unable to stat
[Wed May 24 23:09:48.750249 2023] [php:error] [pid 12896:tid 3700] [client 186.234.80.51:54806] script 'C:/xampp/htdocs/default/wp-login.php' not found or unable to stat
