[Mon Apr 24 00:07:12.274178 2023] [php:error] [pid 7000:tid 3608] [client 103.98.215.229:53049] script 'C:/xampp/htdocs/default/9.php' not found or unable to stat
[Mon Apr 24 00:07:13.921473 2023] [php:error] [pid 7000:tid 3608] [client 103.98.215.229:53049] script 'C:/xampp/htdocs/default/date.php' not found or unable to stat
[Mon Apr 24 00:07:14.858785 2023] [php:error] [pid 7000:tid 3608] [client 103.98.215.229:53049] script 'C:/xampp/htdocs/default/n.php' not found or unable to stat
[Mon Apr 24 00:07:15.855779 2023] [php:error] [pid 7000:tid 3608] [client 103.98.215.229:53049] script 'C:/xampp/htdocs/default/p.php' not found or unable to stat
[Mon Apr 24 00:07:16.739673 2023] [php:error] [pid 7000:tid 3608] [client 103.98.215.229:53049] script 'C:/xampp/htdocs/default/mar.php' not found or unable to stat
[Mon Apr 24 00:07:17.497435 2023] [php:error] [pid 7000:tid 3608] [client 103.98.215.229:53049] script 'C:/xampp/htdocs/default/01.php' not found or unable to stat
[Mon Apr 24 00:07:18.395287 2023] [php:error] [pid 7000:tid 3608] [client 103.98.215.229:53049] script 'C:/xampp/htdocs/default/0.php' not found or unable to stat
[Mon Apr 24 00:07:20.105933 2023] [php:error] [pid 7000:tid 3608] [client 103.98.215.229:53049] script 'C:/xampp/htdocs/default/about.php' not found or unable to stat
[Mon Apr 24 00:07:20.919147 2023] [php:error] [pid 7000:tid 3608] [client 103.98.215.229:53049] script 'C:/xampp/htdocs/default/xmlrpc.php' not found or unable to stat
[Mon Apr 24 00:07:21.817204 2023] [php:error] [pid 7000:tid 3608] [client 103.98.215.229:53049] script 'C:/xampp/htdocs/default/ups.php' not found or unable to stat
[Mon Apr 24 00:07:24.606590 2023] [php:error] [pid 7000:tid 3608] [client 103.98.215.229:53049] script 'C:/xampp/htdocs/default/root.php' not found or unable to stat
[Mon Apr 24 00:07:27.463462 2023] [php:error] [pid 7000:tid 3608] [client 103.98.215.229:53049] script 'C:/xampp/htdocs/default/q.php' not found or unable to stat
[Mon Apr 24 00:07:28.290771 2023] [php:error] [pid 7000:tid 3608] [client 103.98.215.229:53049] script 'C:/xampp/htdocs/default/xxx.php' not found or unable to stat
[Mon Apr 24 00:07:29.123620 2023] [php:error] [pid 7000:tid 3608] [client 103.98.215.229:53049] script 'C:/xampp/htdocs/default/h.php' not found or unable to stat
[Mon Apr 24 00:07:30.045781 2023] [php:error] [pid 7000:tid 3608] [client 103.98.215.229:53049] script 'C:/xampp/htdocs/default/a.php' not found or unable to stat
[Mon Apr 24 00:07:30.949742 2023] [php:error] [pid 7000:tid 3608] [client 103.98.215.229:53049] script 'C:/xampp/htdocs/default/fox.php' not found or unable to stat
[Mon Apr 24 00:07:33.666626 2023] [php:error] [pid 7000:tid 3608] [client 103.98.215.229:53049] script 'C:/xampp/htdocs/default/wp.php' not found or unable to stat
[Mon Apr 24 00:07:35.658432 2023] [php:error] [pid 7000:tid 3608] [client 103.98.215.229:53049] script 'C:/xampp/htdocs/default/wp-file.php' not found or unable to stat
[Mon Apr 24 00:07:36.592414 2023] [php:error] [pid 7000:tid 3608] [client 103.98.215.229:53049] script 'C:/xampp/htdocs/default/jindex.php' not found or unable to stat
[Mon Apr 24 00:07:37.453615 2023] [php:error] [pid 7000:tid 3608] [client 103.98.215.229:53049] script 'C:/xampp/htdocs/default/Alfa.php' not found or unable to stat
[Mon Apr 24 00:07:38.344191 2023] [php:error] [pid 7000:tid 3608] [client 103.98.215.229:53049] script 'C:/xampp/htdocs/default/403.php' not found or unable to stat
[Mon Apr 24 00:07:39.201821 2023] [php:error] [pid 7000:tid 3608] [client 103.98.215.229:53049] script 'C:/xampp/htdocs/default/0byte.php' not found or unable to stat
[Mon Apr 24 00:07:39.989621 2023] [php:error] [pid 7000:tid 3608] [client 103.98.215.229:53049] script 'C:/xampp/htdocs/default/s.php' not found or unable to stat
[Mon Apr 24 00:07:40.807781 2023] [php:error] [pid 7000:tid 3608] [client 103.98.215.229:53049] script 'C:/xampp/htdocs/default/haxor.php' not found or unable to stat
[Mon Apr 24 00:07:41.681797 2023] [php:error] [pid 7000:tid 3608] [client 103.98.215.229:53049] script 'C:/xampp/htdocs/default/xl.php' not found or unable to stat
[Mon Apr 24 00:07:42.582792 2023] [php:error] [pid 7000:tid 3608] [client 103.98.215.229:53049] script 'C:/xampp/htdocs/default/r.php' not found or unable to stat
[Mon Apr 24 00:07:43.426903 2023] [php:error] [pid 7000:tid 3608] [client 103.98.215.229:53049] script 'C:/xampp/htdocs/default/hello.php' not found or unable to stat
[Mon Apr 24 00:07:44.273962 2023] [php:error] [pid 7000:tid 3608] [client 103.98.215.229:53049] script 'C:/xampp/htdocs/default/4.php' not found or unable to stat
[Mon Apr 24 00:07:46.337521 2023] [php:error] [pid 7000:tid 3608] [client 103.98.215.229:53049] script 'C:/xampp/htdocs/default/g.php' not found or unable to stat
[Mon Apr 24 00:07:47.302396 2023] [php:error] [pid 7000:tid 3608] [client 103.98.215.229:53049] script 'C:/xampp/htdocs/default/priv8.php' not found or unable to stat
[Mon Apr 24 00:07:48.160369 2023] [php:error] [pid 7000:tid 3608] [client 103.98.215.229:53049] script 'C:/xampp/htdocs/default/wp-class.php' not found or unable to stat
[Mon Apr 24 00:07:50.065378 2023] [php:error] [pid 7000:tid 3608] [client 103.98.215.229:53049] script 'C:/xampp/htdocs/default/uploader.php' not found or unable to stat
[Mon Apr 24 00:07:50.953740 2023] [php:error] [pid 7000:tid 3608] [client 103.98.215.229:53049] script 'C:/xampp/htdocs/default/e.php' not found or unable to stat
[Mon Apr 24 00:07:51.760498 2023] [php:error] [pid 7000:tid 3608] [client 103.98.215.229:53049] script 'C:/xampp/htdocs/default/2.php' not found or unable to stat
[Mon Apr 24 00:07:52.523551 2023] [php:error] [pid 7000:tid 3608] [client 103.98.215.229:53049] script 'C:/xampp/htdocs/default/wp_wrong_datlib.php' not found or unable to stat
[Mon Apr 24 00:07:53.476631 2023] [php:error] [pid 7000:tid 3608] [client 103.98.215.229:53049] script 'C:/xampp/htdocs/default/f.php' not found or unable to stat
[Mon Apr 24 00:07:54.262703 2023] [php:error] [pid 7000:tid 3608] [client 103.98.215.229:53049] script 'C:/xampp/htdocs/default/5.php' not found or unable to stat
[Mon Apr 24 00:07:55.085722 2023] [php:error] [pid 7000:tid 3608] [client 103.98.215.229:53049] script 'C:/xampp/htdocs/default/v.php' not found or unable to stat
[Mon Apr 24 00:07:57.066452 2023] [php:error] [pid 7000:tid 3608] [client 103.98.215.229:53049] script 'C:/xampp/htdocs/default/w3llstore.php' not found or unable to stat
[Mon Apr 24 00:07:58.789751 2023] [php:error] [pid 7000:tid 3608] [client 103.98.215.229:53049] script 'C:/xampp/htdocs/default/rss.php' not found or unable to stat
[Mon Apr 24 00:07:59.575405 2023] [php:error] [pid 7000:tid 3608] [client 103.98.215.229:53049] script 'C:/xampp/htdocs/default/wp-info.php' not found or unable to stat
[Mon Apr 24 00:08:00.560059 2023] [php:error] [pid 7000:tid 3608] [client 103.98.215.229:53049] script 'C:/xampp/htdocs/default/m.php' not found or unable to stat
[Mon Apr 24 00:08:04.635381 2023] [php:error] [pid 7000:tid 3608] [client 103.98.215.229:53329] script 'C:/xampp/htdocs/default/wso.php' not found or unable to stat
[Mon Apr 24 00:08:05.701513 2023] [php:error] [pid 7000:tid 3608] [client 103.98.215.229:53329] script 'C:/xampp/htdocs/default/1index.php' not found or unable to stat
[Mon Apr 24 00:08:08.451261 2023] [php:error] [pid 7000:tid 3608] [client 103.98.215.229:53329] script 'C:/xampp/htdocs/default/blog.php' not found or unable to stat
[Mon Apr 24 00:08:09.353156 2023] [php:error] [pid 7000:tid 3608] [client 103.98.215.229:53329] script 'C:/xampp/htdocs/default/c99.php' not found or unable to stat
[Mon Apr 24 00:08:10.177055 2023] [php:error] [pid 7000:tid 3608] [client 103.98.215.229:53329] script 'C:/xampp/htdocs/default/autoload_classmap.php' not found or unable to stat
[Mon Apr 24 00:08:11.197329 2023] [php:error] [pid 7000:tid 3608] [client 103.98.215.229:53329] script 'C:/xampp/htdocs/default/b.php' not found or unable to stat
[Mon Apr 24 00:08:12.123333 2023] [php:error] [pid 7000:tid 3608] [client 103.98.215.229:53329] script 'C:/xampp/htdocs/default/alfashell.php' not found or unable to stat
[Mon Apr 24 00:08:13.064369 2023] [php:error] [pid 7000:tid 3608] [client 103.98.215.229:53329] script 'C:/xampp/htdocs/default/bypass.php' not found or unable to stat
[Mon Apr 24 00:08:13.900374 2023] [php:error] [pid 7000:tid 3608] [client 103.98.215.229:53329] script 'C:/xampp/htdocs/default/content.php' not found or unable to stat
[Mon Apr 24 00:08:15.717049 2023] [php:error] [pid 7000:tid 3608] [client 103.98.215.229:53329] script 'C:/xampp/htdocs/default/1337.php' not found or unable to stat
[Mon Apr 24 00:08:16.613110 2023] [php:error] [pid 7000:tid 3608] [client 103.98.215.229:53329] script 'C:/xampp/htdocs/default/3.php' not found or unable to stat
[Mon Apr 24 00:08:17.454719 2023] [php:error] [pid 7000:tid 3608] [client 103.98.215.229:53329] script 'C:/xampp/htdocs/default/up.php' not found or unable to stat
[Mon Apr 24 00:08:19.434040 2023] [php:error] [pid 7000:tid 3608] [client 103.98.215.229:53329] script 'C:/xampp/htdocs/default/FoxWSO.php' not found or unable to stat
[Mon Apr 24 00:08:20.393241 2023] [php:error] [pid 7000:tid 3608] [client 103.98.215.229:53329] script 'C:/xampp/htdocs/default/license.php' not found or unable to stat
[Mon Apr 24 00:08:21.211245 2023] [php:error] [pid 7000:tid 3608] [client 103.98.215.229:53329] script 'C:/xampp/htdocs/default/goods.php' not found or unable to stat
[Mon Apr 24 00:08:22.054249 2023] [php:error] [pid 7000:tid 3608] [client 103.98.215.229:53329] script 'C:/xampp/htdocs/default/ws.php' not found or unable to stat
[Mon Apr 24 00:08:23.045406 2023] [php:error] [pid 7000:tid 3608] [client 103.98.215.229:53329] script 'C:/xampp/htdocs/default/marijuana.php' not found or unable to stat
[Mon Apr 24 00:08:23.930314 2023] [php:error] [pid 7000:tid 3608] [client 103.98.215.229:53329] script 'C:/xampp/htdocs/default/small.php' not found or unable to stat
[Mon Apr 24 00:08:24.884362 2023] [php:error] [pid 7000:tid 3608] [client 103.98.215.229:53329] script 'C:/xampp/htdocs/default/fx.php' not found or unable to stat
[Mon Apr 24 00:08:25.759883 2023] [php:error] [pid 7000:tid 3608] [client 103.98.215.229:53329] script 'C:/xampp/htdocs/default/l.php' not found or unable to stat
[Mon Apr 24 00:08:26.781802 2023] [php:error] [pid 7000:tid 3608] [client 103.98.215.229:53329] script 'C:/xampp/htdocs/default/w.php' not found or unable to stat
[Mon Apr 24 00:08:27.659746 2023] [php:error] [pid 7000:tid 3608] [client 103.98.215.229:53329] script 'C:/xampp/htdocs/default/alfa.php' not found or unable to stat
[Mon Apr 24 00:08:28.560183 2023] [php:error] [pid 7000:tid 3608] [client 103.98.215.229:53329] script 'C:/xampp/htdocs/default/vuln.php' not found or unable to stat
[Mon Apr 24 00:08:31.414045 2023] [php:error] [pid 7000:tid 3608] [client 103.98.215.229:53329] script 'C:/xampp/htdocs/default/wp2.php' not found or unable to stat
[Mon Apr 24 00:08:32.438108 2023] [php:error] [pid 7000:tid 3608] [client 103.98.215.229:53329] script 'C:/xampp/htdocs/default/edit-form.php' not found or unable to stat
[Mon Apr 24 00:08:33.355587 2023] [php:error] [pid 7000:tid 3608] [client 103.98.215.229:53329] script 'C:/xampp/htdocs/default/z.php' not found or unable to stat
[Mon Apr 24 00:08:34.255530 2023] [php:error] [pid 7000:tid 3608] [client 103.98.215.229:53329] script 'C:/xampp/htdocs/default/c.php' not found or unable to stat
[Mon Apr 24 00:08:35.182620 2023] [php:error] [pid 7000:tid 3608] [client 103.98.215.229:53329] script 'C:/xampp/htdocs/default/new.php' not found or unable to stat
[Mon Apr 24 00:08:36.930970 2023] [php:error] [pid 7000:tid 3608] [client 103.98.215.229:53329] script 'C:/xampp/htdocs/default/ok.php' not found or unable to stat
[Mon Apr 24 00:37:10.043284 2023] [php:error] [pid 7000:tid 3560] [client 209.141.51.44:52619] script 'C:/xampp/htdocs/default/wp-login.php' not found or unable to stat
[Mon Apr 24 02:23:57.068933 2023] [php:error] [pid 7000:tid 3608] [client 66.249.68.88:60253] script 'C:/xampp/htdocs/default/777.php' not found or unable to stat
[Mon Apr 24 03:16:52.295695 2023] [php:error] [pid 7000:tid 3560] [client 79.137.35.31:36204] script 'C:/xampp/htdocs/default/wp-login.php' not found or unable to stat, referer: http://panel.fphosting.eu
[Mon Apr 24 03:16:52.505627 2023] [php:error] [pid 7000:tid 3560] [client 79.137.35.31:36220] script 'C:/xampp/htdocs/default/wp-login.php' not found or unable to stat, referer: http://blog.panel.fphosting.eu
[Mon Apr 24 03:26:12.529385 2023] [php:error] [pid 7000:tid 3560] [client 103.74.253.151:52430] script 'C:/xampp/htdocs/default/wp-login.php' not found or unable to stat, referer: http://blog.ucp.fpproduction.eu
[Mon Apr 24 05:35:44.904557 2023] [php:error] [pid 7000:tid 3608] [client 170.64.174.112:57888] script 'C:/xampp/htdocs/default/timthumb.php' not found or unable to stat
[Mon Apr 24 05:35:49.423504 2023] [php:error] [pid 7000:tid 3608] [client 170.64.174.112:59304] script 'C:/xampp/htdocs/default/thumb.php' not found or unable to stat
[Mon Apr 24 06:39:38.288758 2023] [php:error] [pid 7000:tid 3560] [client 64.227.150.214:59960] script 'C:/xampp/htdocs/default/upl.php' not found or unable to stat
[Mon Apr 24 06:54:52.652779 2023] [php:error] [pid 7000:tid 3560] [client 103.204.128.229:45242] script 'C:/xampp/htdocs/default/wp-login.php' not found or unable to stat
[Mon Apr 24 07:27:44.791987 2023] [php:error] [pid 7000:tid 3560] [client 66.249.68.88:50877] script 'C:/xampp/htdocs/default/400.php' not found or unable to stat
[Mon Apr 24 10:07:31.335611 2023] [php:error] [pid 7000:tid 3620] [client 14.18.119.55:60794] script 'C:/xampp/htdocs/default/wp-login.php' not found or unable to stat
[Mon Apr 24 11:56:12.247047 2023] [php:error] [pid 7000:tid 3560] [client 14.116.186.236:51807] script 'C:/xampp/htdocs/default/wp-login.php' not found or unable to stat
[Mon Apr 24 12:08:47.615690 2023] [php:error] [pid 7000:tid 3560] [client 43.134.56.208:59159] script 'C:/xampp/htdocs/default/xmlrpc.php' not found or unable to stat
[Mon Apr 24 13:02:21.736768 2023] [php:error] [pid 7000:tid 3560] [client 129.211.171.161:49630] script 'C:/xampp/htdocs/default/wp-login.php' not found or unable to stat
[Mon Apr 24 14:30:10.583248 2023] [php:error] [pid 7000:tid 3608] [client 209.141.37.59:50006] script 'C:/xampp/htdocs/default/wp-login.php' not found or unable to stat
[Mon Apr 24 17:06:18.665533 2023] [php:error] [pid 7000:tid 3636] [client 43.231.235.206:51062] script 'C:/xampp/htdocs/default/xmlrpc.php' not found or unable to stat
[Mon Apr 24 17:11:31.673507 2023] [authz_core:error] [pid 7000:tid 3552] [client 104.244.77.23:60556] AH01630: client denied by server configuration: C:/xampp/phpMyAdmin/
[Mon Apr 24 18:01:08.698731 2023] [php:error] [pid 7000:tid 3640] [client 167.172.86.207:52658] script 'C:/xampp/htdocs/default/wp-login.php' not found or unable to stat
[Mon Apr 24 18:25:10.136240 2023] [php:error] [pid 7000:tid 3640] [client 178.62.23.61:37218] script 'C:/xampp/htdocs/default/wp-login.php' not found or unable to stat, referer: http://wiki.fphosting.eu
[Mon Apr 24 18:25:10.367972 2023] [php:error] [pid 7000:tid 3640] [client 178.62.23.61:37220] script 'C:/xampp/htdocs/default/wp-login.php' not found or unable to stat, referer: http://blog.wiki.fphosting.eu
[Mon Apr 24 18:47:03.584691 2023] [cgi:error] [pid 7000:tid 3628] [client 167.86.85.124:51863] AH02811: script not found or unable to stat: C:/xampp/cgi-bin/luci
[Mon Apr 24 19:28:02.001543 2023] [php:error] [pid 7000:tid 3608] [client 104.248.20.182:60922] script 'C:/xampp/htdocs/default/wp-login.php' not found or unable to stat
[Mon Apr 24 19:39:53.654354 2023] [php:error] [pid 7000:tid 3560] [client 51.222.240.217:34168] script 'C:/xampp/htdocs/default/wp-login.php' not found or unable to stat
[Mon Apr 24 20:15:30.237936 2023] [php:error] [pid 7000:tid 3608] [client 35.210.95.93:46498] script 'C:/xampp/htdocs/default/wp-login.php' not found or unable to stat
[Mon Apr 24 20:36:29.698116 2023] [php:error] [pid 7000:tid 3560] [client 190.92.159.48:60394] script 'C:/xampp/htdocs/default/wp-login.php' not found or unable to stat
[Mon Apr 24 20:54:25.461219 2023] [php:error] [pid 7000:tid 3628] [client 170.64.174.112:44344] script 'C:/xampp/htdocs/default/timthumb.php' not found or unable to stat
[Mon Apr 24 20:54:28.088406 2023] [php:error] [pid 7000:tid 3628] [client 170.64.174.112:46084] script 'C:/xampp/htdocs/default/thumb.php' not found or unable to stat
[Mon Apr 24 21:12:58.078942 2023] [php:error] [pid 7000:tid 3560] [client 5.188.210.227:50317] script 'C:/xampp/htdocs/default/echo.php' not found or unable to stat, referer: https://www.google.com/
[Mon Apr 24 21:30:48.396971 2023] [php:error] [pid 7000:tid 3628] [client 66.249.76.122:41449] script 'C:/xampp/htdocs/default/401.php' not found or unable to stat
[Mon Apr 24 22:22:33.864643 2023] [php:error] [pid 7000:tid 3628] [client 148.72.211.177:54368] script 'C:/xampp/htdocs/default/wp-login.php' not found or unable to stat
[Mon Apr 24 22:28:39.392353 2023] [php:error] [pid 7000:tid 3628] [client 91.238.164.173:45258] script 'C:/xampp/htdocs/default/wp-login.php' not found or unable to stat
[Mon Apr 24 23:08:58.091709 2023] [php:error] [pid 7000:tid 3628] [client 120.79.225.204:44542] script 'C:/xampp/htdocs/default/wp-login.php' not found or unable to stat, referer: http://terms.fpproduction.eu
[Mon Apr 24 23:08:58.744417 2023] [php:error] [pid 7000:tid 3628] [client 120.79.225.204:44594] script 'C:/xampp/htdocs/default/wp-login.php' not found or unable to stat, referer: http://blog.terms.fpproduction.eu
[Mon Apr 24 23:44:03.159718 2023] [php:error] [pid 7000:tid 3628] [client 202.29.32.169:33292] script 'C:/xampp/htdocs/default/wp-login.php' not found or unable to stat, referer: http://system.fphosting.eu
[Mon Apr 24 23:44:04.779243 2023] [php:error] [pid 7000:tid 3628] [client 202.29.32.169:33484] script 'C:/xampp/htdocs/default/wp-login.php' not found or unable to stat, referer: http://blog.system.fphosting.eu
[Tue Apr 25 00:16:55.200853 2023] [php:error] [pid 7000:tid 3628] [client 178.62.192.91:51922] script 'C:/xampp/htdocs/default/upl.php' not found or unable to stat
[Tue Apr 25 00:21:52.549213 2023] [php:error] [pid 7000:tid 3608] [client 35.224.87.191:50312] script 'C:/xampp/htdocs/default/wp-login.php' not found or unable to stat
[Tue Apr 25 00:32:26.281514 2023] [php:error] [pid 7000:tid 3640] [client 103.139.75.87:56002] script 'C:/xampp/htdocs/default/wp-login.php' not found or unable to stat
[Tue Apr 25 03:06:57.906679 2023] [php:error] [pid 7000:tid 3608] [client 185.41.160.48:49016] script 'C:/xampp/htdocs/default/wp-22.php' not found or unable to stat
[Tue Apr 25 03:19:51.717776 2023] [php:error] [pid 7000:tid 3608] [client 194.58.107.77:60190] script 'C:/xampp/htdocs/default/wp-22.php' not found or unable to stat
[Tue Apr 25 04:29:15.576288 2023] [php:error] [pid 7000:tid 3608] [client 178.210.75.193:37458] script 'C:/xampp/htdocs/default/wp-22.php' not found or unable to stat
[Tue Apr 25 04:34:03.476581 2023] [php:error] [pid 7000:tid 3640] [client 37.46.131.140:55810] script 'C:/xampp/htdocs/default/wp-22.php' not found or unable to stat
[Tue Apr 25 04:34:22.768135 2023] [php:error] [pid 7000:tid 3640] [client 81.177.136.94:51122] script 'C:/xampp/htdocs/default/wp-22.php' not found or unable to stat
[Tue Apr 25 04:34:43.096007 2023] [php:error] [pid 7000:tid 3640] [client 92.62.112.57:35040] script 'C:/xampp/htdocs/default/wp-22.php' not found or unable to stat
[Tue Apr 25 04:36:11.264731 2023] [php:error] [pid 7000:tid 3640] [client 194.38.20.254:51725] script 'C:/xampp/htdocs/default/index.php' not found or unable to stat
[Tue Apr 25 04:37:00.706246 2023] [php:error] [pid 7000:tid 3608] [client 195.24.65.208:45688] script 'C:/xampp/htdocs/default/wp-22.php' not found or unable to stat
[Tue Apr 25 04:37:09.724047 2023] [php:error] [pid 7000:tid 3608] [client 31.177.95.201:44160] script 'C:/xampp/htdocs/default/wp-22.php' not found or unable to stat
[Tue Apr 25 04:37:55.261719 2023] [php:error] [pid 7000:tid 3608] [client 90.156.169.72:48250] script 'C:/xampp/htdocs/default/wp-22.php' not found or unable to stat
[Tue Apr 25 04:38:58.843834 2023] [php:error] [pid 7000:tid 3608] [client 81.177.48.180:41038] script 'C:/xampp/htdocs/default/wp-22.php' not found or unable to stat
[Tue Apr 25 04:38:59.600266 2023] [php:error] [pid 7000:tid 3640] [client 5.181.252.158:50606] script 'C:/xampp/htdocs/default/wp-22.php' not found or unable to stat
[Tue Apr 25 04:39:52.595674 2023] [php:error] [pid 7000:tid 3640] [client 91.192.173.197:56400] script 'C:/xampp/htdocs/default/wp-22.php' not found or unable to stat
[Tue Apr 25 04:40:36.058999 2023] [php:error] [pid 7000:tid 3640] [client 81.177.48.180:40540] script 'C:/xampp/htdocs/default/wp-22.php' not found or unable to stat
[Tue Apr 25 04:41:38.007394 2023] [php:error] [pid 7000:tid 3640] [client 91.192.173.197:50874] script 'C:/xampp/htdocs/default/wp-22.php' not found or unable to stat
[Tue Apr 25 04:44:22.950584 2023] [php:error] [pid 7000:tid 3628] [client 79.174.67.182:49930] script 'C:/xampp/htdocs/default/wp-22.php' not found or unable to stat
[Tue Apr 25 04:48:55.810284 2023] [php:error] [pid 7000:tid 3628] [client 178.20.235.164:39978] script 'C:/xampp/htdocs/default/wp-22.php' not found or unable to stat
[Tue Apr 25 04:52:06.851396 2023] [php:error] [pid 7000:tid 3608] [client 84.38.177.50:43932] script 'C:/xampp/htdocs/default/wp-22.php' not found or unable to stat
[Tue Apr 25 05:28:27.245884 2023] [php:error] [pid 7000:tid 3628] [client 178.210.75.23:50806] script 'C:/xampp/htdocs/default/wp-cc.php' not found or unable to stat
[Tue Apr 25 05:28:27.245884 2023] [php:error] [pid 7000:tid 3608] [client 178.210.75.23:50804] script 'C:/xampp/htdocs/default/wp-commentin.php' not found or unable to stat
[Tue Apr 25 08:17:41.674540 2023] [php:error] [pid 7000:tid 3620] [client 89.104.81.181:46410] script 'C:/xampp/htdocs/default/wp-22.php' not found or unable to stat
[Tue Apr 25 12:41:09.977522 2023] [authz_core:error] [pid 7000:tid 3608] [client 35.216.211.228:35370] AH01630: client denied by server configuration: C:/xampp/htdocs/default/server-status
[Tue Apr 25 12:41:10.179330 2023] [php:error] [pid 7000:tid 3608] [client 35.216.211.228:35408] script 'C:/xampp/htdocs/default/info.php' not found or unable to stat
[Tue Apr 25 15:44:31.507788 2023] [cgi:error] [pid 7000:tid 3620] [client 208.67.105.145:58366] AH02811: script not found or unable to stat: C:/xampp/cgi-bin/php
[Tue Apr 25 17:26:56.235393 2023] [php:error] [pid 7000:tid 3560] [client 111.90.150.171:57102] script 'C:/xampp/htdocs/default/wp-login.php' not found or unable to stat
[Tue Apr 25 17:35:02.480275 2023] [php:error] [pid 7000:tid 3568] [client 161.35.153.233:47968] script 'C:/xampp/htdocs/default/upl.php' not found or unable to stat
[Tue Apr 25 22:14:44.292450 2023] [php:error] [pid 7000:tid 3620] [client 38.54.111.53:51737] script 'C:/xampp/htdocs/default/index.php' not found or unable to stat
[Tue Apr 25 22:14:44.461422 2023] [authz_core:error] [pid 7000:tid 3620] [client 38.54.111.53:51737] AH01630: client denied by server configuration: C:/xampp/phpMyAdmin/index.php
[Wed Apr 26 03:55:12.706813 2023] [php:error] [pid 7000:tid 3584] [client 170.64.174.112:33422] script 'C:/xampp/htdocs/default/timthumb.php' not found or unable to stat
[Wed Apr 26 03:55:14.306748 2023] [php:error] [pid 7000:tid 3584] [client 170.64.174.112:34550] script 'C:/xampp/htdocs/default/thumb.php' not found or unable to stat
[Wed Apr 26 07:22:16.304737 2023] [php:error] [pid 7000:tid 3584] [client 137.116.141.77:35484] script 'C:/xampp/htdocs/default/wp-login.php' not found or unable to stat
[Wed Apr 26 07:47:47.327908 2023] [php:error] [pid 7000:tid 3584] [client 20.187.107.58:58425] script 'C:/xampp/htdocs/default/xmlrpc.php' not found or unable to stat
[Wed Apr 26 09:00:57.685578 2023] [php:error] [pid 7000:tid 3620] [client 146.190.226.56:33850] script 'C:/xampp/htdocs/default/upl.php' not found or unable to stat
[Wed Apr 26 11:47:12.572539 2023] [php:error] [pid 7000:tid 3552] [client 194.38.20.254:61023] script 'C:/xampp/htdocs/default/index.php' not found or unable to stat
[Wed Apr 26 11:59:29.286927 2023] [php:error] [pid 7000:tid 3620] [client 198.199.81.170:59456] script 'C:/xampp/htdocs/default/wp-login.php' not found or unable to stat, referer: http://wiki.fpproduction.eu
[Wed Apr 26 11:59:29.663925 2023] [php:error] [pid 7000:tid 3620] [client 198.199.81.170:59458] script 'C:/xampp/htdocs/default/wp-login.php' not found or unable to stat, referer: http://blog.wiki.fpproduction.eu
[Wed Apr 26 15:17:35.793629 2023] [php:error] [pid 7000:tid 3584] [client 66.249.77.7:36408] script 'C:/xampp/htdocs/default/400.php' not found or unable to stat
[Wed Apr 26 15:23:00.969839 2023] [php:error] [pid 7000:tid 3552] [client 84.243.196.168:60281] script 'C:/xampp/htdocs/default/wp-login.php' not found or unable to stat, referer: http://ns4.fphosting.eu
[Wed Apr 26 15:23:02.272629 2023] [php:error] [pid 7000:tid 3552] [client 84.243.196.168:60376] script 'C:/xampp/htdocs/default/wp-login.php' not found or unable to stat, referer: http://blog.ns4.fphosting.eu
[Wed Apr 26 15:54:00.230170 2023] [cgi:error] [pid 7000:tid 3552] [client 223.130.29.71:48192] AH02811: script not found or unable to stat: C:/xampp/htdocs/default/setup.cgi
[Wed Apr 26 17:08:14.070014 2023] [php:error] [pid 7000:tid 3612] [client 192.169.244.239:35298] script 'C:/xampp/htdocs/default/wp-login.php' not found or unable to stat
[Wed Apr 26 17:31:49.541666 2023] [php:error] [pid 7000:tid 3636] [client 186.64.117.195:51924] script 'C:/xampp/htdocs/default/wp-login.php' not found or unable to stat
[Wed Apr 26 17:50:13.113400 2023] [php:error] [pid 7000:tid 3640] [client 143.244.174.184:54386] script 'C:/xampp/htdocs/default/wp-login.php' not found or unable to stat
[Wed Apr 26 18:04:10.360805 2023] [php:error] [pid 7000:tid 3592] [client 35.198.227.178:60626] script 'C:/xampp/htdocs/default/wp-login.php' not found or unable to stat
[Wed Apr 26 18:19:08.704404 2023] [php:error] [pid 7000:tid 3592] [client 203.124.41.171:41700] script 'C:/xampp/htdocs/default/wp-login.php' not found or unable to stat
[Wed Apr 26 18:28:13.129475 2023] [php:error] [pid 7000:tid 3592] [client 42.192.4.129:56026] script 'C:/xampp/htdocs/default/wp-login.php' not found or unable to stat, referer: http://mta-sts.mail.fphosting.eu
[Wed Apr 26 18:28:14.421168 2023] [php:error] [pid 7000:tid 3592] [client 42.192.4.129:56174] script 'C:/xampp/htdocs/default/wp-login.php' not found or unable to stat, referer: http://blog.mta-sts.mail.fphosting.eu
[Wed Apr 26 19:04:02.440460 2023] [php:error] [pid 7000:tid 3592] [client 211.205.155.42:48102] script 'C:/xampp/htdocs/default/wp-login.php' not found or unable to stat, referer: http://admin.fphosting.eu
[Wed Apr 26 19:04:04.053362 2023] [php:error] [pid 7000:tid 3592] [client 211.205.155.42:48308] script 'C:/xampp/htdocs/default/wp-login.php' not found or unable to stat, referer: http://blog.admin.fphosting.eu
[Wed Apr 26 19:18:56.042589 2023] [php:error] [pid 7000:tid 3620] [client 165.232.153.45:55402] script 'C:/xampp/htdocs/default/wp-login.php' not found or unable to stat
[Wed Apr 26 19:24:04.986929 2023] [cgi:error] [pid 7000:tid 3560] [client 115.52.22.101:52211] AH02811: script not found or unable to stat: C:/xampp/htdocs/default/setup.cgi
[Wed Apr 26 19:53:41.605027 2023] [php:error] [pid 7000:tid 3560] [client 103.92.27.198:46282] script 'C:/xampp/htdocs/default/wp-login.php' not found or unable to stat
[Wed Apr 26 19:57:31.042728 2023] [php:error] [pid 7000:tid 3636] [client 43.134.56.208:50062] script 'C:/xampp/htdocs/default/xmlrpc.php' not found or unable to stat
[Wed Apr 26 20:07:15.845219 2023] [php:error] [pid 7000:tid 3560] [client 80.91.49.92:43248] script 'C:/xampp/htdocs/default/wp-login.php' not found or unable to stat
[Wed Apr 26 20:11:48.374829 2023] [php:error] [pid 7000:tid 3636] [client 162.251.165.66:43222] script 'C:/xampp/htdocs/default/wp-login.php' not found or unable to stat
[Wed Apr 26 20:18:59.542093 2023] [php:error] [pid 7000:tid 3560] [client 192.169.244.239:43934] script 'C:/xampp/htdocs/default/wp-login.php' not found or unable to stat
[Wed Apr 26 20:20:36.618629 2023] [php:error] [pid 7000:tid 3560] [client 51.91.212.100:40584] script 'C:/xampp/htdocs/default/wp-login.php' not found or unable to stat
[Wed Apr 26 20:27:39.939545 2023] [php:error] [pid 7000:tid 3636] [client 167.99.54.31:51640] script 'C:/xampp/htdocs/default/wp-login.php' not found or unable to stat
[Wed Apr 26 20:27:57.117252 2023] [php:error] [pid 7000:tid 3636] [client 116.109.45.9:55168] script 'C:/xampp/htdocs/default/wp-login.php' not found or unable to stat
[Wed Apr 26 20:29:09.390206 2023] [php:error] [pid 7000:tid 3636] [client 92.204.184.3:37484] script 'C:/xampp/htdocs/default/wp-login.php' not found or unable to stat
[Wed Apr 26 21:46:54.531297 2023] [php:error] [pid 7000:tid 3584] [client 149.202.141.244:59282] script 'C:/xampp/htdocs/default/wp-login.php' not found or unable to stat
[Wed Apr 26 22:04:34.634835 2023] [php:error] [pid 7000:tid 3584] [client 92.205.23.159:45404] script 'C:/xampp/htdocs/default/wp-login.php' not found or unable to stat
[Wed Apr 26 22:22:41.407133 2023] [php:error] [pid 7000:tid 3640] [client 93.113.111.193:51038] script 'C:/xampp/htdocs/default/wp-login.php' not found or unable to stat
[Wed Apr 26 22:58:52.157026 2023] [php:error] [pid 7000:tid 3576] [client 49.232.145.205:60602] script 'C:/xampp/htdocs/default/wp-login.php' not found or unable to stat
[Wed Apr 26 23:04:08.098582 2023] [php:error] [pid 7000:tid 3576] [client 34.87.110.103:36490] script 'C:/xampp/htdocs/default/wp-login.php' not found or unable to stat
[Wed Apr 26 23:32:24.990704 2023] [php:error] [pid 7000:tid 3628] [client 134.209.183.78:41622] script 'C:/xampp/htdocs/default/wp-login.php' not found or unable to stat
[Thu Apr 27 00:00:35.842358 2023] [php:error] [pid 7000:tid 3576] [client 199.167.138.128:60518] script 'C:/xampp/htdocs/default/wp-login.php' not found or unable to stat
[Thu Apr 27 00:02:25.628246 2023] [php:error] [pid 7000:tid 3628] [client 66.249.77.10:42068] script 'C:/xampp/htdocs/default/401.php' not found or unable to stat
[Thu Apr 27 00:35:38.922877 2023] [php:error] [pid 7000:tid 3592] [client 38.242.226.79:51256] script 'C:/xampp/htdocs/default/wp-login.php' not found or unable to stat
[Thu Apr 27 04:59:30.205447 2023] [php:error] [pid 7000:tid 3560] [client 92.38.251.140:58402] script 'C:/xampp/htdocs/default/style.php' not found or unable to stat
[Thu Apr 27 05:09:38.421199 2023] [php:error] [pid 7000:tid 3612] [client 185.246.89.156:58524] script 'C:/xampp/htdocs/default/style.php' not found or unable to stat
[Thu Apr 27 05:11:37.128875 2023] [php:error] [pid 7000:tid 3612] [client 81.91.189.244:60622] script 'C:/xampp/htdocs/default/style.php' not found or unable to stat
[Thu Apr 27 06:54:37.539951 2023] [php:error] [pid 7000:tid 3612] [client 85.234.37.182:35830] script 'C:/xampp/htdocs/default/style.php' not found or unable to stat
[Thu Apr 27 06:54:53.552179 2023] [php:error] [pid 7000:tid 3592] [client 81.91.189.244:37864] script 'C:/xampp/htdocs/default/style.php' not found or unable to stat
[Thu Apr 27 06:57:12.829205 2023] [php:error] [pid 7000:tid 3592] [client 194.169.175.92:53182] script 'C:/xampp/htdocs/default/style.php' not found or unable to stat
[Thu Apr 27 06:57:51.533903 2023] [php:error] [pid 7000:tid 3612] [client 85.234.37.182:58738] script 'C:/xampp/htdocs/default/style.php' not found or unable to stat
[Thu Apr 27 06:57:51.561903 2023] [php:error] [pid 7000:tid 3560] [client 85.234.37.182:58756] script 'C:/xampp/htdocs/default/style.php' not found or unable to stat
[Thu Apr 27 06:59:01.012092 2023] [php:error] [pid 7000:tid 3592] [client 188.127.237.130:46410] script 'C:/xampp/htdocs/default/style.php' not found or unable to stat
[Thu Apr 27 07:00:05.009167 2023] [php:error] [pid 7000:tid 3592] [client 92.38.251.140:45568] script 'C:/xampp/htdocs/default/style.php' not found or unable to stat
[Thu Apr 27 07:00:58.639751 2023] [php:error] [pid 7000:tid 3612] [client 81.91.189.244:46861] script 'C:/xampp/htdocs/default/style.php' not found or unable to stat
[Thu Apr 27 07:01:45.149985 2023] [php:error] [pid 7000:tid 3592] [client 85.234.37.182:58154] script 'C:/xampp/htdocs/default/style.php' not found or unable to stat
[Thu Apr 27 07:02:13.421322 2023] [php:error] [pid 7000:tid 3612] [client 188.127.237.130:56638] script 'C:/xampp/htdocs/default/style.php' not found or unable to stat
[Thu Apr 27 07:03:08.068978 2023] [php:error] [pid 7000:tid 3612] [client 188.127.230.8:52091] script 'C:/xampp/htdocs/default/style.php' not found or unable to stat
[Thu Apr 27 07:03:37.446466 2023] [php:error] [pid 7000:tid 3592] [client 185.246.89.156:49448] script 'C:/xampp/htdocs/default/style.php' not found or unable to stat
[Thu Apr 27 07:03:40.338153 2023] [php:error] [pid 7000:tid 3584] [client 212.41.24.178:55906] script 'C:/xampp/htdocs/default/style.php' not found or unable to stat
[Thu Apr 27 07:05:36.939400 2023] [php:error] [pid 7000:tid 3584] [client 173.201.185.119:61237] script 'C:/xampp/htdocs/default/style.php' not found or unable to stat
[Thu Apr 27 07:05:55.453757 2023] [php:error] [pid 7000:tid 3612] [client 173.201.185.119:63697] script 'C:/xampp/htdocs/default/style.php' not found or unable to stat
[Thu Apr 27 07:05:57.205123 2023] [php:error] [pid 7000:tid 3560] [client 92.241.253.77:53258] script 'C:/xampp/htdocs/default/style.php' not found or unable to stat
[Thu Apr 27 07:08:03.124961 2023] [php:error] [pid 7000:tid 3560] [client 85.234.37.182:39124] script 'C:/xampp/htdocs/default/style.php' not found or unable to stat
[Thu Apr 27 07:09:36.019276 2023] [php:error] [pid 7000:tid 3560] [client 85.234.37.182:33422] script 'C:/xampp/htdocs/default/style.php' not found or unable to stat
[Thu Apr 27 07:27:54.771342 2023] [php:error] [pid 7000:tid 3592] [client 66.249.75.216:56088] script 'C:/xampp/htdocs/default/401.php' not found or unable to stat
[Thu Apr 27 07:49:03.739130 2023] [php:error] [pid 7000:tid 3592] [client 192.124.216.100:41900] script 'C:/xampp/htdocs/default/style.php' not found or unable to stat
[Thu Apr 27 08:21:27.640549 2023] [php:error] [pid 7000:tid 3584] [client 192.124.216.100:43200] script 'C:/xampp/htdocs/default/style.php' not found or unable to stat
[Thu Apr 27 08:33:29.936241 2023] [php:error] [pid 7000:tid 3628] [client 168.119.233.229:35976] script 'C:/xampp/htdocs/default/wp-login.php' not found or unable to stat, referer: http://speedtest.fphosting.eu
[Thu Apr 27 08:33:30.035298 2023] [php:error] [pid 7000:tid 3628] [client 168.119.233.229:35986] script 'C:/xampp/htdocs/default/wp-login.php' not found or unable to stat, referer: http://blog.speedtest.fphosting.eu
[Thu Apr 27 08:40:16.456192 2023] [php:error] [pid 7000:tid 3628] [client 167.71.44.183:36752] script 'C:/xampp/htdocs/default/wp-login.php' not found or unable to stat, referer: http://system.fphosting.eu
[Thu Apr 27 08:40:16.510256 2023] [php:error] [pid 7000:tid 3628] [client 167.71.44.183:36764] script 'C:/xampp/htdocs/default/wp-login.php' not found or unable to stat, referer: http://blog.system.fphosting.eu
[Thu Apr 27 08:59:52.227259 2023] [php:error] [pid 7000:tid 3560] [client 185.154.54.4:54884] script 'C:/xampp/htdocs/default/wp-22.php' not found or unable to stat
[Thu Apr 27 09:00:42.280843 2023] [php:error] [pid 7000:tid 3584] [client 5.181.252.158:41882] script 'C:/xampp/htdocs/default/wp-22.php' not found or unable to stat
[Thu Apr 27 09:07:21.236111 2023] [php:error] [pid 7000:tid 3560] [client 66.249.72.63:56029] script 'C:/xampp/htdocs/default/hgrxr.php' not found or unable to stat
[Thu Apr 27 09:52:03.316844 2023] [php:error] [pid 7000:tid 3628] [client 178.210.87.251:8658] script 'C:/xampp/htdocs/default/lufi.php' not found or unable to stat
[Thu Apr 27 09:52:05.369375 2023] [php:error] [pid 7000:tid 3628] [client 178.210.87.251:9734] script 'C:/xampp/htdocs/default/lufix.php' not found or unable to stat
[Thu Apr 27 09:52:06.659387 2023] [php:error] [pid 7000:tid 3628] [client 178.210.87.251:10386] script 'C:/xampp/htdocs/default/admin.php' not found or unable to stat
[Thu Apr 27 09:52:07.819354 2023] [php:error] [pid 7000:tid 3628] [client 178.210.87.251:11000] script 'C:/xampp/htdocs/default/.xleet.php' not found or unable to stat
[Thu Apr 27 09:52:10.156617 2023] [php:error] [pid 7000:tid 3628] [client 178.210.87.251:12168] script 'C:/xampp/htdocs/default/cps.php' not found or unable to stat
[Thu Apr 27 09:52:13.678472 2023] [php:error] [pid 7000:tid 3628] [client 178.210.87.251:14016] script 'C:/xampp/htdocs/default/xleet-shell.php' not found or unable to stat
[Thu Apr 27 09:52:16.182075 2023] [php:error] [pid 7000:tid 3628] [client 178.210.87.251:15292] script 'C:/xampp/htdocs/default/.admin.php' not found or unable to stat
[Thu Apr 27 09:52:16.184087 2023] [php:error] [pid 7000:tid 3576] [client 178.210.87.251:15290] script 'C:/xampp/htdocs/default/.seo.php' not found or unable to stat
[Thu Apr 27 11:07:08.754237 2023] [php:error] [pid 7000:tid 3560] [client 134.209.178.186:60658] script 'C:/xampp/htdocs/default/wp-login.php' not found or unable to stat, referer: http://fpproduction.eu
[Thu Apr 27 11:07:08.828241 2023] [php:error] [pid 7000:tid 3560] [client 134.209.178.186:60666] script 'C:/xampp/htdocs/default/wp-login.php' not found or unable to stat, referer: http://blog.fpproduction.eu
[Thu Apr 27 11:20:25.451133 2023] [php:error] [pid 7000:tid 3560] [client 89.239.191.18:45512] script 'C:/xampp/htdocs/default/style.php' not found or unable to stat
[Thu Apr 27 11:31:50.744985 2023] [php:error] [pid 7000:tid 3560] [client 188.127.237.130:40564] script 'C:/xampp/htdocs/default/style.php' not found or unable to stat
[Thu Apr 27 14:46:43.419188 2023] [php:error] [pid 7000:tid 3576] [client 68.183.236.228:54949] script 'C:/xampp/htdocs/default/xmlrpc.php' not found or unable to stat
[Thu Apr 27 15:52:24.250981 2023] [php:error] [pid 7000:tid 3636] [client 159.89.37.165:44096] script 'C:/xampp/htdocs/default/wp-login.php' not found or unable to stat, referer: http://speedtest.fphosting.eu.prod.hosts.ooklaserver.net
[Thu Apr 27 18:01:47.882447 2023] [php:error] [pid 7000:tid 3612] [client 124.226.216.211:60114] script 'C:/xampp/htdocs/default/wp-login.php' not found or unable to stat
[Thu Apr 27 18:23:25.330692 2023] [php:error] [pid 7000:tid 3576] [client 47.250.128.10:38536] script 'C:/xampp/htdocs/default/wp-login.php' not found or unable to stat
[Thu Apr 27 18:26:20.149701 2023] [php:error] [pid 7000:tid 3536] [client 167.71.225.110:48164] script 'C:/xampp/htdocs/default/upl.php' not found or unable to stat
[Thu Apr 27 19:38:25.250893 2023] [php:error] [pid 7000:tid 3620] [client 128.199.217.136:43878] script 'C:/xampp/htdocs/default/wp-login.php' not found or unable to stat, referer: http://baze.fphosting.eu
[Thu Apr 27 19:38:26.874082 2023] [php:error] [pid 7000:tid 3620] [client 128.199.217.136:44056] script 'C:/xampp/htdocs/default/wp-login.php' not found or unable to stat, referer: http://blog.baze.fphosting.eu
[Thu Apr 27 20:22:29.987156 2023] [php:error] [pid 7000:tid 3536] [client 59.11.214.75:57714] script 'C:/xampp/htdocs/default/wp-login.php' not found or unable to stat, referer: http://ns3.fphosting.eu
[Thu Apr 27 20:22:31.482538 2023] [php:error] [pid 7000:tid 3536] [client 59.11.214.75:58636] script 'C:/xampp/htdocs/default/wp-login.php' not found or unable to stat, referer: http://blog.ns3.fphosting.eu
[Thu Apr 27 23:10:44.900544 2023] [php:error] [pid 7000:tid 3544] [client 38.54.110.11:60916] script 'C:/xampp/htdocs/default/index.php' not found or unable to stat
[Thu Apr 27 23:10:45.008879 2023] [authz_core:error] [pid 7000:tid 3544] [client 38.54.110.11:60916] AH01630: client denied by server configuration: C:/xampp/phpMyAdmin/index.php
[Fri Apr 28 02:50:13.872046 2023] [php:error] [pid 7000:tid 3544] [client 168.90.179.102:23704] script 'C:/xampp/htdocs/default/wp-login.php' not found or unable to stat
[Fri Apr 28 03:49:08.248117 2023] [php:error] [pid 7000:tid 3620] [client 14.29.229.15:55375] script 'C:/xampp/htdocs/default/wp-login.php' not found or unable to stat
[Fri Apr 28 04:18:42.554380 2023] [php:error] [pid 7000:tid 3544] [client 194.38.20.254:49670] script 'C:/xampp/htdocs/default/index.php' not found or unable to stat
[Fri Apr 28 05:05:03.591014 2023] [php:error] [pid 7000:tid 3640] [client 209.97.129.116:41482] script 'C:/xampp/htdocs/default/wp-login.php' not found or unable to stat, referer: http://wiki.fphosting.eu
[Fri Apr 28 05:05:03.699089 2023] [php:error] [pid 7000:tid 3640] [client 209.97.129.116:41492] script 'C:/xampp/htdocs/default/wp-login.php' not found or unable to stat, referer: http://blog.wiki.fphosting.eu
[Fri Apr 28 06:54:12.721952 2023] [php:error] [pid 7000:tid 3528] [client 66.249.76.204:44043] script 'C:/xampp/htdocs/default/search.php' not found or unable to stat
[Fri Apr 28 06:54:15.916644 2023] [php:error] [pid 7000:tid 3492] [client 38.60.206.136:63047] script 'C:/xampp/htdocs/default/index.php' not found or unable to stat
[Fri Apr 28 06:54:16.031693 2023] [authz_core:error] [pid 7000:tid 3492] [client 38.60.206.136:63047] AH01630: client denied by server configuration: C:/xampp/phpMyAdmin/index.php
[Fri Apr 28 07:10:49.285268 2023] [php:error] [pid 7000:tid 3492] [client 188.187.189.237:42232] script 'C:/xampp/htdocs/default/wp-login.php' not found or unable to stat, referer: http://doma.fphosting.eu
[Fri Apr 28 07:10:49.597633 2023] [php:error] [pid 7000:tid 3492] [client 188.187.189.237:42279] script 'C:/xampp/htdocs/default/wp-login.php' not found or unable to stat, referer: http://blog.doma.fphosting.eu
[Fri Apr 28 09:58:24.432106 2023] [php:error] [pid 7000:tid 3536] [client 110.14.63.77:53456] script 'C:/xampp/htdocs/default/wp-login.php' not found or unable to stat, referer: http://panel.fphosting.eu
[Fri Apr 28 09:58:25.631530 2023] [php:error] [pid 7000:tid 3536] [client 110.14.63.77:53614] script 'C:/xampp/htdocs/default/wp-login.php' not found or unable to stat, referer: http://blog.panel.fphosting.eu
[Fri Apr 28 11:19:37.045139 2023] [php:error] [pid 7000:tid 3552] [client 92.53.96.146:44976] script 'C:/xampp/htdocs/default/wp-22.php' not found or unable to stat
[Fri Apr 28 18:05:39.739152 2023] [php:error] [pid 7000:tid 3280] [client 159.65.131.45:41344] script 'C:/xampp/htdocs/default/wp-login.php' not found or unable to stat, referer: http://sys.vn-rp.cz
[Fri Apr 28 18:05:40.318149 2023] [php:error] [pid 7000:tid 3280] [client 159.65.131.45:41350] script 'C:/xampp/htdocs/default/wp-login.php' not found or unable to stat, referer: http://blog.sys.vn-rp.cz
[Fri Apr 28 20:13:45.224938 2023] [authz_core:error] [pid 7000:tid 3324] [client 104.244.77.23:57592] AH01630: client denied by server configuration: C:/xampp/phpMyAdmin/
[Fri Apr 28 20:45:42.052361 2023] [php:error] [pid 7000:tid 3244] [client 139.99.68.31:64228] script 'C:/xampp/htdocs/default/frontend_dev.php' not found or unable to stat
[Fri Apr 28 20:45:44.010133 2023] [php:error] [pid 7000:tid 3244] [client 139.99.68.31:62766] script 'C:/xampp/htdocs/default/php-info.php' not found or unable to stat
[Fri Apr 28 20:45:44.475824 2023] [php:error] [pid 7000:tid 3244] [client 139.99.68.31:62879] script 'C:/xampp/htdocs/default/pinfo.php' not found or unable to stat
[Fri Apr 28 20:45:44.934999 2023] [php:error] [pid 7000:tid 3244] [client 139.99.68.31:62981] script 'C:/xampp/htdocs/default/phpinfo.php' not found or unable to stat
[Fri Apr 28 20:45:48.231817 2023] [php:error] [pid 7000:tid 3244] [client 139.99.68.31:63582] script 'C:/xampp/htdocs/default/temp.php' not found or unable to stat
[Fri Apr 28 20:45:48.652561 2023] [php:error] [pid 7000:tid 3244] [client 139.99.68.31:63671] script 'C:/xampp/htdocs/default/linusadmin-phpinfo.php' not found or unable to stat
[Fri Apr 28 20:45:49.155417 2023] [php:error] [pid 7000:tid 3244] [client 139.99.68.31:63766] script 'C:/xampp/htdocs/default/php.php' not found or unable to stat
[Fri Apr 28 20:45:50.198785 2023] [php:error] [pid 7000:tid 3244] [client 139.99.68.31:64020] script 'C:/xampp/htdocs/default/info.php' not found or unable to stat
[Fri Apr 28 20:45:52.593662 2023] [php:error] [pid 7000:tid 3244] [client 139.99.68.31:64542] script 'C:/xampp/htdocs/default/infos.php' not found or unable to stat
[Fri Apr 28 20:45:53.067735 2023] [php:error] [pid 7000:tid 3244] [client 139.99.68.31:62701] script 'C:/xampp/htdocs/default/php_info.php' not found or unable to stat
[Fri Apr 28 20:45:53.548089 2023] [php:error] [pid 7000:tid 3244] [client 139.99.68.31:62859] script 'C:/xampp/htdocs/default/app_dev.php' not found or unable to stat
[Fri Apr 28 23:42:34.292403 2023] [php:error] [pid 7000:tid 3280] [client 38.54.108.113:59485] script 'C:/xampp/htdocs/default/index.php' not found or unable to stat
[Fri Apr 28 23:42:34.404413 2023] [authz_core:error] [pid 7000:tid 3280] [client 38.54.108.113:59485] AH01630: client denied by server configuration: C:/xampp/phpMyAdmin/index.php
[Sat Apr 29 00:03:31.222657 2023] [php:error] [pid 7000:tid 3244] [client 50.35.124.70:53640] script 'C:/xampp/htdocs/default/wp-login.php' not found or unable to stat, referer: http://ucp.fpproduction.eu
[Sat Apr 29 00:03:33.220359 2023] [php:error] [pid 7000:tid 3244] [client 50.35.124.70:53886] script 'C:/xampp/htdocs/default/wp-login.php' not found or unable to stat, referer: http://blog.ucp.fpproduction.eu
[Sat Apr 29 00:36:45.232047 2023] [php:error] [pid 7000:tid 3536] [client 176.111.173.153:50920] script 'C:/xampp/htdocs/default/wp-plain.php' not found or unable to stat, referer: www.google.com
[Sat Apr 29 00:36:45.279051 2023] [php:error] [pid 7000:tid 3536] [client 176.111.173.153:50920] script 'C:/xampp/htdocs/default/ogskyiyp.php' not found or unable to stat, referer: www.google.com
[Sat Apr 29 00:55:51.376633 2023] [php:error] [pid 7000:tid 3280] [client 176.111.173.153:56799] script 'C:/xampp/htdocs/default/wp-plain.php' not found or unable to stat, referer: www.google.com
[Sat Apr 29 00:55:51.423633 2023] [php:error] [pid 7000:tid 3280] [client 176.111.173.153:56799] script 'C:/xampp/htdocs/default/tlmrnbvw.php' not found or unable to stat, referer: www.google.com
[Sat Apr 29 03:09:00.040542 2023] [php:error] [pid 7000:tid 3520] [client 91.226.82.71:53842] script 'C:/xampp/htdocs/default/wp-cc.php' not found or unable to stat
[Sat Apr 29 03:09:00.045541 2023] [php:error] [pid 7000:tid 3392] [client 91.226.82.71:53840] script 'C:/xampp/htdocs/default/wp-commentin.php' not found or unable to stat
[Sat Apr 29 03:11:25.212400 2023] [php:error] [pid 7000:tid 3392] [client 31.177.95.227:51994] script 'C:/xampp/htdocs/default/wp-commentin.php' not found or unable to stat
[Sat Apr 29 03:11:25.212400 2023] [php:error] [pid 7000:tid 3520] [client 31.177.95.227:51978] script 'C:/xampp/htdocs/default/wp-cc.php' not found or unable to stat
[Sat Apr 29 03:43:47.716429 2023] [php:error] [pid 7000:tid 3520] [client 87.249.43.162:44526] script 'C:/xampp/htdocs/default/wp-cc.php' not found or unable to stat
[Sat Apr 29 03:43:47.723432 2023] [php:error] [pid 7000:tid 3392] [client 87.249.43.162:44536] script 'C:/xampp/htdocs/default/wp-commentin.php' not found or unable to stat
[Sat Apr 29 03:53:20.527590 2023] [php:error] [pid 7000:tid 3252] [client 185.70.95.8:60188] script 'C:/xampp/htdocs/default/wp-login.php' not found or unable to stat
[Sat Apr 29 04:30:25.007716 2023] [php:error] [pid 7000:tid 3252] [client 134.122.7.10:44192] script 'C:/xampp/htdocs/default/wp-login.php' not found or unable to stat, referer: http://cdn.vn-rp.cz
[Sat Apr 29 04:30:26.703591 2023] [php:error] [pid 7000:tid 3252] [client 134.122.7.10:44390] script 'C:/xampp/htdocs/default/wp-login.php' not found or unable to stat, referer: http://blog.cdn.vn-rp.cz
[Sat Apr 29 05:06:54.351593 2023] [php:error] [pid 7000:tid 3252] [client 94.198.50.77:51642] script 'C:/xampp/htdocs/default/wp-cc.php' not found or unable to stat
[Sat Apr 29 05:06:54.359588 2023] [php:error] [pid 7000:tid 3140] [client 94.198.50.77:51652] script 'C:/xampp/htdocs/default/wp-commentin.php' not found or unable to stat
[Sat Apr 29 05:07:14.338356 2023] [php:error] [pid 7000:tid 3140] [client 188.225.16.94:36062] script 'C:/xampp/htdocs/default/wp-cc.php' not found or unable to stat
[Sat Apr 29 05:07:14.341990 2023] [php:error] [pid 7000:tid 3252] [client 188.225.16.94:36060] script 'C:/xampp/htdocs/default/wp-commentin.php' not found or unable to stat
[Sat Apr 29 05:13:35.289661 2023] [php:error] [pid 7000:tid 3324] [client 87.249.43.162:55654] script 'C:/xampp/htdocs/default/wp-cc.php' not found or unable to stat
[Sat Apr 29 05:13:35.293658 2023] [php:error] [pid 7000:tid 3252] [client 87.249.43.162:55642] script 'C:/xampp/htdocs/default/wp-commentin.php' not found or unable to stat
[Sat Apr 29 05:16:17.114329 2023] [php:error] [pid 7000:tid 3324] [client 95.213.172.135:41906] script 'C:/xampp/htdocs/default/wp-cc.php' not found or unable to stat
[Sat Apr 29 05:16:17.114329 2023] [php:error] [pid 7000:tid 3252] [client 95.213.172.135:41904] script 'C:/xampp/htdocs/default/wp-commentin.php' not found or unable to stat
[Sat Apr 29 06:22:49.507736 2023] [php:error] [pid 7000:tid 3544] [client 202.28.120.40:35762] script 'C:/xampp/htdocs/default/wp-login.php' not found or unable to stat, referer: http://lspd.vn-rp.cz
[Sat Apr 29 06:22:52.307134 2023] [php:error] [pid 7000:tid 3544] [client 202.28.120.40:36190] script 'C:/xampp/htdocs/default/wp-login.php' not found or unable to stat, referer: http://blog.lspd.vn-rp.cz
[Sat Apr 29 07:49:50.667391 2023] [php:error] [pid 7000:tid 3568] [client 168.138.211.255:61015] script 'C:/xampp/htdocs/default/style.php' not found or unable to stat, referer: www.google.com
