[Tue Jul 18 14:02:00.501081 2023] [php:error] [pid 25996:tid 3412] [client 41.76.109.32:35254] script 'C:/xampp/htdocs/default/style.php' not found or unable to stat
[Tue Jul 18 14:02:02.483125 2023] [php:error] [pid 25996:tid 3636] [client 41.76.109.32:36746] script 'C:/xampp/htdocs/default/style.php' not found or unable to stat
[Tue Jul 18 14:07:05.780399 2023] [php:error] [pid 25996:tid 3404] [client 41.76.109.32:44064] script 'C:/xampp/htdocs/default/style.php' not found or unable to stat
[Tue Jul 18 16:15:19.344555 2023] [php:error] [pid 25996:tid 3404] [client 80.251.219.111:36710] script 'C:/xampp/htdocs/default/wp-login.php' not found or unable to stat
[Tue Jul 18 18:50:05.683049 2023] [php:error] [pid 25996:tid 3488] [client 116.205.173.51:62950] script 'C:/xampp/htdocs/default/index.php' not found or unable to stat
[Tue Jul 18 18:50:05.907987 2023] [authz_core:error] [pid 25996:tid 3488] [client 116.205.173.51:62950] AH01630: client denied by server configuration: C:/xampp/phpMyAdmin/index.php
[Wed Jul 19 00:00:41.392614 2023] [php:error] [pid 25996:tid 3780] [client 200.74.242.40:51241] script 'C:/xampp/htdocs/default/main.php' not found or unable to stat, referer: http://89.190.84.12/
[Wed Jul 19 00:02:36.914237 2023] [php:error] [pid 25996:tid 3512] [client 91.204.46.238:52706] script 'C:/xampp/htdocs/default/style.php' not found or unable to stat
[Wed Jul 19 00:09:02.326017 2023] [php:error] [pid 25996:tid 3612] [client 3.86.143.228:52796] script 'C:/xampp/htdocs/default/gate.php' not found or unable to stat
[Wed Jul 19 03:08:42.572565 2023] [php:error] [pid 25996:tid 3688] [client 139.59.15.186:51616] script 'C:/xampp/htdocs/default/1.php' not found or unable to stat
[Wed Jul 19 19:48:53.139342 2023] [cgi:error] [pid 25996:tid 3584] [client 3.8.172.78:33958] AH02811: script not found or unable to stat: C:/xampp/cgi-bin/login.cgi
[Wed Jul 19 20:21:44.626753 2023] [php:error] [pid 25996:tid 3780] [client 38.242.227.213:50788] script 'C:/xampp/htdocs/default/wp-login.php' not found or unable to stat
[Wed Jul 19 21:13:56.479360 2023] [php:error] [pid 25996:tid 3528] [client 194.169.217.163:39933] script 'C:/xampp/htdocs/default/xmlrpc.php' not found or unable to stat
[Wed Jul 19 21:23:16.009361 2023] [php:error] [pid 25996:tid 3520] [client 125.166.116.217:1223] script 'C:/xampp/htdocs/default/marijuana.php' not found or unable to stat
[Wed Jul 19 21:53:49.633836 2023] [php:error] [pid 25996:tid 3472] [client 103.123.239.232:39122] script 'C:/xampp/htdocs/default/wp-login.php' not found or unable to stat
[Thu Jul 20 00:12:43.069763 2023] [php:error] [pid 25996:tid 3568] [client 103.74.253.151:41280] script 'C:/xampp/htdocs/default/wp-login.php' not found or unable to stat, referer: http://speedtest.fphosting.eu
[Thu Jul 20 00:12:43.908243 2023] [php:error] [pid 25996:tid 3568] [client 103.74.253.151:41292] script 'C:/xampp/htdocs/default/wp-login.php' not found or unable to stat, referer: http://blog.speedtest.fphosting.eu
[Thu Jul 20 00:38:29.486306 2023] [php:error] [pid 25996:tid 3316] [client 119.23.105.36:46886] script 'C:/xampp/htdocs/default/wp-login.php' not found or unable to stat, referer: http://system.fphosting.eu
[Thu Jul 20 00:38:30.404624 2023] [php:error] [pid 25996:tid 3316] [client 119.23.105.36:46958] script 'C:/xampp/htdocs/default/wp-login.php' not found or unable to stat, referer: http://blog.system.fphosting.eu
[Thu Jul 20 11:19:36.318439 2023] [php:error] [pid 25996:tid 3472] [client 36.139.82.70:41844] script 'C:/xampp/htdocs/default/wp-login.php' not found or unable to stat
[Thu Jul 20 16:31:06.677215 2023] [php:error] [pid 25996:tid 3472] [client 211.1.233.66:57194] script 'C:/xampp/htdocs/default/wp-login.php' not found or unable to stat
[Thu Jul 20 17:44:55.726500 2023] [php:error] [pid 25996:tid 3472] [client 82.165.184.76:55936] script 'C:/xampp/htdocs/default/wp-login.php' not found or unable to stat
[Thu Jul 20 18:10:14.948652 2023] [php:error] [pid 25996:tid 3332] [client 27.0.15.177:48872] script 'C:/xampp/htdocs/default/wp-login.php' not found or unable to stat
[Thu Jul 20 18:26:29.484422 2023] [php:error] [pid 25996:tid 3652] [client 177.55.118.163:43862] script 'C:/xampp/htdocs/default/wp-login.php' not found or unable to stat
[Thu Jul 20 19:28:56.580899 2023] [php:error] [pid 25996:tid 3472] [client 139.59.2.175:58876] script 'C:/xampp/htdocs/default/wp-login.php' not found or unable to stat
[Thu Jul 20 19:31:34.366308 2023] [php:error] [pid 25996:tid 3472] [client 139.59.2.175:53732] script 'C:/xampp/htdocs/default/wp-login.php' not found or unable to stat
[Thu Jul 20 20:10:33.888251 2023] [php:error] [pid 25996:tid 3684] [client 198.54.114.61:37136] script 'C:/xampp/htdocs/default/wp-login.php' not found or unable to stat
[Thu Jul 20 21:36:51.450419 2023] [php:error] [pid 25996:tid 3568] [client 37.187.74.49:39292] script 'C:/xampp/htdocs/default/wp-login.php' not found or unable to stat
[Thu Jul 20 23:02:21.110168 2023] [php:error] [pid 25996:tid 3568] [client 194.169.217.199:20065] script 'C:/xampp/htdocs/default/xmlrpc.php' not found or unable to stat
[Fri Jul 21 01:27:17.839715 2023] [php:error] [pid 25996:tid 3568] [client 206.189.17.132:40194] script 'C:/xampp/htdocs/default/1.php' not found or unable to stat
[Fri Jul 21 01:57:13.364131 2023] [php:error] [pid 25996:tid 3684] [client 66.249.76.108:38498] script 'C:/xampp/htdocs/default/license.php' not found or unable to stat
[Fri Jul 21 04:55:10.859955 2023] [php:error] [pid 25996:tid 3652] [client 121.4.238.122:46752] script 'C:/xampp/htdocs/default/wp-login.php' not found or unable to stat, referer: http://speedtest.fphosting.eu.prod.hosts.ooklaserver.net
[Fri Jul 21 09:08:53.001320 2023] [php:error] [pid 25996:tid 3512] [client 66.249.76.110:48991] script 'C:/xampp/htdocs/default/xmlrpz.php' not found or unable to stat
[Fri Jul 21 11:51:38.148073 2023] [authz_core:error] [pid 25996:tid 3472] [client 35.216.237.60:51224] AH01630: client denied by server configuration: C:/xampp/htdocs/default/server-status
[Fri Jul 21 11:51:38.337326 2023] [php:error] [pid 25996:tid 3472] [client 35.216.237.60:51254] script 'C:/xampp/htdocs/default/info.php' not found or unable to stat
[Fri Jul 21 12:41:31.594606 2023] [php:error] [pid 25996:tid 3472] [client 124.220.67.60:58680] script 'C:/xampp/htdocs/default/index.php' not found or unable to stat
[Fri Jul 21 12:41:31.825876 2023] [authz_core:error] [pid 25996:tid 3472] [client 124.220.67.60:58680] AH01630: client denied by server configuration: C:/xampp/phpMyAdmin/index.php
[Fri Jul 21 15:29:40.288704 2023] [cgi:error] [pid 25996:tid 3332] [client 3.8.40.73:57580] AH02811: script not found or unable to stat: C:/xampp/cgi-bin/login.cgi
[Fri Jul 21 16:30:52.388827 2023] [cgi:error] [pid 25996:tid 3568] [client 175.107.0.132:39449] AH02811: script not found or unable to stat: C:/xampp/htdocs/default/setup.cgi
[Fri Jul 21 17:01:07.484292 2023] [php:error] [pid 25996:tid 3652] [client 104.197.209.149:36180] script 'C:/xampp/htdocs/default/wp-login.php' not found or unable to stat
[Fri Jul 21 18:32:01.010484 2023] [php:error] [pid 25996:tid 3316] [client 68.178.145.31:52080] script 'C:/xampp/htdocs/default/wp-login.php' not found or unable to stat
[Fri Jul 21 18:43:38.510991 2023] [php:error] [pid 25996:tid 3316] [client 103.163.138.254:48958] script 'C:/xampp/htdocs/default/wp-login.php' not found or unable to stat
[Fri Jul 21 18:47:22.181206 2023] [php:error] [pid 25996:tid 3316] [client 68.178.148.129:34655] script 'C:/xampp/htdocs/default/wp-login.php' not found or unable to stat
[Fri Jul 21 18:48:29.190391 2023] [php:error] [pid 25996:tid 3316] [client 38.242.216.30:49450] script 'C:/xampp/htdocs/default/wp-login.php' not found or unable to stat
[Fri Jul 21 18:53:11.256899 2023] [php:error] [pid 25996:tid 3512] [client 178.128.40.163:48092] script 'C:/xampp/htdocs/default/wp-login.php' not found or unable to stat
[Fri Jul 21 19:40:42.584299 2023] [php:error] [pid 25996:tid 3684] [client 103.121.90.183:58996] script 'C:/xampp/htdocs/default/wp-login.php' not found or unable to stat
[Fri Jul 21 19:57:08.750686 2023] [php:error] [pid 25996:tid 3652] [client 59.11.214.75:55734] script 'C:/xampp/htdocs/default/wp-login.php' not found or unable to stat, referer: http://baze.fphosting.eu
[Fri Jul 21 19:57:10.252644 2023] [php:error] [pid 25996:tid 3652] [client 59.11.214.75:56466] script 'C:/xampp/htdocs/default/wp-login.php' not found or unable to stat, referer: http://blog.baze.fphosting.eu
[Fri Jul 21 20:15:09.209716 2023] [php:error] [pid 25996:tid 3652] [client 152.89.44.241:60082] script 'C:/xampp/htdocs/default/wp-login.php' not found or unable to stat
[Fri Jul 21 20:28:06.010062 2023] [php:error] [pid 25996:tid 3568] [client 208.109.75.198:15938] script 'C:/xampp/htdocs/default/wp-login.php' not found or unable to stat
[Fri Jul 21 20:49:01.755065 2023] [php:error] [pid 25996:tid 3332] [client 67.205.60.166:53358] script 'C:/xampp/htdocs/default/wp-login.php' not found or unable to stat
[Fri Jul 21 21:47:08.731609 2023] [php:error] [pid 25996:tid 3696] [client 159.223.48.65:58960] script 'C:/xampp/htdocs/default/wp-login.php' not found or unable to stat
[Fri Jul 21 22:42:59.203059 2023] [php:error] [pid 25996:tid 3568] [client 211.185.121.31:46020] script 'C:/xampp/htdocs/default/wp-login.php' not found or unable to stat, referer: http://ns3.fphosting.eu
[Fri Jul 21 22:43:00.848624 2023] [php:error] [pid 25996:tid 3568] [client 211.185.121.31:46194] script 'C:/xampp/htdocs/default/wp-login.php' not found or unable to stat, referer: http://blog.ns3.fphosting.eu
[Sat Jul 22 03:19:15.233870 2023] [php:error] [pid 25996:tid 3540] [client 45.86.202.216:11981] script 'C:/xampp/htdocs/default/xmlrpc.php' not found or unable to stat
[Sat Jul 22 04:48:10.514195 2023] [php:error] [pid 25996:tid 3724] [client 194.169.217.178:30479] script 'C:/xampp/htdocs/default/xmlrpc.php' not found or unable to stat
[Sat Jul 22 06:22:22.982495 2023] [php:error] [pid 25996:tid 3536] [client 192.42.116.178:41836] script 'C:/xampp/htdocs/default/wp-login.php' not found or unable to stat
[Sat Jul 22 07:39:30.652451 2023] [cgi:error] [pid 25996:tid 3724] [client 18.134.164.62:39230] AH02811: script not found or unable to stat: C:/xampp/cgi-bin/login.cgi
[Sun Jul 23 00:46:23.908699 2023] [php:error] [pid 25996:tid 3724] [client 124.226.219.47:51273] script 'C:/xampp/htdocs/default/wp-login.php' not found or unable to stat
[Sun Jul 23 02:10:44.118930 2023] [php:error] [pid 25996:tid 3540] [client 203.56.198.68:57014] script 'C:/xampp/htdocs/default/wp-login.php' not found or unable to stat
[Sun Jul 23 08:53:50.801722 2023] [php:error] [pid 25996:tid 3464] [client 116.0.21.1:44298] script 'C:/xampp/htdocs/default/style.php' not found or unable to stat
[Sun Jul 23 09:27:27.368435 2023] [php:error] [pid 25996:tid 3668] [client 64.227.30.80:50792] script 'C:/xampp/htdocs/default/wp-login.php' not found or unable to stat, referer: http://wiki.fphosting.eu
[Sun Jul 23 09:27:27.742413 2023] [php:error] [pid 25996:tid 3668] [client 64.227.30.80:50836] script 'C:/xampp/htdocs/default/wp-login.php' not found or unable to stat, referer: http://blog.wiki.fphosting.eu
[Sun Jul 23 11:57:57.726332 2023] [php:error] [pid 25996:tid 3464] [client 66.249.65.14:54944] script 'C:/xampp/htdocs/default/license.php' not found or unable to stat
[Sun Jul 23 14:12:50.859870 2023] [php:error] [pid 25996:tid 3276] [client 139.59.25.69:45444] script 'C:/xampp/htdocs/default/upl.php' not found or unable to stat
[Sun Jul 23 14:12:52.481940 2023] [php:error] [pid 25996:tid 3276] [client 139.59.25.69:45486] script 'C:/xampp/htdocs/default/1.php' not found or unable to stat
[Sun Jul 23 17:35:16.909480 2023] [php:error] [pid 25996:tid 3292] [client 59.11.214.75:46792] script 'C:/xampp/htdocs/default/wp-login.php' not found or unable to stat, referer: http://doma.fphosting.eu
[Sun Jul 23 17:35:18.369803 2023] [php:error] [pid 25996:tid 3292] [client 59.11.214.75:47678] script 'C:/xampp/htdocs/default/wp-login.php' not found or unable to stat, referer: http://blog.doma.fphosting.eu
[Sun Jul 23 19:03:44.019160 2023] [php:error] [pid 25996:tid 3404] [client 77.238.122.196:52490] script 'C:/xampp/htdocs/default/wp-login.php' not found or unable to stat
[Sun Jul 23 19:50:49.807536 2023] [php:error] [pid 25996:tid 3392] [client 159.65.56.249:56086] script 'C:/xampp/htdocs/default/upl.php' not found or unable to stat
[Sun Jul 23 19:50:50.145661 2023] [php:error] [pid 25996:tid 3392] [client 159.65.56.249:56140] script 'C:/xampp/htdocs/default/1.php' not found or unable to stat
[Mon Jul 24 01:35:29.356508 2023] [php:error] [pid 25996:tid 3464] [client 167.71.7.79:54350] script 'C:/xampp/htdocs/default/upl.php' not found or unable to stat
[Mon Jul 24 01:56:20.471241 2023] [php:error] [pid 25996:tid 3464] [client 85.92.117.230:59496] script 'C:/xampp/htdocs/default/wp-commentin.php' not found or unable to stat
[Mon Jul 24 01:56:20.471241 2023] [php:error] [pid 25996:tid 3404] [client 85.92.117.230:59497] script 'C:/xampp/htdocs/default/wp-cc.php' not found or unable to stat
[Mon Jul 24 01:58:43.902015 2023] [php:error] [pid 25996:tid 3404] [client 194.140.199.218:59392] script 'C:/xampp/htdocs/default/index.php' not found or unable to stat
[Mon Jul 24 02:09:04.278847 2023] [php:error] [pid 25996:tid 3404] [client 90.156.169.128:59692] script 'C:/xampp/htdocs/default/wp-commentin.php' not found or unable to stat
[Mon Jul 24 02:09:04.279353 2023] [php:error] [pid 25996:tid 3464] [client 90.156.169.128:59694] script 'C:/xampp/htdocs/default/wp-cc.php' not found or unable to stat
[Mon Jul 24 02:15:37.225163 2023] [php:error] [pid 25996:tid 3464] [client 85.92.117.230:7040] script 'C:/xampp/htdocs/default/wp-commentin.php' not found or unable to stat
[Mon Jul 24 02:15:37.225163 2023] [php:error] [pid 25996:tid 3404] [client 85.92.117.230:7041] script 'C:/xampp/htdocs/default/wp-cc.php' not found or unable to stat
[Mon Jul 24 02:18:20.421910 2023] [php:error] [pid 25996:tid 3404] [client 51.77.215.106:36000] script 'C:/xampp/htdocs/default/wp-commentin.php' not found or unable to stat
[Mon Jul 24 02:18:20.421910 2023] [php:error] [pid 25996:tid 3464] [client 51.77.215.106:36002] script 'C:/xampp/htdocs/default/wp-cc.php' not found or unable to stat
[Mon Jul 24 05:42:44.722543 2023] [php:error] [pid 25996:tid 3540] [client 64.227.30.80:40094] script 'C:/xampp/htdocs/default/wp-login.php' not found or unable to stat, referer: http://panel.fphosting.eu
[Mon Jul 24 05:42:45.100690 2023] [php:error] [pid 25996:tid 3540] [client 64.227.30.80:40126] script 'C:/xampp/htdocs/default/wp-login.php' not found or unable to stat, referer: http://blog.panel.fphosting.eu
[Mon Jul 24 12:25:48.704651 2023] [cgi:error] [pid 25996:tid 3628] [client 112.238.184.141:60167] AH02811: script not found or unable to stat: C:/xampp/htdocs/default/setup.cgi
[Mon Jul 24 17:52:26.928748 2023] [php:error] [pid 25996:tid 3392] [client 138.68.161.222:33780] script 'C:/xampp/htdocs/default/1.php' not found or unable to stat
[Mon Jul 24 17:58:33.140666 2023] [php:error] [pid 25996:tid 3612] [client 144.126.211.252:51062] script 'C:/xampp/htdocs/default/wp-login.php' not found or unable to stat
[Mon Jul 24 18:20:09.510523 2023] [php:error] [pid 25996:tid 3628] [client 1.14.66.207:56831] script 'C:/xampp/htdocs/default/wp-login.php' not found or unable to stat
[Mon Jul 24 19:56:16.940650 2023] [php:error] [pid 25996:tid 3488] [client 184.171.250.244:45696] script 'C:/xampp/htdocs/default/wp-login.php' not found or unable to stat
[Mon Jul 24 20:19:54.276082 2023] [php:error] [pid 25996:tid 3676] [client 78.135.77.132:34994] script 'C:/xampp/htdocs/default/wp-login.php' not found or unable to stat
[Mon Jul 24 21:39:52.315856 2023] [php:error] [pid 25996:tid 3392] [client 45.200.120.231:56916] script 'C:/xampp/htdocs/default/wp-login.php' not found or unable to stat
[Mon Jul 24 22:34:21.449352 2023] [php:error] [pid 25996:tid 3676] [client 34.64.218.102:60046] script 'C:/xampp/htdocs/default/wp-login.php' not found or unable to stat
[Mon Jul 24 23:20:52.781645 2023] [php:error] [pid 25996:tid 3292] [client 66.249.70.69:57410] script 'C:/xampp/htdocs/default/xmlrpz.php' not found or unable to stat
[Mon Jul 24 23:39:18.761962 2023] [php:error] [pid 25996:tid 3676] [client 161.35.153.109:55256] script 'C:/xampp/htdocs/default/upl.php' not found or unable to stat
[Tue Jul 25 02:19:43.584699 2023] [php:error] [pid 25996:tid 3724] [client 203.25.219.38:61291] script 'C:/xampp/htdocs/default/wp-login.php' not found or unable to stat
[Tue Jul 25 03:43:35.616947 2023] [php:error] [pid 25996:tid 3724] [client 5.189.130.31:41898] script 'C:/xampp/htdocs/default/wp-login.php' not found or unable to stat
[Tue Jul 25 04:00:48.961899 2023] [php:error] [pid 25996:tid 3724] [client 162.215.214.86:52562] script 'C:/xampp/htdocs/default/wp-login.php' not found or unable to stat
[Tue Jul 25 05:23:31.331318 2023] [php:error] [pid 25996:tid 3384] [client 206.189.25.64:46474] script 'C:/xampp/htdocs/default/1.php' not found or unable to stat
[Tue Jul 25 06:29:51.560037 2023] [php:error] [pid 25996:tid 3396] [client 82.180.174.36:58868] script 'C:/xampp/htdocs/default/wp-commentin.php' not found or unable to stat
[Tue Jul 25 06:29:51.562100 2023] [php:error] [pid 25996:tid 3696] [client 82.180.174.36:58870] script 'C:/xampp/htdocs/default/wp-cc.php' not found or unable to stat
[Tue Jul 25 07:24:48.172695 2023] [php:error] [pid 25996:tid 3696] [client 172.177.185.103:61996] script 'C:/xampp/htdocs/default/xmlrpc.php' not found or unable to stat
[Tue Jul 25 07:25:33.167097 2023] [php:error] [pid 25996:tid 3696] [client 90.156.169.128:12068] script 'C:/xampp/htdocs/default/wp-cc.php' not found or unable to stat
[Tue Jul 25 07:25:33.168095 2023] [php:error] [pid 25996:tid 3396] [client 90.156.169.128:12066] script 'C:/xampp/htdocs/default/wp-commentin.php' not found or unable to stat
[Tue Jul 25 07:47:06.704499 2023] [cgi:error] [pid 25996:tid 3440] [client 18.135.96.175:50486] AH02811: script not found or unable to stat: C:/xampp/cgi-bin/login.cgi
[Tue Jul 25 07:54:59.197294 2023] [php:error] [pid 25996:tid 3652] [client 159.223.173.153:37762] script 'C:/xampp/htdocs/default/wp-login.php' not found or unable to stat, referer: http://email.fphosting.eu
[Tue Jul 25 07:54:59.584228 2023] [php:error] [pid 25996:tid 3652] [client 159.223.173.153:37816] script 'C:/xampp/htdocs/default/wp-login.php' not found or unable to stat, referer: http://blog.email.fphosting.eu
[Tue Jul 25 15:31:38.440387 2023] [php:error] [pid 25996:tid 3652] [client 195.170.172.138:59678] script 'C:/xampp/htdocs/default/wp-login.php' not found or unable to stat
[Tue Jul 25 17:38:47.234291 2023] [php:error] [pid 25996:tid 3652] [client 27.111.82.74:59931] script 'C:/xampp/htdocs/default/wp-login.php' not found or unable to stat
[Tue Jul 25 22:02:09.590622 2023] [php:error] [pid 25996:tid 3696] [client 170.64.175.85:56470] script 'C:/xampp/htdocs/default/upl.php' not found or unable to stat
[Tue Jul 25 23:10:55.040191 2023] [php:error] [pid 25996:tid 3420] [client 151.106.32.107:58280] script 'C:/xampp/htdocs/default/wp-login.php' not found or unable to stat
[Wed Jul 26 00:55:12.236274 2023] [cgi:error] [pid 25996:tid 3420] [client 18.170.74.132:52662] AH02811: script not found or unable to stat: C:/xampp/cgi-bin/login.cgi
[Wed Jul 26 01:55:01.735841 2023] [php:error] [pid 25996:tid 3488] [client 179.43.191.162:48008] script 'C:/xampp/htdocs/default/info.php' not found or unable to stat
[Wed Jul 26 02:30:49.959621 2023] [php:error] [pid 25996:tid 3488] [client 172.177.185.103:52442] script 'C:/xampp/htdocs/default/xmlrpc.php' not found or unable to stat
[Wed Jul 26 02:49:06.937445 2023] [php:error] [pid 25996:tid 3420] [client 84.17.35.107:32826] script 'C:/xampp/htdocs/default/login.php' not found or unable to stat
[Wed Jul 26 04:21:04.273548 2023] [php:error] [pid 25996:tid 3456] [client 84.17.35.107:49384] script 'C:/xampp/htdocs/default/login.php' not found or unable to stat
[Wed Jul 26 08:50:18.451863 2023] [php:error] [pid 25996:tid 3636] [client 84.17.35.107:46286] script 'C:/xampp/htdocs/default/register.php' not found or unable to stat
[Wed Jul 26 15:18:22.000845 2023] [php:error] [pid 25996:tid 3568] [client 165.22.83.74:60544] script 'C:/xampp/htdocs/default/1.php' not found or unable to stat
[Wed Jul 26 16:36:25.866455 2023] [php:error] [pid 25996:tid 3384] [client 93.113.111.193:51004] script 'C:/xampp/htdocs/default/wp-login.php' not found or unable to stat
[Wed Jul 26 17:35:01.844915 2023] [php:error] [pid 25996:tid 3568] [client 103.186.185.205:54184] script 'C:/xampp/htdocs/default/wp-login.php' not found or unable to stat
[Wed Jul 26 17:59:50.350674 2023] [php:error] [pid 25996:tid 3464] [client 78.135.77.132:52280] script 'C:/xampp/htdocs/default/wp-login.php' not found or unable to stat
[Wed Jul 26 18:12:24.629280 2023] [php:error] [pid 25996:tid 3464] [client 43.255.152.15:48328] script 'C:/xampp/htdocs/default/wp-login.php' not found or unable to stat
[Wed Jul 26 18:18:01.049944 2023] [php:error] [pid 25996:tid 3464] [client 185.220.175.9:33096] script 'C:/xampp/htdocs/default/wp-login.php' not found or unable to stat
[Wed Jul 26 18:18:51.112034 2023] [php:error] [pid 25996:tid 3696] [client 114.55.170.111:60672] script 'C:/xampp/htdocs/default/wp-login.php' not found or unable to stat
[Wed Jul 26 18:24:30.766974 2023] [php:error] [pid 25996:tid 3696] [client 103.171.180.58:43976] script 'C:/xampp/htdocs/default/wp-login.php' not found or unable to stat
[Wed Jul 26 20:15:43.195362 2023] [php:error] [pid 25996:tid 3696] [client 68.178.145.14:38840] script 'C:/xampp/htdocs/default/wp-login.php' not found or unable to stat
[Wed Jul 26 20:40:19.034154 2023] [php:error] [pid 25996:tid 3696] [client 89.46.91.87:37186] script 'C:/xampp/htdocs/default/wp-login.php' not found or unable to stat
[Wed Jul 26 21:09:17.435907 2023] [php:error] [pid 25996:tid 3384] [client 188.166.70.200:53314] script 'C:/xampp/htdocs/default/upl.php' not found or unable to stat
[Wed Jul 26 21:23:51.706581 2023] [php:error] [pid 25996:tid 3488] [client 144.217.158.211:43922] script 'C:/xampp/htdocs/default/wp-login.php' not found or unable to stat
[Wed Jul 26 23:34:45.355539 2023] [php:error] [pid 25996:tid 3384] [client 5.189.130.31:34782] script 'C:/xampp/htdocs/default/wp-login.php' not found or unable to stat
[Thu Jul 27 00:03:41.722172 2023] [php:error] [pid 25996:tid 3676] [client 192.42.116.192:50998] script 'C:/xampp/htdocs/default/wp-login.php' not found or unable to stat
[Thu Jul 27 09:46:45.574457 2023] [authz_core:error] [pid 25996:tid 3644] [client 139.144.150.23:49782] AH01630: client denied by server configuration: C:/xampp/htdocs/default/server-status
[Thu Jul 27 18:32:07.686788 2023] [php:error] [pid 25996:tid 3488] [client 8.218.75.158:42506] script 'C:/xampp/htdocs/default/wp-login.php' not found or unable to stat
[Thu Jul 27 18:40:36.691260 2023] [php:error] [pid 25996:tid 3488] [client 18.235.68.8:40482] script 'C:/xampp/htdocs/default/style.php' not found or unable to stat
[Thu Jul 27 18:47:28.883165 2023] [php:error] [pid 25996:tid 3488] [client 18.235.68.8:35588] script 'C:/xampp/htdocs/default/style.php' not found or unable to stat
[Thu Jul 27 18:47:34.443205 2023] [php:error] [pid 25996:tid 3644] [client 202.61.232.82:43754] script 'C:/xampp/htdocs/default/style.php' not found or unable to stat
[Thu Jul 27 18:47:47.635631 2023] [php:error] [pid 25996:tid 3644] [client 202.61.232.82:53710] script 'C:/xampp/htdocs/default/style.php' not found or unable to stat
[Thu Jul 27 18:54:20.114768 2023] [php:error] [pid 25996:tid 3488] [client 202.61.232.82:35338] script 'C:/xampp/htdocs/default/style.php' not found or unable to stat
[Thu Jul 27 18:54:20.432755 2023] [php:error] [pid 25996:tid 3644] [client 202.61.232.82:35700] script 'C:/xampp/htdocs/default/style.php' not found or unable to stat
[Thu Jul 27 18:54:45.411478 2023] [php:error] [pid 25996:tid 3488] [client 202.61.232.82:53336] script 'C:/xampp/htdocs/default/style.php' not found or unable to stat
[Thu Jul 27 18:55:30.208192 2023] [php:error] [pid 25996:tid 3488] [client 202.61.232.82:60416] script 'C:/xampp/htdocs/default/style.php' not found or unable to stat
[Thu Jul 27 18:58:12.213847 2023] [php:error] [pid 25996:tid 3488] [client 202.61.232.82:37962] script 'C:/xampp/htdocs/default/style.php' not found or unable to stat
[Thu Jul 27 19:00:38.206225 2023] [php:error] [pid 25996:tid 3488] [client 202.61.232.82:45590] script 'C:/xampp/htdocs/default/style.php' not found or unable to stat
[Thu Jul 27 19:05:27.683631 2023] [php:error] [pid 25996:tid 3488] [client 202.61.232.82:56398] script 'C:/xampp/htdocs/default/style.php' not found or unable to stat
[Thu Jul 27 19:05:36.581224 2023] [php:error] [pid 25996:tid 3488] [client 202.61.232.82:34916] script 'C:/xampp/htdocs/default/style.php' not found or unable to stat
[Thu Jul 27 19:05:37.026008 2023] [php:error] [pid 25996:tid 3644] [client 202.61.232.82:35242] script 'C:/xampp/htdocs/default/style.php' not found or unable to stat
[Thu Jul 27 19:08:44.662506 2023] [php:error] [pid 25996:tid 3644] [client 202.61.232.82:44862] script 'C:/xampp/htdocs/default/style.php' not found or unable to stat
[Thu Jul 27 19:31:31.988721 2023] [php:error] [pid 25996:tid 3644] [client 45.93.100.91:45642] script 'C:/xampp/htdocs/default/wp-login.php' not found or unable to stat
[Thu Jul 27 19:41:56.727764 2023] [php:error] [pid 25996:tid 3456] [client 124.158.12.83:55334] script 'C:/xampp/htdocs/default/wp-login.php' not found or unable to stat
[Thu Jul 27 20:13:44.580406 2023] [php:error] [pid 25996:tid 3644] [client 143.110.250.44:38070] script 'C:/xampp/htdocs/default/wp-login.php' not found or unable to stat
[Thu Jul 27 20:30:05.042655 2023] [php:error] [pid 25996:tid 3644] [client 5.188.210.227:47504] script 'C:/xampp/htdocs/default/echo.php' not found or unable to stat, referer: https://www.google.com/
[Thu Jul 27 20:32:58.407352 2023] [php:error] [pid 25996:tid 3644] [client 163.172.110.225:58146] script 'C:/xampp/htdocs/default/wp-login.php' not found or unable to stat
[Thu Jul 27 21:46:18.877376 2023] [php:error] [pid 25996:tid 3568] [client 104.254.247.33:38560] script 'C:/xampp/htdocs/default/wp-login.php' not found or unable to stat
[Thu Jul 27 21:50:10.359159 2023] [php:error] [pid 25996:tid 3696] [client 45.130.104.194:42600] script 'C:/xampp/htdocs/default/wp-login.php' not found or unable to stat
[Thu Jul 27 23:11:34.641293 2023] [php:error] [pid 25996:tid 3676] [client 77.238.122.196:44480] script 'C:/xampp/htdocs/default/wp-login.php' not found or unable to stat
[Fri Jul 28 03:57:34.713894 2023] [php:error] [pid 25996:tid 3456] [client 153.92.210.106:54184] script 'C:/xampp/htdocs/default/wp-login.php' not found or unable to stat
[Fri Jul 28 08:24:27.843908 2023] [php:error] [pid 25996:tid 3644] [client 103.179.0.135:1870] script 'C:/xampp/htdocs/default/xmlrpc.php' not found or unable to stat
[Fri Jul 28 09:50:09.079911 2023] [php:error] [pid 25996:tid 3488] [client 162.247.74.213:46714] script 'C:/xampp/htdocs/default/wp-login.php' not found or unable to stat
[Fri Jul 28 13:23:31.778435 2023] [php:error] [pid 25996:tid 3696] [client 134.209.153.11:52820] script 'C:/xampp/htdocs/default/1.php' not found or unable to stat
[Fri Jul 28 14:28:05.531590 2023] [php:error] [pid 25996:tid 3456] [client 188.235.134.212:54594] script 'C:/xampp/htdocs/default/style.php' not found or unable to stat
[Fri Jul 28 17:48:33.871174 2023] [php:error] [pid 25996:tid 3496] [client 68.178.145.51:21561] script 'C:/xampp/htdocs/default/wp-login.php' not found or unable to stat
[Fri Jul 28 18:13:23.853375 2023] [php:error] [pid 25996:tid 3420] [client 104.248.241.28:43896] script 'C:/xampp/htdocs/default/wp-login.php' not found or unable to stat
[Fri Jul 28 19:13:30.422808 2023] [php:error] [pid 25996:tid 3696] [client 159.65.10.147:45798] script 'C:/xampp/htdocs/default/upl.php' not found or unable to stat
[Fri Jul 28 19:13:32.213451 2023] [php:error] [pid 25996:tid 3696] [client 159.65.10.147:38994] script 'C:/xampp/htdocs/default/1.php' not found or unable to stat
[Fri Jul 28 21:35:18.721503 2023] [php:error] [pid 25996:tid 3472] [client 135.125.197.48:46628] script 'C:/xampp/htdocs/default/wp-login.php' not found or unable to stat
[Fri Jul 28 22:48:59.681653 2023] [php:error] [pid 25996:tid 3652] [client 193.3.231.146:46034] script 'C:/xampp/htdocs/default/wp-login.php' not found or unable to stat
[Fri Jul 28 23:27:28.346643 2023] [php:error] [pid 25996:tid 3420] [client 184.168.117.19:62069] script 'C:/xampp/htdocs/default/wp-login.php' not found or unable to stat
[Fri Jul 28 23:44:39.793689 2023] [php:error] [pid 25996:tid 3652] [client 211.1.233.66:46172] script 'C:/xampp/htdocs/default/wp-login.php' not found or unable to stat
[Fri Jul 28 23:48:10.861031 2023] [php:error] [pid 25996:tid 3652] [client 185.200.240.65:47052] script 'C:/xampp/htdocs/default/wp-login.php' not found or unable to stat
[Sat Jul 29 00:06:07.051449 2023] [php:error] [pid 25996:tid 3568] [client 185.200.240.65:57964] script 'C:/xampp/htdocs/default/wp-login.php' not found or unable to stat
[Sat Jul 29 01:01:08.516634 2023] [php:error] [pid 25996:tid 3668] [client 64.227.66.46:56898] script 'C:/xampp/htdocs/default/upl.php' not found or unable to stat
[Sat Jul 29 01:01:08.884014 2023] [php:error] [pid 25996:tid 3668] [client 64.227.66.46:56952] script 'C:/xampp/htdocs/default/1.php' not found or unable to stat
[Sat Jul 29 04:15:16.779478 2023] [php:error] [pid 25996:tid 3668] [client 59.11.214.75:38422] script 'C:/xampp/htdocs/default/wp-login.php' not found or unable to stat, referer: http://emily.fphosting.eu
[Sat Jul 29 04:15:18.249169 2023] [php:error] [pid 25996:tid 3668] [client 59.11.214.75:39068] script 'C:/xampp/htdocs/default/wp-login.php' not found or unable to stat, referer: http://blog.emily.fphosting.eu
[Sat Jul 29 06:19:48.419267 2023] [php:error] [pid 25996:tid 3536] [client 121.4.238.122:49036] script 'C:/xampp/htdocs/default/wp-login.php' not found or unable to stat, referer: http://fphosting.eu
[Sat Jul 29 06:19:49.455951 2023] [php:error] [pid 25996:tid 3536] [client 121.4.238.122:49132] script 'C:/xampp/htdocs/default/wp-login.php' not found or unable to stat, referer: http://blog.fphosting.eu
[Sat Jul 29 17:43:34.873532 2023] [php:error] [pid 25996:tid 3676] [client 170.64.177.113:39426] script 'C:/xampp/htdocs/default/upl.php' not found or unable to stat
[Sat Jul 29 17:43:38.004172 2023] [php:error] [pid 25996:tid 3676] [client 170.64.177.113:39480] script 'C:/xampp/htdocs/default/1.php' not found or unable to stat
[Sat Jul 29 20:01:58.762360 2023] [php:error] [pid 25996:tid 3472] [client 80.251.219.111:37218] script 'C:/xampp/htdocs/default/wp-login.php' not found or unable to stat
[Sat Jul 29 22:23:48.886124 2023] [php:error] [pid 25996:tid 3536] [client 170.64.191.68:55584] script 'C:/xampp/htdocs/default/1.php' not found or unable to stat
[Sun Jul 30 09:31:01.057444 2023] [php:error] [pid 25996:tid 3644] [client 188.166.209.168:50334] script 'C:/xampp/htdocs/default/1.php' not found or unable to stat
[Sun Jul 30 16:15:39.855532 2023] [php:error] [pid 25996:tid 3456] [client 35.221.143.234:56734] script 'C:/xampp/htdocs/default/wp-login.php' not found or unable to stat, referer: http://forum.fphosting.eu
[Sun Jul 30 16:15:40.610987 2023] [php:error] [pid 25996:tid 3456] [client 35.221.143.234:56842] script 'C:/xampp/htdocs/default/wp-login.php' not found or unable to stat, referer: http://blog.forum.fphosting.eu
[Sun Jul 30 21:10:39.784948 2023] [php:error] [pid 25996:tid 3696] [client 134.122.5.88:56642] script 'C:/xampp/htdocs/default/wp-login.php' not found or unable to stat
[Sun Jul 30 21:11:22.376216 2023] [php:error] [pid 25996:tid 3276] [client 138.68.24.55:52990] script 'C:/xampp/htdocs/default/upl.php' not found or unable to stat
[Sun Jul 30 21:11:24.191340 2023] [php:error] [pid 25996:tid 3276] [client 138.68.24.55:53040] script 'C:/xampp/htdocs/default/1.php' not found or unable to stat
[Sun Jul 30 21:46:08.205850 2023] [php:error] [pid 25996:tid 3316] [client 167.71.44.183:38008] script 'C:/xampp/htdocs/default/wp-login.php' not found or unable to stat, referer: http://tv.fphosting.eu
[Sun Jul 30 21:46:08.262837 2023] [php:error] [pid 25996:tid 3316] [client 167.71.44.183:38014] script 'C:/xampp/htdocs/default/wp-login.php' not found or unable to stat, referer: http://blog.tv.fphosting.eu
[Sun Jul 30 23:20:23.137271 2023] [php:error] [pid 25996:tid 3572] [client 208.97.186.101:60662] script 'C:/xampp/htdocs/default/wp-login.php' not found or unable to stat
[Mon Jul 31 01:27:35.640479 2023] [core:error] [pid 25996:tid 3472] (20024)The given path is misformatted or contained invalid characters: [client 186.6.100.16:52621] AH00127: Cannot map GET /error.log"%20jsname="ACyKwe HTTP/1.1 to file
[Mon Jul 31 01:27:36.544730 2023] [core:error] [pid 25996:tid 3472] (20024)The given path is misformatted or contained invalid characters: [client 186.6.100.16:52655] AH00127: Cannot map GET /error.log"%20jsname="ACyKwe'[0] HTTP/1.1 to file
[Mon Jul 31 05:40:34.076727 2023] [cgi:error] [pid 25996:tid 3324] [client 89.166.51.61:33787] AH02811: script not found or unable to stat: C:/xampp/htdocs/default/mt-xmlrpc.cgi
[Mon Jul 31 05:40:44.163933 2023] [cgi:error] [pid 25996:tid 3324] [client 89.166.51.61:33881] AH02811: script not found or unable to stat: C:/xampp/htdocs/default/mt-xmlrpc.cgi
[Mon Jul 31 05:40:54.250217 2023] [cgi:error] [pid 25996:tid 3324] [client 89.166.51.61:33980] AH02811: script not found or unable to stat: C:/xampp/htdocs/default/mt-xmlrpc.cgi
[Mon Jul 31 05:41:04.337236 2023] [cgi:error] [pid 25996:tid 3324] [client 89.166.51.61:34074] AH02811: script not found or unable to stat: C:/xampp/htdocs/default/mt-xmlrpc.cgi
[Mon Jul 31 05:41:14.463520 2023] [cgi:error] [pid 25996:tid 3324] [client 89.166.51.61:34167] AH02811: script not found or unable to stat: C:/xampp/htdocs/default/mt-xmlrpc.cgi
[Mon Jul 31 05:41:24.589121 2023] [cgi:error] [pid 25996:tid 3324] [client 89.166.51.61:34264] AH02811: script not found or unable to stat: C:/xampp/htdocs/default/mt-xmlrpc.cgi
[Mon Jul 31 05:41:34.714089 2023] [cgi:error] [pid 25996:tid 3324] [client 89.166.51.61:34366] AH02811: script not found or unable to stat: C:/xampp/htdocs/default/mt-xmlrpc.cgi
[Mon Jul 31 05:41:44.839855 2023] [php:error] [pid 25996:tid 3324] [client 89.166.51.61:34459] script 'C:/xampp/htdocs/default/index2.php' not found or unable to stat
[Mon Jul 31 05:41:54.925044 2023] [php:error] [pid 25996:tid 3324] [client 89.166.51.61:34550] script 'C:/xampp/htdocs/default/index2.php' not found or unable to stat
[Mon Jul 31 05:42:05.009965 2023] [php:error] [pid 25996:tid 3324] [client 89.166.51.61:34651] script 'C:/xampp/htdocs/default/.libs.php' not found or unable to stat
[Mon Jul 31 05:42:15.096404 2023] [cgi:error] [pid 25996:tid 3464] [client 89.166.51.61:34752] AH02811: script not found or unable to stat: C:/xampp/htdocs/default/index2.php.cgi
[Mon Jul 31 05:42:25.182993 2023] [cgi:error] [pid 25996:tid 3324] [client 89.166.51.61:34845] AH02811: script not found or unable to stat: C:/xampp/htdocs/default/index2.php.cgi
[Mon Jul 31 05:42:35.268779 2023] [cgi:error] [pid 25996:tid 3324] [client 89.166.51.61:34946] AH02811: script not found or unable to stat: C:/xampp/cgi-bin/mt
[Mon Jul 31 05:42:45.354438 2023] [cgi:error] [pid 25996:tid 3324] [client 89.166.51.61:35057] AH02811: script not found or unable to stat: C:/xampp/cgi-bin/mt
[Mon Jul 31 05:42:55.440210 2023] [cgi:error] [pid 25996:tid 3324] [client 89.166.51.61:35165] AH02811: script not found or unable to stat: C:/xampp/cgi-bin/mt
[Mon Jul 31 05:43:05.526299 2023] [cgi:error] [pid 25996:tid 3324] [client 89.166.51.61:35273] AH02811: script not found or unable to stat: C:/xampp/cgi-bin/mt
[Mon Jul 31 05:43:15.652100 2023] [cgi:error] [pid 25996:tid 3324] [client 89.166.51.61:35377] AH02811: script not found or unable to stat: C:/xampp/cgi-bin/mt
[Mon Jul 31 05:43:25.779144 2023] [cgi:error] [pid 25996:tid 3324] [client 89.166.51.61:35486] AH02811: script not found or unable to stat: C:/xampp/cgi-bin/mt
[Mon Jul 31 05:43:35.903765 2023] [cgi:error] [pid 25996:tid 3324] [client 89.166.51.61:35587] AH02811: script not found or unable to stat: C:/xampp/cgi-bin/mt
[Mon Jul 31 05:43:46.030624 2023] [cgi:error] [pid 25996:tid 3324] [client 89.166.51.61:35688] AH02811: script not found or unable to stat: C:/xampp/cgi-bin/mt
[Mon Jul 31 05:43:56.116058 2023] [php:error] [pid 25996:tid 3324] [client 89.166.51.61:35787] script 'C:/xampp/htdocs/default/index2.php' not found or unable to stat
[Mon Jul 31 05:44:06.203510 2023] [php:error] [pid 25996:tid 3324] [client 89.166.51.61:35883] script 'C:/xampp/htdocs/default/.libs.php' not found or unable to stat
[Mon Jul 31 05:44:16.289920 2023] [cgi:error] [pid 25996:tid 3324] [client 89.166.51.61:35982] AH02811: script not found or unable to stat: C:/xampp/cgi-bin/mt
[Mon Jul 31 05:44:26.375571 2023] [cgi:error] [pid 25996:tid 3324] [client 89.166.51.61:36079] AH02811: script not found or unable to stat: C:/xampp/htdocs/default/index2.php.cgi
[Mon Jul 31 05:44:36.461968 2023] [cgi:error] [pid 25996:tid 3324] [client 89.166.51.61:36186] AH02811: script not found or unable to stat: C:/xampp/cgi-bin/mt
[Mon Jul 31 05:44:46.549034 2023] [cgi:error] [pid 25996:tid 3324] [client 89.166.51.61:36287] AH02811: script not found or unable to stat: C:/xampp/cgi-bin/mt
[Mon Jul 31 05:44:56.634294 2023] [cgi:error] [pid 25996:tid 3324] [client 89.166.51.61:36383] AH02811: script not found or unable to stat: C:/xampp/cgi-bin/mt
[Mon Jul 31 05:45:06.719259 2023] [cgi:error] [pid 25996:tid 3324] [client 89.166.51.61:36477] AH02811: script not found or unable to stat: C:/xampp/cgi-bin/mt
[Mon Jul 31 05:45:16.844820 2023] [cgi:error] [pid 25996:tid 3324] [client 89.166.51.61:36578] AH02811: script not found or unable to stat: C:/xampp/cgi-bin/mt
[Mon Jul 31 05:45:26.970040 2023] [cgi:error] [pid 25996:tid 3324] [client 89.166.51.61:36679] AH02811: script not found or unable to stat: C:/xampp/cgi-bin/mt
[Mon Jul 31 05:45:37.097113 2023] [cgi:error] [pid 25996:tid 3324] [client 89.166.51.61:36777] AH02811: script not found or unable to stat: C:/xampp/cgi-bin/mt
[Mon Jul 31 05:45:47.223089 2023] [cgi:error] [pid 25996:tid 3324] [client 89.166.51.61:36876] AH02811: script not found or unable to stat: C:/xampp/cgi-bin/mt
[Mon Jul 31 05:45:57.308982 2023] [php:error] [pid 25996:tid 3324] [client 89.166.51.61:36973] script 'C:/xampp/htdocs/default/index2.php' not found or unable to stat
[Mon Jul 31 05:46:07.394422 2023] [php:error] [pid 25996:tid 3324] [client 89.166.51.61:37059] script 'C:/xampp/htdocs/default/.libs.php' not found or unable to stat
[Mon Jul 31 05:46:17.479872 2023] [cgi:error] [pid 25996:tid 3324] [client 89.166.51.61:37161] AH02811: script not found or unable to stat: C:/xampp/cgi-bin/mt
[Mon Jul 31 05:46:27.565521 2023] [cgi:error] [pid 25996:tid 3324] [client 89.166.51.61:37256] AH02811: script not found or unable to stat: C:/xampp/htdocs/default/index2.php.cgi
[Mon Jul 31 12:22:30.529897 2023] [php:error] [pid 25996:tid 3636] [client 89.187.168.99:63345] script 'C:/xampp/htdocs/default/archivarix.cms.php' not found or unable to stat
[Mon Jul 31 18:26:23.646265 2023] [php:error] [pid 25996:tid 3572] [client 38.97.116.244:43622] script 'C:/xampp/htdocs/default/wp-login.php' not found or unable to stat
[Mon Jul 31 20:09:55.156258 2023] [php:error] [pid 25996:tid 3696] [client 198.54.126.44:38632] script 'C:/xampp/htdocs/default/wp-login.php' not found or unable to stat
[Mon Jul 31 23:09:26.019559 2023] [php:error] [pid 25996:tid 3396] [client 148.72.232.145:52921] script 'C:/xampp/htdocs/default/wp-login.php' not found or unable to stat
[Tue Aug 01 00:48:22.934576 2023] [php:error] [pid 25996:tid 3396] [client 189.126.206.157:51774] script 'C:/xampp/htdocs/default/wp-login.php' not found or unable to stat
[Tue Aug 01 03:43:06.319061 2023] [php:error] [pid 25996:tid 3396] [client 212.227.149.137:44816] script 'C:/xampp/htdocs/default/wp-login.php' not found or unable to stat
[Tue Aug 01 03:44:38.843728 2023] [php:error] [pid 25996:tid 3396] [client 47.113.177.223:52132] script 'C:/xampp/htdocs/default/index.php' not found or unable to stat
[Tue Aug 01 03:44:39.066910 2023] [authz_core:error] [pid 25996:tid 3396] [client 47.113.177.223:52132] AH01630: client denied by server configuration: C:/xampp/phpMyAdmin/index.php
[Tue Aug 01 03:53:27.660997 2023] [php:error] [pid 25996:tid 3396] [client 68.178.148.41:58921] script 'C:/xampp/htdocs/default/wp-login.php' not found or unable to stat
[Tue Aug 01 11:06:58.429720 2023] [php:error] [pid 25996:tid 3668] [client 103.114.105.248:55440] script 'C:/xampp/htdocs/default/xmlrpc.php' not found or unable to stat
[Tue Aug 01 11:56:48.437622 2023] [php:error] [pid 25996:tid 3276] [client 203.56.198.205:55001] script 'C:/xampp/htdocs/default/wp-login.php' not found or unable to stat
[Tue Aug 01 15:58:48.474025 2023] [php:error] [pid 25996:tid 3668] [client 5.188.87.37:58488] script 'C:/xampp/htdocs/default/wp-login.php' not found or unable to stat
[Tue Aug 01 16:57:35.914827 2023] [php:error] [pid 25996:tid 3384] [client 50.62.141.179:25901] script 'C:/xampp/htdocs/default/wp-login.php' not found or unable to stat
[Tue Aug 01 19:26:25.227423 2023] [php:error] [pid 25996:tid 3384] [client 5.188.87.37:41130] script 'C:/xampp/htdocs/default/wp-login.php' not found or unable to stat
[Tue Aug 01 20:09:45.573897 2023] [php:error] [pid 25996:tid 3384] [client 209.59.160.62:45568] script 'C:/xampp/htdocs/default/wp-login.php' not found or unable to stat
[Tue Aug 01 20:49:07.080519 2023] [php:error] [pid 25996:tid 3556] [client 5.188.87.37:50772] script 'C:/xampp/htdocs/default/wp-login.php' not found or unable to stat
[Tue Aug 01 21:41:21.293191 2023] [php:error] [pid 25996:tid 3556] [client 5.188.87.37:36252] script 'C:/xampp/htdocs/default/wp-login.php' not found or unable to stat
[Wed Aug 02 00:19:15.053592 2023] [php:error] [pid 25996:tid 3604] [client 177.55.118.104:35068] script 'C:/xampp/htdocs/default/wp-login.php' not found or unable to stat
[Wed Aug 02 01:30:29.687435 2023] [php:error] [pid 25996:tid 3384] [client 109.70.100.66:13678] script 'C:/xampp/htdocs/default/wp-login.php' not found or unable to stat
[Wed Aug 02 13:30:48.608811 2023] [php:error] [pid 25996:tid 3456] [client 35.216.241.78:45948] script 'C:/xampp/htdocs/default/info.php' not found or unable to stat
[Wed Aug 02 13:30:48.715833 2023] [authz_core:error] [pid 25996:tid 3456] [client 35.216.241.78:45954] AH01630: client denied by server configuration: C:/xampp/htdocs/default/server-status
[Wed Aug 02 15:54:47.363772 2023] [php:error] [pid 25996:tid 3636] [client 175.27.234.243:62663] script 'C:/xampp/htdocs/default/index.php' not found or unable to stat
[Wed Aug 02 15:54:47.588357 2023] [authz_core:error] [pid 25996:tid 3636] [client 175.27.234.243:62663] AH01630: client denied by server configuration: C:/xampp/phpMyAdmin/index.php
[Wed Aug 02 16:09:23.868867 2023] [php:error] [pid 25996:tid 3324] [client 59.11.214.75:35712] script 'C:/xampp/htdocs/default/wp-login.php' not found or unable to stat, referer: http://mta-sts.fphosting.eu
[Wed Aug 02 16:09:25.373112 2023] [php:error] [pid 25996:tid 3324] [client 59.11.214.75:36294] script 'C:/xampp/htdocs/default/wp-login.php' not found or unable to stat, referer: http://blog.mta-sts.fphosting.eu
[Wed Aug 02 16:10:03.511455 2023] [php:error] [pid 25996:tid 3324] [client 13.57.187.82:58390] script 'C:/xampp/htdocs/default/wp-config.php' not found or unable to stat
[Wed Aug 02 16:16:03.822009 2023] [php:error] [pid 25996:tid 3292] [client 54.215.31.139:52502] script 'C:/xampp/htdocs/default/wp-config.php' not found or unable to stat
[Wed Aug 02 16:48:52.960807 2023] [php:error] [pid 25996:tid 3324] [client 148.72.207.110:39190] script 'C:/xampp/htdocs/default/wp-login.php' not found or unable to stat
[Wed Aug 02 16:58:20.956715 2023] [php:error] [pid 25996:tid 3540] [client 54.177.102.232:43122] script 'C:/xampp/htdocs/default/wp-config.php' not found or unable to stat
[Wed Aug 02 17:03:38.947377 2023] [php:error] [pid 25996:tid 3540] [client 13.57.234.177:34260] script 'C:/xampp/htdocs/default/wp-config.php' not found or unable to stat
[Wed Aug 02 18:28:31.249342 2023] [php:error] [pid 25996:tid 3540] [client 144.91.113.229:55342] script 'C:/xampp/htdocs/default/wp-login.php' not found or unable to stat
[Wed Aug 02 18:36:00.884910 2023] [php:error] [pid 25996:tid 3556] [client 66.249.73.231:41415] script 'C:/xampp/htdocs/default/login.php' not found or unable to stat
[Wed Aug 02 18:40:56.699482 2023] [php:error] [pid 25996:tid 3556] [client 92.205.13.134:62707] script 'C:/xampp/htdocs/default/wp-login.php' not found or unable to stat
[Wed Aug 02 19:15:00.650393 2023] [php:error] [pid 25996:tid 3324] [client 120.24.108.217:56384] script 'C:/xampp/htdocs/default/wp-login.php' not found or unable to stat
[Wed Aug 02 19:34:43.321743 2023] [php:error] [pid 25996:tid 3464] [client 162.144.37.46:46006] script 'C:/xampp/htdocs/default/wp-login.php' not found or unable to stat
[Wed Aug 02 20:41:24.268181 2023] [php:error] [pid 25996:tid 3324] [client 92.205.15.131:59337] script 'C:/xampp/htdocs/default/wp-login.php' not found or unable to stat
[Thu Aug 03 00:47:20.891956 2023] [php:error] [pid 25996:tid 3676] [client 92.204.139.118:38126] script 'C:/xampp/htdocs/default/wp-login.php' not found or unable to stat
[Thu Aug 03 01:22:10.185179 2023] [php:error] [pid 25996:tid 3324] [client 134.122.7.10:39336] script 'C:/xampp/htdocs/default/wp-login.php' not found or unable to stat, referer: http://server-32557.prod.hosts.ooklaserver.net
[Thu Aug 03 03:57:15.075621 2023] [php:error] [pid 25996:tid 3676] [client 64.227.30.80:59870] script 'C:/xampp/htdocs/default/wp-login.php' not found or unable to stat, referer: http://payments.fphosting.eu
[Thu Aug 03 03:57:15.458592 2023] [php:error] [pid 25996:tid 3676] [client 64.227.30.80:59904] script 'C:/xampp/htdocs/default/wp-login.php' not found or unable to stat, referer: http://blog.payments.fphosting.eu
[Thu Aug 03 05:31:50.046135 2023] [authz_core:error] [pid 25996:tid 3464] [client 45.128.232.128:44296] AH01630: client denied by server configuration: C:/xampp/phpMyAdmin/scripts
[Thu Aug 03 05:31:52.094113 2023] [authz_core:error] [pid 25996:tid 3464] [client 45.128.232.128:44812] AH01630: client denied by server configuration: C:/xampp/phpMyAdmin/scripts
[Thu Aug 03 05:31:57.317983 2023] [php:error] [pid 25996:tid 3464] [client 45.128.232.128:46524] script 'C:/xampp/htdocs/default/setup.php' not found or unable to stat
[Thu Aug 03 06:48:42.066057 2023] [php:error] [pid 25996:tid 3464] [client 174.138.95.28:58210] script 'C:/xampp/htdocs/default/upl.php' not found or unable to stat
[Thu Aug 03 06:48:43.261372 2023] [php:error] [pid 25996:tid 3464] [client 174.138.95.28:58250] script 'C:/xampp/htdocs/default/1.php' not found or unable to stat
[Thu Aug 03 13:25:51.733183 2023] [php:error] [pid 25996:tid 3536] [client 170.64.149.166:37472] script 'C:/xampp/htdocs/default/upl.php' not found or unable to stat
[Thu Aug 03 13:25:54.884314 2023] [php:error] [pid 25996:tid 3536] [client 170.64.149.166:37528] script 'C:/xampp/htdocs/default/1.php' not found or unable to stat
[Thu Aug 03 19:55:08.359875 2023] [php:error] [pid 25996:tid 3584] [client 148.72.122.228:59094] script 'C:/xampp/htdocs/default/wp-login.php' not found or unable to stat
[Thu Aug 03 20:19:05.603691 2023] [php:error] [pid 25996:tid 3676] [client 68.178.148.41:32741] script 'C:/xampp/htdocs/default/wp-login.php' not found or unable to stat
[Thu Aug 03 20:32:53.338902 2023] [php:error] [pid 25996:tid 3644] [client 45.130.104.194:36954] script 'C:/xampp/htdocs/default/wp-login.php' not found or unable to stat
[Thu Aug 03 20:38:32.682120 2023] [php:error] [pid 25996:tid 3604] [client 148.66.145.171:15486] script 'C:/xampp/htdocs/default/wp-login.php' not found or unable to stat
[Thu Aug 03 20:40:00.734614 2023] [php:error] [pid 25996:tid 3604] [client 159.89.104.182:47220] script 'C:/xampp/htdocs/default/wp-login.php' not found or unable to stat
[Thu Aug 03 20:46:09.684721 2023] [php:error] [pid 25996:tid 3604] [client 47.100.41.125:38116] script 'C:/xampp/htdocs/default/wp-login.php' not found or unable to stat
[Thu Aug 03 22:11:09.695385 2023] [php:error] [pid 25996:tid 3276] [client 151.106.32.107:58630] script 'C:/xampp/htdocs/default/wp-login.php' not found or unable to stat
[Thu Aug 03 23:44:51.091322 2023] [php:error] [pid 25996:tid 3604] [client 151.106.32.107:47294] script 'C:/xampp/htdocs/default/wp-login.php' not found or unable to stat
[Fri Aug 04 00:35:36.789336 2023] [php:error] [pid 25996:tid 3276] [client 93.183.131.53:56740] script 'C:/xampp/htdocs/default/wp-login.php' not found or unable to stat
[Fri Aug 04 02:03:04.573130 2023] [php:error] [pid 25996:tid 3276] [client 188.85.81.233:59092] script 'C:/xampp/htdocs/default/wp-login.php' not found or unable to stat
[Fri Aug 04 10:13:55.092038 2023] [php:error] [pid 25996:tid 3644] [client 5.188.210.227:35949] script 'C:/xampp/htdocs/default/echo.php' not found or unable to stat, referer: https://www.google.com/
[Fri Aug 04 15:13:32.357693 2023] [php:error] [pid 25996:tid 3604] [client 90.151.171.108:8717] script 'C:/xampp/htdocs/default/ip.php' not found or unable to stat, referer: https://google.com/
[Fri Aug 04 16:24:08.366237 2023] [php:error] [pid 25996:tid 3636] [client 82.165.184.76:55920] script 'C:/xampp/htdocs/default/wp-login.php' not found or unable to stat
[Fri Aug 04 16:55:27.291068 2023] [php:error] [pid 25996:tid 3696] [client 68.178.148.77:37924] script 'C:/xampp/htdocs/default/wp-login.php' not found or unable to stat
