[Wed Jun 28 00:13:08.908315 2023] [php:error] [pid 24848:tid 3520] [client 119.23.105.36:55362] script 'C:/xampp/htdocs/default/wp-login.php' not found or unable to stat, referer: http://blog.payments.fphosting.eu
[Wed Jun 28 00:30:19.938585 2023] [php:error] [pid 24848:tid 3536] [client 185.220.103.117:21201] script 'C:/xampp/htdocs/default/wp-login.php' not found or unable to stat
[Wed Jun 28 02:10:38.376505 2023] [php:error] [pid 24848:tid 3264] [client 216.128.179.119:49532] script 'C:/xampp/htdocs/default/wp-login.php' not found or unable to stat
[Wed Jun 28 02:15:30.444666 2023] [php:error] [pid 24848:tid 3264] [client 14.18.106.132:64454] script 'C:/xampp/htdocs/default/wp-login.php' not found or unable to stat
[Wed Jun 28 02:35:54.907347 2023] [php:error] [pid 24848:tid 3288] [client 170.64.145.70:44548] script 'C:/xampp/htdocs/default/upl.php' not found or unable to stat
[Wed Jun 28 02:35:57.972760 2023] [php:error] [pid 24848:tid 3288] [client 170.64.145.70:44580] script 'C:/xampp/htdocs/default/1.php' not found or unable to stat
[Wed Jun 28 08:21:50.355180 2023] [cgi:error] [pid 24848:tid 3496] [client 222.244.181.143:8344] AH02811: script not found or unable to stat: C:/xampp/htdocs/default/setup.cgi
[Wed Jun 28 08:31:34.558924 2023] [authz_core:error] [pid 24848:tid 3268] [client 139.144.150.205:42772] AH01630: client denied by server configuration: C:/xampp/htdocs/default/server-status
[Wed Jun 28 16:41:18.034084 2023] [php:error] [pid 24848:tid 3264] [client 82.165.184.76:53850] script 'C:/xampp/htdocs/default/wp-login.php' not found or unable to stat
[Wed Jun 28 17:48:47.509746 2023] [php:error] [pid 24848:tid 3696] [client 172.104.81.115:37066] script 'C:/xampp/htdocs/default/wp-login.php' not found or unable to stat
[Wed Jun 28 18:00:23.874291 2023] [php:error] [pid 24848:tid 3264] [client 183.91.11.200:45760] script 'C:/xampp/htdocs/default/wp-login.php' not found or unable to stat
[Wed Jun 28 18:39:42.821202 2023] [php:error] [pid 24848:tid 3268] [client 51.159.105.232:45826] script 'C:/xampp/htdocs/default/wp-login.php' not found or unable to stat
[Wed Jun 28 19:02:57.524378 2023] [php:error] [pid 24848:tid 3268] [client 194.113.235.171:60299] script 'C:/xampp/htdocs/default/wp-links.php' not found or unable to stat, referer: http://fphosting.eu/wp-links.php
[Wed Jun 28 19:03:34.887369 2023] [php:error] [pid 24848:tid 3268] [client 190.107.177.243:45940] script 'C:/xampp/htdocs/default/wp-login.php' not found or unable to stat
[Wed Jun 28 21:51:48.833430 2023] [php:error] [pid 24848:tid 3268] [client 177.55.118.104:36806] script 'C:/xampp/htdocs/default/wp-login.php' not found or unable to stat
[Wed Jun 28 22:02:46.372038 2023] [php:error] [pid 24848:tid 3536] [client 134.209.105.240:32668] script 'C:/xampp/htdocs/default/wp-login.php' not found or unable to stat
[Thu Jun 29 01:31:22.756616 2023] [php:error] [pid 24848:tid 3492] [client 172.104.81.115:46568] script 'C:/xampp/htdocs/default/wp-login.php' not found or unable to stat
[Thu Jun 29 02:30:38.686704 2023] [php:error] [pid 24848:tid 3492] [client 194.169.175.37:51952] script 'C:/xampp/htdocs/default/repeater.php' not found or unable to stat
[Thu Jun 29 05:27:17.444377 2023] [php:error] [pid 24848:tid 3444] [client 5.188.62.17:5571] script 'C:/xampp/htdocs/default/login.php' not found or unable to stat
[Thu Jun 29 05:27:17.488318 2023] [php:error] [pid 24848:tid 3444] [client 5.188.62.17:5571] script 'C:/xampp/htdocs/default/login.php' not found or unable to stat
[Thu Jun 29 05:27:17.531318 2023] [php:error] [pid 24848:tid 3444] [client 5.188.62.17:5571] script 'C:/xampp/htdocs/default/login.php' not found or unable to stat
[Thu Jun 29 05:27:17.595321 2023] [php:error] [pid 24848:tid 3444] [client 5.188.62.17:5571] script 'C:/xampp/htdocs/default/login.php' not found or unable to stat
[Thu Jun 29 05:27:17.647381 2023] [php:error] [pid 24848:tid 3444] [client 5.188.62.17:5571] script 'C:/xampp/htdocs/default/login.php' not found or unable to stat
[Thu Jun 29 05:27:17.690503 2023] [php:error] [pid 24848:tid 3444] [client 5.188.62.17:5571] script 'C:/xampp/htdocs/default/login.php' not found or unable to stat
[Thu Jun 29 05:27:17.733446 2023] [php:error] [pid 24848:tid 3444] [client 5.188.62.17:5571] script 'C:/xampp/htdocs/default/login.php' not found or unable to stat
[Thu Jun 29 05:27:17.777470 2023] [php:error] [pid 24848:tid 3444] [client 5.188.62.17:5571] script 'C:/xampp/htdocs/default/login.php' not found or unable to stat
[Thu Jun 29 05:27:17.820409 2023] [php:error] [pid 24848:tid 3444] [client 5.188.62.17:5571] script 'C:/xampp/htdocs/default/login.php' not found or unable to stat
[Thu Jun 29 05:27:17.864466 2023] [php:error] [pid 24848:tid 3444] [client 5.188.62.17:5571] script 'C:/xampp/htdocs/default/login.php' not found or unable to stat
[Thu Jun 29 05:27:17.908450 2023] [php:error] [pid 24848:tid 3444] [client 5.188.62.17:5571] script 'C:/xampp/htdocs/default/login.php' not found or unable to stat
[Thu Jun 29 05:27:17.952472 2023] [php:error] [pid 24848:tid 3444] [client 5.188.62.17:5571] script 'C:/xampp/htdocs/default/login.php' not found or unable to stat
[Thu Jun 29 10:38:56.971419 2023] [php:error] [pid 24848:tid 3444] [client 59.11.214.75:60254] script 'C:/xampp/htdocs/default/wp-login.php' not found or unable to stat, referer: http://cudlik.fphosting.eu
[Thu Jun 29 10:38:58.624792 2023] [php:error] [pid 24848:tid 3444] [client 59.11.214.75:32980] script 'C:/xampp/htdocs/default/wp-login.php' not found or unable to stat, referer: http://blog.cudlik.fphosting.eu
[Thu Jun 29 12:09:20.066979 2023] [php:error] [pid 24848:tid 3444] [client 198.71.234.21:57731] script 'C:/xampp/htdocs/default/shell.php' not found or unable to stat
[Thu Jun 29 12:09:20.067966 2023] [php:error] [pid 24848:tid 3272] [client 198.71.234.21:57729] script 'C:/xampp/htdocs/default/wso.php' not found or unable to stat
[Thu Jun 29 12:09:20.067966 2023] [php:error] [pid 24848:tid 3584] [client 198.71.234.21:57737] script 'C:/xampp/htdocs/default/alwso.php' not found or unable to stat
[Thu Jun 29 12:09:20.067966 2023] [php:error] [pid 24848:tid 3556] [client 198.71.234.21:57743] script 'C:/xampp/htdocs/default/wp-fox.php' not found or unable to stat
[Thu Jun 29 12:09:20.068967 2023] [php:error] [pid 24848:tid 3188] [client 198.71.234.21:57745] script 'C:/xampp/htdocs/default/fox.php' not found or unable to stat
[Thu Jun 29 12:09:20.068967 2023] [php:error] [pid 24848:tid 3392] [client 198.71.234.21:57739] script 'C:/xampp/htdocs/default/wp-2019.php' not found or unable to stat
[Thu Jun 29 12:09:20.068967 2023] [php:error] [pid 24848:tid 3320] [client 198.71.234.21:57735] script 'C:/xampp/htdocs/default/ffAA531.php' not found or unable to stat
[Thu Jun 29 12:09:20.068967 2023] [php:error] [pid 24848:tid 3492] [client 198.71.234.21:57747] script 'C:/xampp/htdocs/default/wso112233.php' not found or unable to stat
[Thu Jun 29 12:09:20.068967 2023] [php:error] [pid 24848:tid 3336] [client 198.71.234.21:57733] script 'C:/xampp/htdocs/default/local.php' not found or unable to stat
[Thu Jun 29 12:09:20.069965 2023] [php:error] [pid 24848:tid 3696] [client 198.71.234.21:57741] script 'C:/xampp/htdocs/default/autoload_classmap.php' not found or unable to stat
[Thu Jun 29 12:26:43.632118 2023] [php:error] [pid 24848:tid 3696] [client 92.205.59.75:43324] script 'C:/xampp/htdocs/default/wso.php' not found or unable to stat
[Thu Jun 29 12:26:43.652359 2023] [php:error] [pid 24848:tid 3696] [client 92.205.59.75:43324] script 'C:/xampp/htdocs/default/shell.php' not found or unable to stat
[Thu Jun 29 12:26:43.686711 2023] [php:error] [pid 24848:tid 3696] [client 92.205.59.75:43324] script 'C:/xampp/htdocs/default/local.php' not found or unable to stat
[Thu Jun 29 12:26:43.714811 2023] [php:error] [pid 24848:tid 3492] [client 92.205.59.75:43354] script 'C:/xampp/htdocs/default/ffAA531.php' not found or unable to stat
[Thu Jun 29 12:26:43.714811 2023] [php:error] [pid 24848:tid 3320] [client 92.205.59.75:43356] script 'C:/xampp/htdocs/default/alwso.php' not found or unable to stat
[Thu Jun 29 12:26:43.714811 2023] [php:error] [pid 24848:tid 3392] [client 92.205.59.75:43358] script 'C:/xampp/htdocs/default/wp-2019.php' not found or unable to stat
[Thu Jun 29 12:26:43.714811 2023] [php:error] [pid 24848:tid 3336] [client 92.205.59.75:43360] script 'C:/xampp/htdocs/default/autoload_classmap.php' not found or unable to stat
[Thu Jun 29 12:26:43.714811 2023] [php:error] [pid 24848:tid 3188] [client 92.205.59.75:43362] script 'C:/xampp/htdocs/default/wp-fox.php' not found or unable to stat
[Thu Jun 29 12:26:43.714811 2023] [php:error] [pid 24848:tid 3696] [client 92.205.59.75:43324] script 'C:/xampp/htdocs/default/wso112233.php' not found or unable to stat
[Thu Jun 29 12:26:43.719813 2023] [php:error] [pid 24848:tid 3556] [client 92.205.59.75:43364] script 'C:/xampp/htdocs/default/fox.php' not found or unable to stat
[Thu Jun 29 12:27:39.821909 2023] [php:error] [pid 24848:tid 3188] [client 192.169.174.58:57118] script 'C:/xampp/htdocs/default/wp-2019.php' not found or unable to stat
[Thu Jun 29 12:27:39.821909 2023] [php:error] [pid 24848:tid 3336] [client 192.169.174.58:57122] script 'C:/xampp/htdocs/default/wp-fox.php' not found or unable to stat
[Thu Jun 29 12:27:39.821909 2023] [php:error] [pid 24848:tid 3556] [client 192.169.174.58:57112] script 'C:/xampp/htdocs/default/local.php' not found or unable to stat
[Thu Jun 29 12:27:39.821909 2023] [php:error] [pid 24848:tid 3392] [client 192.169.174.58:57110] script 'C:/xampp/htdocs/default/wso.php' not found or unable to stat
[Thu Jun 29 12:27:39.826943 2023] [php:error] [pid 24848:tid 3320] [client 192.169.174.58:57114] script 'C:/xampp/htdocs/default/ffAA531.php' not found or unable to stat
[Thu Jun 29 12:27:39.826943 2023] [php:error] [pid 24848:tid 3492] [client 192.169.174.58:57120] script 'C:/xampp/htdocs/default/autoload_classmap.php' not found or unable to stat
[Thu Jun 29 12:27:39.828910 2023] [php:error] [pid 24848:tid 3696] [client 192.169.174.58:57116] script 'C:/xampp/htdocs/default/alwso.php' not found or unable to stat
[Thu Jun 29 12:27:39.981962 2023] [php:error] [pid 24848:tid 3556] [client 192.169.174.58:57112] script 'C:/xampp/htdocs/default/wso112233.php' not found or unable to stat
[Thu Jun 29 12:27:39.981962 2023] [php:error] [pid 24848:tid 3392] [client 192.169.174.58:57110] script 'C:/xampp/htdocs/default/fox.php' not found or unable to stat
[Thu Jun 29 12:49:45.571826 2023] [php:error] [pid 24848:tid 3188] [client 50.62.147.5:20364] script 'C:/xampp/htdocs/default/alwso.php' not found or unable to stat
[Thu Jun 29 12:49:45.571826 2023] [php:error] [pid 24848:tid 3336] [client 50.62.147.5:20362] script 'C:/xampp/htdocs/default/ffAA531.php' not found or unable to stat
[Thu Jun 29 12:49:45.571826 2023] [php:error] [pid 24848:tid 3696] [client 50.62.147.5:20360] script 'C:/xampp/htdocs/default/local.php' not found or unable to stat
[Thu Jun 29 12:49:45.572890 2023] [php:error] [pid 24848:tid 3444] [client 50.62.147.5:20358] script 'C:/xampp/htdocs/default/wso.php' not found or unable to stat
[Thu Jun 29 12:49:45.572890 2023] [php:error] [pid 24848:tid 3492] [client 50.62.147.5:20356] script 'C:/xampp/htdocs/default/fox.php' not found or unable to stat
[Thu Jun 29 12:49:45.572890 2023] [php:error] [pid 24848:tid 3320] [client 50.62.147.5:20354] script 'C:/xampp/htdocs/default/wp-2019.php' not found or unable to stat
[Thu Jun 29 12:55:36.099172 2023] [php:error] [pid 24848:tid 3320] [client 68.178.198.146:40259] script 'C:/xampp/htdocs/default/fox.php' not found or unable to stat
[Thu Jun 29 12:55:36.099172 2023] [php:error] [pid 24848:tid 3584] [client 68.178.198.146:40249] script 'C:/xampp/htdocs/default/ffAA531.php' not found or unable to stat
[Thu Jun 29 12:55:36.099172 2023] [php:error] [pid 24848:tid 3492] [client 68.178.198.146:40255] script 'C:/xampp/htdocs/default/autoload_classmap.php' not found or unable to stat
[Thu Jun 29 12:55:36.099172 2023] [php:error] [pid 24848:tid 3188] [client 68.178.198.146:40253] script 'C:/xampp/htdocs/default/wp-2019.php' not found or unable to stat
[Thu Jun 29 12:55:36.099172 2023] [php:error] [pid 24848:tid 3444] [client 68.178.198.146:40257] script 'C:/xampp/htdocs/default/wp-fox.php' not found or unable to stat
[Thu Jun 29 12:55:36.101111 2023] [php:error] [pid 24848:tid 3336] [client 68.178.198.146:40261] script 'C:/xampp/htdocs/default/wso112233.php' not found or unable to stat
[Thu Jun 29 12:55:36.101111 2023] [php:error] [pid 24848:tid 3696] [client 68.178.198.146:40281] script 'C:/xampp/htdocs/default/shell.php' not found or unable to stat
[Thu Jun 29 12:55:36.102176 2023] [php:error] [pid 24848:tid 3392] [client 68.178.198.146:40279] script 'C:/xampp/htdocs/default/wso.php' not found or unable to stat
[Thu Jun 29 12:55:36.105164 2023] [php:error] [pid 24848:tid 3556] [client 68.178.198.146:40251] script 'C:/xampp/htdocs/default/alwso.php' not found or unable to stat
[Thu Jun 29 12:55:36.107170 2023] [php:error] [pid 24848:tid 3272] [client 68.178.198.146:40283] script 'C:/xampp/htdocs/default/local.php' not found or unable to stat
[Thu Jun 29 13:02:13.736938 2023] [php:error] [pid 24848:tid 3272] [client 92.205.59.75:47202] script 'C:/xampp/htdocs/default/ffAA531.php' not found or unable to stat
[Thu Jun 29 13:02:13.736938 2023] [php:error] [pid 24848:tid 3328] [client 92.205.59.75:47200] script 'C:/xampp/htdocs/default/local.php' not found or unable to stat
[Thu Jun 29 13:02:13.736938 2023] [php:error] [pid 24848:tid 3556] [client 92.205.59.75:47196] script 'C:/xampp/htdocs/default/wso.php' not found or unable to stat
[Thu Jun 29 13:02:13.736938 2023] [php:error] [pid 24848:tid 3336] [client 92.205.59.75:47198] script 'C:/xampp/htdocs/default/shell.php' not found or unable to stat
[Thu Jun 29 13:02:13.736938 2023] [php:error] [pid 24848:tid 3444] [client 92.205.59.75:47210] script 'C:/xampp/htdocs/default/wp-fox.php' not found or unable to stat
[Thu Jun 29 13:02:13.736938 2023] [php:error] [pid 24848:tid 3188] [client 92.205.59.75:47208] script 'C:/xampp/htdocs/default/autoload_classmap.php' not found or unable to stat
[Thu Jun 29 13:02:13.737939 2023] [php:error] [pid 24848:tid 3492] [client 92.205.59.75:47204] script 'C:/xampp/htdocs/default/alwso.php' not found or unable to stat
[Thu Jun 29 13:02:13.737939 2023] [php:error] [pid 24848:tid 3320] [client 92.205.59.75:47214] script 'C:/xampp/htdocs/default/wso112233.php' not found or unable to stat
[Thu Jun 29 13:02:13.737939 2023] [php:error] [pid 24848:tid 3584] [client 92.205.59.75:47206] script 'C:/xampp/htdocs/default/wp-2019.php' not found or unable to stat
[Thu Jun 29 13:02:13.737939 2023] [php:error] [pid 24848:tid 3392] [client 92.205.59.75:47212] script 'C:/xampp/htdocs/default/fox.php' not found or unable to stat
[Thu Jun 29 14:11:53.132940 2023] [php:error] [pid 24848:tid 3444] [client 92.205.59.75:43514] script 'C:/xampp/htdocs/default/ffAA531.php' not found or unable to stat
[Thu Jun 29 14:11:53.132940 2023] [php:error] [pid 24848:tid 3392] [client 92.205.59.75:43510] script 'C:/xampp/htdocs/default/shell.php' not found or unable to stat
[Thu Jun 29 14:11:53.133938 2023] [php:error] [pid 24848:tid 3188] [client 92.205.59.75:43508] script 'C:/xampp/htdocs/default/wso.php' not found or unable to stat
[Thu Jun 29 14:11:53.133938 2023] [php:error] [pid 24848:tid 3320] [client 92.205.59.75:43512] script 'C:/xampp/htdocs/default/local.php' not found or unable to stat
[Thu Jun 29 14:11:53.133938 2023] [php:error] [pid 24848:tid 3584] [client 92.205.59.75:43516] script 'C:/xampp/htdocs/default/alwso.php' not found or unable to stat
[Thu Jun 29 14:11:53.138937 2023] [php:error] [pid 24848:tid 3272] [client 92.205.59.75:43540] script 'C:/xampp/htdocs/default/wp-2019.php' not found or unable to stat
[Thu Jun 29 14:11:53.173997 2023] [php:error] [pid 24848:tid 3336] [client 92.205.59.75:43546] script 'C:/xampp/htdocs/default/wp-fox.php' not found or unable to stat
[Thu Jun 29 14:11:53.175000 2023] [php:error] [pid 24848:tid 3556] [client 92.205.59.75:43554] script 'C:/xampp/htdocs/default/wso112233.php' not found or unable to stat
[Thu Jun 29 14:11:53.175000 2023] [php:error] [pid 24848:tid 3328] [client 92.205.59.75:43548] script 'C:/xampp/htdocs/default/fox.php' not found or unable to stat
[Thu Jun 29 14:11:53.175000 2023] [php:error] [pid 24848:tid 3492] [client 92.205.59.75:43544] script 'C:/xampp/htdocs/default/autoload_classmap.php' not found or unable to stat
[Thu Jun 29 14:22:13.840282 2023] [php:error] [pid 24848:tid 3328] [client 194.113.235.171:39440] script 'C:/xampp/htdocs/default/ty.php' not found or unable to stat, referer: http://fphosting.eu/ty.php
[Thu Jun 29 14:52:54.808177 2023] [php:error] [pid 24848:tid 3584] [client 193.151.225.226:46492] script 'C:/xampp/htdocs/default/style.php' not found or unable to stat
[Thu Jun 29 15:00:52.289598 2023] [php:error] [pid 24848:tid 3584] [client 83.69.248.119:39824] script 'C:/xampp/htdocs/default/style.php' not found or unable to stat
[Thu Jun 29 15:03:47.355123 2023] [php:error] [pid 24848:tid 3584] [client 83.69.248.119:45288] script 'C:/xampp/htdocs/default/style.php' not found or unable to stat
[Thu Jun 29 15:04:15.559263 2023] [php:error] [pid 24848:tid 3584] [client 143.110.181.78:46058] script 'C:/xampp/htdocs/default/style.php' not found or unable to stat
[Thu Jun 29 15:04:50.345916 2023] [php:error] [pid 24848:tid 3584] [client 193.151.225.226:55258] script 'C:/xampp/htdocs/default/style.php' not found or unable to stat
[Thu Jun 29 15:04:57.701028 2023] [php:error] [pid 24848:tid 3584] [client 193.151.225.226:57620] script 'C:/xampp/htdocs/default/style.php' not found or unable to stat
[Thu Jun 29 15:05:13.368053 2023] [php:error] [pid 24848:tid 3584] [client 90.156.169.10:38444] script 'C:/xampp/htdocs/default/style.php' not found or unable to stat
[Thu Jun 29 15:07:05.964535 2023] [php:error] [pid 24848:tid 3584] [client 143.110.181.78:51838] script 'C:/xampp/htdocs/default/style.php' not found or unable to stat
[Thu Jun 29 15:08:35.459113 2023] [php:error] [pid 24848:tid 3584] [client 193.151.225.226:53978] script 'C:/xampp/htdocs/default/style.php' not found or unable to stat
[Thu Jun 29 15:08:57.604714 2023] [php:error] [pid 24848:tid 3584] [client 90.156.169.125:20332] script 'C:/xampp/htdocs/default/style.php' not found or unable to stat
[Thu Jun 29 15:11:29.413848 2023] [php:error] [pid 24848:tid 3584] [client 198.71.230.68:33291] script 'C:/xampp/htdocs/default/style.php' not found or unable to stat
[Thu Jun 29 15:13:20.810882 2023] [php:error] [pid 24848:tid 3584] [client 143.110.181.78:36078] script 'C:/xampp/htdocs/default/style.php' not found or unable to stat
[Thu Jun 29 15:14:11.797777 2023] [php:error] [pid 24848:tid 3584] [client 38.47.80.100:46642] script 'C:/xampp/htdocs/default/style.php' not found or unable to stat
[Thu Jun 29 15:15:37.925948 2023] [php:error] [pid 24848:tid 3444] [client 193.151.225.226:60878] script 'C:/xampp/htdocs/default/style.php' not found or unable to stat
[Thu Jun 29 20:24:07.926324 2023] [php:error] [pid 24848:tid 3556] [client 162.240.6.222:33206] script 'C:/xampp/htdocs/default/wp-login.php' not found or unable to stat
[Thu Jun 29 21:35:55.802119 2023] [authz_core:error] [pid 24848:tid 3320] [client 109.74.204.123:38132] AH01630: client denied by server configuration: C:/xampp/htdocs/default/server-status
[Thu Jun 29 23:55:31.011726 2023] [php:error] [pid 24848:tid 3516] [client 68.178.223.183:25395] script 'C:/xampp/htdocs/default/style.php' not found or unable to stat
[Fri Jun 30 01:26:46.650292 2023] [authz_core:error] [pid 24848:tid 3696] [client 124.70.204.132:49291] AH01630: client denied by server configuration: C:/xampp/phpMyAdmin/index.php
[Fri Jun 30 07:39:46.932647 2023] [authz_core:error] [pid 24848:tid 3516] [client 124.70.204.132:55590] AH01630: client denied by server configuration: C:/xampp/phpMyAdmin/index.php
[Fri Jun 30 09:13:13.049945 2023] [core:error] [pid 24848:tid 3696] [client 193.32.162.190:48336] AH10244: invalid URI path (/../../mnt/mtd/Config/Account1)
[Fri Jun 30 10:14:02.358513 2023] [core:error] [pid 24848:tid 3444] [client 193.32.162.190:51628] AH10244: invalid URI path (/../../mnt/mtd/Config/Account2)
[Fri Jun 30 11:21:29.121716 2023] [php:error] [pid 24848:tid 3492] [client 146.190.101.202:60013] script 'C:/xampp/htdocs/default/phpinfo.php' not found or unable to stat
[Fri Jun 30 11:21:33.639269 2023] [php:error] [pid 24848:tid 3444] [client 146.190.101.202:49159] script 'C:/xampp/htdocs/default/info.php' not found or unable to stat
[Fri Jun 30 16:05:39.871835 2023] [php:error] [pid 24848:tid 3556] [client 5.188.210.227:51831] script 'C:/xampp/htdocs/default/echo.php' not found or unable to stat, referer: https://www.google.com/
[Fri Jun 30 18:07:00.116785 2023] [php:error] [pid 24848:tid 3516] [client 194.113.235.171:55752] script 'C:/xampp/htdocs/default/log.php' not found or unable to stat, referer: http://fphosting.eu/log.php
[Fri Jun 30 18:23:33.693906 2023] [php:error] [pid 24848:tid 3696] [client 178.128.81.140:57314] script 'C:/xampp/htdocs/default/phpinfo.php' not found or unable to stat
[Fri Jun 30 18:23:40.581079 2023] [php:error] [pid 24848:tid 3696] [client 178.128.81.140:42650] script 'C:/xampp/htdocs/default/info.php' not found or unable to stat
[Fri Jun 30 19:11:51.529824 2023] [php:error] [pid 24848:tid 3492] [client 83.150.215.90:54436] script 'C:/xampp/htdocs/default/wp-login.php' not found or unable to stat
[Fri Jun 30 19:17:31.582018 2023] [php:error] [pid 24848:tid 3516] [client 210.16.185.3:59667] script 'C:/xampp/htdocs/default/wp-login.php' not found or unable to stat
[Fri Jun 30 19:23:11.268027 2023] [authz_core:error] [pid 24848:tid 3492] [client 66.249.79.37:63440] AH01630: client denied by server configuration: C:/xampp/phpMyAdmin/index.php
[Fri Jun 30 23:17:49.927845 2023] [php:error] [pid 24848:tid 3688] [client 159.203.41.121:49756] script 'C:/xampp/htdocs/default/upl.php' not found or unable to stat
[Fri Jun 30 23:17:51.315984 2023] [php:error] [pid 24848:tid 3688] [client 159.203.41.121:49798] script 'C:/xampp/htdocs/default/1.php' not found or unable to stat
[Sat Jul 01 01:39:43.847469 2023] [php:error] [pid 24848:tid 3220] [client 162.214.92.127:44226] script 'C:/xampp/htdocs/default/wp-login.php' not found or unable to stat
[Sat Jul 01 02:09:01.227102 2023] [php:error] [pid 24848:tid 3440] [client 47.108.131.160:54431] script 'C:/xampp/htdocs/default/index.php' not found or unable to stat
[Sat Jul 01 02:09:01.499166 2023] [authz_core:error] [pid 24848:tid 3440] [client 47.108.131.160:54431] AH01630: client denied by server configuration: C:/xampp/phpMyAdmin/index.php
[Sat Jul 01 03:03:30.694237 2023] [php:error] [pid 24848:tid 3280] [client 120.79.225.204:54572] script 'C:/xampp/htdocs/default/wp-login.php' not found or unable to stat, referer: http://mta-sts.mail.fphosting.eu
[Sat Jul 01 03:03:31.405476 2023] [php:error] [pid 24848:tid 3280] [client 120.79.225.204:54642] script 'C:/xampp/htdocs/default/wp-login.php' not found or unable to stat, referer: http://blog.mta-sts.mail.fphosting.eu
[Sat Jul 01 03:42:52.104834 2023] [php:error] [pid 24848:tid 3688] [client 194.169.175.36:50472] script 'C:/xampp/htdocs/default/class_api.php' not found or unable to stat
[Sat Jul 01 04:18:42.591254 2023] [php:error] [pid 24848:tid 3320] [client 59.11.214.75:55832] script 'C:/xampp/htdocs/default/wp-login.php' not found or unable to stat, referer: http://admin.fphosting.eu
[Sat Jul 01 04:18:44.048011 2023] [php:error] [pid 24848:tid 3320] [client 59.11.214.75:56578] script 'C:/xampp/htdocs/default/wp-login.php' not found or unable to stat, referer: http://blog.admin.fphosting.eu
[Sat Jul 01 04:23:24.581414 2023] [php:error] [pid 24848:tid 3440] [client 170.64.132.120:39346] script 'C:/xampp/htdocs/default/upl.php' not found or unable to stat
[Sat Jul 01 04:23:27.590877 2023] [php:error] [pid 24848:tid 3440] [client 170.64.132.120:44994] script 'C:/xampp/htdocs/default/1.php' not found or unable to stat
[Sat Jul 01 05:38:12.025431 2023] [php:error] [pid 24848:tid 3440] [client 49.232.28.107:51572] script 'C:/xampp/htdocs/default/wp-login.php' not found or unable to stat
[Sat Jul 01 06:26:36.592894 2023] [php:error] [pid 24848:tid 3280] [client 101.43.84.32:56933] script 'C:/xampp/htdocs/default/index.php' not found or unable to stat
[Sat Jul 01 06:26:36.830658 2023] [authz_core:error] [pid 24848:tid 3280] [client 101.43.84.32:56933] AH01630: client denied by server configuration: C:/xampp/phpMyAdmin/index.php
[Sat Jul 01 06:30:04.289553 2023] [php:error] [pid 24848:tid 3440] [client 101.43.84.32:57317] script 'C:/xampp/htdocs/default/index.php' not found or unable to stat
[Sat Jul 01 06:30:04.528548 2023] [authz_core:error] [pid 24848:tid 3440] [client 101.43.84.32:57317] AH01630: client denied by server configuration: C:/xampp/phpMyAdmin/index.php
[Sat Jul 01 08:23:55.314079 2023] [php:error] [pid 24848:tid 3220] [client 69.163.225.126:40106] script 'C:/xampp/htdocs/default/wp-login.php' not found or unable to stat
[Sat Jul 01 10:24:07.158169 2023] [php:error] [pid 24848:tid 3280] [client 151.106.39.170:56514] script 'C:/xampp/htdocs/default/wp-login.php' not found or unable to stat
[Sat Jul 01 20:26:33.928261 2023] [php:error] [pid 24848:tid 3696] [client 87.120.84.173:55343] script 'C:/xampp/htdocs/default/xmlrpc.php' not found or unable to stat
[Sat Jul 01 21:29:03.428387 2023] [php:error] [pid 24848:tid 3312] [client 87.120.84.173:51878] script 'C:/xampp/htdocs/default/xmlrpc.php' not found or unable to stat
[Sun Jul 02 03:01:49.810914 2023] [php:error] [pid 24848:tid 3516] [client 138.197.88.76:45006] script 'C:/xampp/htdocs/default/upl.php' not found or unable to stat
[Sun Jul 02 03:01:50.864849 2023] [php:error] [pid 24848:tid 3516] [client 138.197.88.76:52066] script 'C:/xampp/htdocs/default/1.php' not found or unable to stat
[Sun Jul 02 07:47:23.088738 2023] [cgi:error] [pid 24848:tid 3220] [client 193.35.18.177:59764] AH02811: script not found or unable to stat: C:/xampp/cgi-bin/.env
[Sun Jul 02 09:30:43.036275 2023] [php:error] [pid 24848:tid 3696] [client 164.92.254.172:37480] script 'C:/xampp/htdocs/default/upl.php' not found or unable to stat
[Sun Jul 02 09:30:43.224253 2023] [php:error] [pid 24848:tid 3696] [client 164.92.254.172:37522] script 'C:/xampp/htdocs/default/1.php' not found or unable to stat
[Sun Jul 02 10:22:21.724141 2023] [php:error] [pid 24848:tid 3188] [client 66.249.66.12:58580] script 'C:/xampp/htdocs/default/robots.php' not found or unable to stat
[Sun Jul 02 11:28:56.055144 2023] [php:error] [pid 24848:tid 3220] [client 185.180.222.154:59202] script 'C:/xampp/htdocs/default/archivarix.cms.php' not found or unable to stat
[Sun Jul 02 13:30:19.447831 2023] [php:error] [pid 24848:tid 3288] [client 103.178.234.191:65155] script 'C:/xampp/htdocs/default/index.php' not found or unable to stat
[Sun Jul 02 13:30:19.646799 2023] [authz_core:error] [pid 24848:tid 3288] [client 103.178.234.191:65155] AH01630: client denied by server configuration: C:/xampp/phpMyAdmin/index.php
[Sun Jul 02 16:18:38.188741 2023] [php:error] [pid 24848:tid 3336] [client 195.96.137.6:57962] script 'C:/xampp/htdocs/default/main.php' not found or unable to stat
[Sun Jul 02 16:18:38.513882 2023] [cgi:error] [pid 24848:tid 3336] [client 195.96.137.6:58322] AH02811: script not found or unable to stat: C:/xampp/htdocs/default/inicio.pl
[Sun Jul 02 16:18:38.680879 2023] [cgi:error] [pid 24848:tid 3336] [client 195.96.137.6:58552] AH02811: script not found or unable to stat: C:/xampp/htdocs/default/menu.pl
[Sun Jul 02 16:18:39.176609 2023] [php:error] [pid 24848:tid 3336] [client 195.96.137.6:59044] script 'C:/xampp/htdocs/default/home.php' not found or unable to stat
[Sun Jul 02 16:18:39.345930 2023] [cgi:error] [pid 24848:tid 3336] [client 195.96.137.6:59258] AH02811: script not found or unable to stat: C:/xampp/htdocs/default/start.asp
[Sun Jul 02 16:18:39.663929 2023] [cgi:error] [pid 24848:tid 3336] [client 195.96.137.6:59622] AH02811: script not found or unable to stat: C:/xampp/htdocs/default/index.cgi
[Sun Jul 02 16:18:39.830362 2023] [cgi:error] [pid 24848:tid 3516] [client 195.96.137.6:59768] AH02811: script not found or unable to stat: C:/xampp/htdocs/default/default.asp
[Sun Jul 02 16:18:40.312781 2023] [cgi:error] [pid 24848:tid 3288] [client 195.96.137.6:60328] AH02811: script not found or unable to stat: C:/xampp/htdocs/default/admin.cgi
[Sun Jul 02 16:18:40.469746 2023] [cgi:error] [pid 24848:tid 3288] [client 195.96.137.6:60498] AH02811: script not found or unable to stat: C:/xampp/htdocs/default/menu.cgi
[Sun Jul 02 16:18:40.950795 2023] [cgi:error] [pid 24848:tid 3288] [client 195.96.137.6:60994] AH02811: script not found or unable to stat: C:/xampp/htdocs/default/start.pl
[Sun Jul 02 16:18:41.435924 2023] [cgi:error] [pid 24848:tid 3516] [client 195.96.137.6:33330] AH02811: script not found or unable to stat: C:/xampp/htdocs/default/base.pl
[Sun Jul 02 16:18:42.556413 2023] [php:error] [pid 24848:tid 3336] [client 195.96.137.6:34930] script 'C:/xampp/htdocs/default/menu.php' not found or unable to stat
[Sun Jul 02 16:18:43.861219 2023] [cgi:error] [pid 24848:tid 3516] [client 195.96.137.6:36740] AH02811: script not found or unable to stat: C:/xampp/htdocs/default/default.pl
[Sun Jul 02 16:18:44.185528 2023] [php:error] [pid 24848:tid 3516] [client 195.96.137.6:37236] script 'C:/xampp/htdocs/default/default.php' not found or unable to stat
[Sun Jul 02 16:18:44.676082 2023] [cgi:error] [pid 24848:tid 3516] [client 195.96.137.6:37894] AH02811: script not found or unable to stat: C:/xampp/htdocs/default/index.pl
[Sun Jul 02 16:18:44.831650 2023] [cgi:error] [pid 24848:tid 3516] [client 195.96.137.6:38136] AH02811: script not found or unable to stat: C:/xampp/htdocs/default/admin.asp
[Sun Jul 02 16:18:44.986711 2023] [cgi:error] [pid 24848:tid 3516] [client 195.96.137.6:38368] AH02811: script not found or unable to stat: C:/xampp/htdocs/default/base.asp
[Sun Jul 02 16:18:45.300887 2023] [php:error] [pid 24848:tid 3516] [client 195.96.137.6:38748] script 'C:/xampp/htdocs/default/admin.php' not found or unable to stat
[Sun Jul 02 16:18:45.455927 2023] [cgi:error] [pid 24848:tid 3516] [client 195.96.137.6:38948] AH02811: script not found or unable to stat: C:/xampp/htdocs/default/localstart.cgi
[Sun Jul 02 16:18:45.614882 2023] [php:error] [pid 24848:tid 3516] [client 195.96.137.6:39142] script 'C:/xampp/htdocs/default/inicio.php' not found or unable to stat
[Sun Jul 02 16:18:45.777523 2023] [cgi:error] [pid 24848:tid 3516] [client 195.96.137.6:39330] AH02811: script not found or unable to stat: C:/xampp/htdocs/default/home.asp
[Sun Jul 02 16:18:46.092495 2023] [cgi:error] [pid 24848:tid 3516] [client 195.96.137.6:39746] AH02811: script not found or unable to stat: C:/xampp/htdocs/default/indice.pl
[Sun Jul 02 16:18:46.560038 2023] [php:error] [pid 24848:tid 3516] [client 195.96.137.6:40260] script 'C:/xampp/htdocs/default/base.php' not found or unable to stat
[Sun Jul 02 16:18:47.500680 2023] [cgi:error] [pid 24848:tid 3516] [client 195.96.137.6:41292] AH02811: script not found or unable to stat: C:/xampp/htdocs/default/default.cgi
[Sun Jul 02 16:18:47.655455 2023] [cgi:error] [pid 24848:tid 3516] [client 195.96.137.6:41490] AH02811: script not found or unable to stat: C:/xampp/htdocs/default/base.cgi
[Sun Jul 02 16:18:48.128002 2023] [php:error] [pid 24848:tid 3516] [client 195.96.137.6:42068] script 'C:/xampp/htdocs/default/indice.php' not found or unable to stat
[Sun Jul 02 16:18:48.749788 2023] [cgi:error] [pid 24848:tid 3516] [client 195.96.137.6:42858] AH02811: script not found or unable to stat: C:/xampp/htdocs/default/home.cgi
[Sun Jul 02 16:18:49.062951 2023] [cgi:error] [pid 24848:tid 3516] [client 195.96.137.6:43290] AH02811: script not found or unable to stat: C:/xampp/htdocs/default/indice.cgi
[Sun Jul 02 16:18:49.375088 2023] [cgi:error] [pid 24848:tid 3516] [client 195.96.137.6:43730] AH02811: script not found or unable to stat: C:/xampp/htdocs/default/menu.asp
[Sun Jul 02 16:18:49.866611 2023] [cgi:error] [pid 24848:tid 3516] [client 195.96.137.6:44304] AH02811: script not found or unable to stat: C:/xampp/htdocs/default/indice.asp
[Sun Jul 02 16:18:50.964636 2023] [cgi:error] [pid 24848:tid 3516] [client 195.96.137.6:45678] AH02811: script not found or unable to stat: C:/xampp/htdocs/default/inicio.cgi
[Sun Jul 02 16:18:51.120636 2023] [php:error] [pid 24848:tid 3516] [client 195.96.137.6:45890] script 'C:/xampp/htdocs/default/localstart.php' not found or unable to stat
[Sun Jul 02 16:18:52.528198 2023] [cgi:error] [pid 24848:tid 3516] [client 195.96.137.6:47470] AH02811: script not found or unable to stat: C:/xampp/htdocs/default/inicio.asp
[Sun Jul 02 16:18:52.867401 2023] [cgi:error] [pid 24848:tid 3516] [client 195.96.137.6:47980] AH02811: script not found or unable to stat: C:/xampp/htdocs/default/main.cgi
[Sun Jul 02 16:18:53.180336 2023] [cgi:error] [pid 24848:tid 3516] [client 195.96.137.6:48538] AH02811: script not found or unable to stat: C:/xampp/htdocs/default/localstart.pl
[Sun Jul 02 16:18:54.105758 2023] [cgi:error] [pid 24848:tid 3516] [client 195.96.137.6:49696] AH02811: script not found or unable to stat: C:/xampp/htdocs/default/localstart.asp
[Sun Jul 02 16:18:54.217729 2023] [cgi:error] [pid 24848:tid 3516] [client 195.96.137.6:49810] AH02811: script not found or unable to stat: C:/xampp/htdocs/default/index.asp
[Sun Jul 02 16:18:54.328807 2023] [cgi:error] [pid 24848:tid 3516] [client 195.96.137.6:49928] AH02811: script not found or unable to stat: C:/xampp/htdocs/default/main.asp
[Sun Jul 02 16:18:54.499762 2023] [cgi:error] [pid 24848:tid 3516] [client 195.96.137.6:50136] AH02811: script not found or unable to stat: C:/xampp/htdocs/default/admin.pl
[Sun Jul 02 16:18:54.766615 2023] [cgi:error] [pid 24848:tid 3516] [client 195.96.137.6:50472] AH02811: script not found or unable to stat: C:/xampp/htdocs/default/start.cgi
[Sun Jul 02 16:18:54.819302 2023] [cgi:error] [pid 24848:tid 3516] [client 195.96.137.6:50510] AH02811: script not found or unable to stat: C:/xampp/htdocs/default/home.pl
[Sun Jul 02 16:18:54.925142 2023] [php:error] [pid 24848:tid 3516] [client 195.96.137.6:50606] script 'C:/xampp/htdocs/default/index.php' not found or unable to stat
[Sun Jul 02 16:18:55.201402 2023] [php:error] [pid 24848:tid 3516] [client 195.96.137.6:50908] script 'C:/xampp/htdocs/default/start.php' not found or unable to stat
[Sun Jul 02 16:18:55.310382 2023] [cgi:error] [pid 24848:tid 3516] [client 195.96.137.6:51038] AH02811: script not found or unable to stat: C:/xampp/htdocs/default/main.pl
[Sun Jul 02 16:19:04.344706 2023] [php:error] [pid 24848:tid 3440] [client 161.35.114.17:50918] script 'C:/xampp/htdocs/default/wp-login.php' not found or unable to stat, referer: http://speedtest.fphosting.eu.prod.hosts.ooklaserver.net
[Sun Jul 02 18:04:21.236068 2023] [php:error] [pid 24848:tid 3516] [client 199.249.230.178:46660] script 'C:/xampp/htdocs/default/wp-login.php' not found or unable to stat
[Sun Jul 02 19:55:45.978004 2023] [php:error] [pid 24848:tid 3520] [client 14.192.25.109:48732] script 'C:/xampp/htdocs/default/wp-login.php' not found or unable to stat
[Sun Jul 02 21:48:15.672820 2023] [php:error] [pid 24848:tid 3516] [client 66.249.66.167:42400] script 'C:/xampp/htdocs/default/applicazione.php' not found or unable to stat
[Mon Jul 03 00:01:48.416553 2023] [php:error] [pid 24848:tid 3272] [client 119.23.105.36:56708] script 'C:/xampp/htdocs/default/wp-login.php' not found or unable to stat, referer: http://ns3.fphosting.eu
[Mon Jul 03 00:01:49.538161 2023] [php:error] [pid 24848:tid 3272] [client 119.23.105.36:56794] script 'C:/xampp/htdocs/default/wp-login.php' not found or unable to stat, referer: http://blog.ns3.fphosting.eu
[Mon Jul 03 04:11:26.710015 2023] [php:error] [pid 24848:tid 3408] [client 14.29.247.201:54273] script 'C:/xampp/htdocs/default/wp-login.php' not found or unable to stat
[Mon Jul 03 04:48:47.374427 2023] [php:error] [pid 24848:tid 3688] [client 4.246.180.183:61118] script 'C:/xampp/htdocs/default/xmlrpc.php' not found or unable to stat
[Mon Jul 03 12:39:40.479225 2023] [php:error] [pid 24848:tid 3440] [client 194.113.235.171:37387] script 'C:/xampp/htdocs/default/logs.php' not found or unable to stat, referer: http://fphosting.eu/logs.php
[Mon Jul 03 12:39:43.061414 2023] [php:error] [pid 24848:tid 3440] [client 194.113.235.171:47172] script 'C:/xampp/htdocs/default/wp-info.php' not found or unable to stat, referer: http://fphosting.eu/wp-info.php
[Mon Jul 03 13:32:51.127472 2023] [php:error] [pid 24848:tid 3312] [client 194.169.175.35:53051] script 'C:/xampp/htdocs/default/rindex.php' not found or unable to stat, referer: https://www.bing.com
[Mon Jul 03 14:57:37.140949 2023] [php:error] [pid 24848:tid 3440] [client 23.97.205.210:47074] script 'C:/xampp/htdocs/default/wp-login.php' not found or unable to stat, referer: http://wiki.fphosting.eu
[Mon Jul 03 14:57:37.221962 2023] [php:error] [pid 24848:tid 3440] [client 23.97.205.210:47088] script 'C:/xampp/htdocs/default/wp-login.php' not found or unable to stat, referer: http://blog.wiki.fphosting.eu
[Mon Jul 03 16:04:40.212967 2023] [php:error] [pid 24848:tid 3280] [client 148.72.245.234:38758] script 'C:/xampp/htdocs/default/wp-login.php' not found or unable to stat
[Mon Jul 03 17:08:09.543348 2023] [php:error] [pid 24848:tid 3328] [client 4.246.180.183:57601] script 'C:/xampp/htdocs/default/xmlrpc.php' not found or unable to stat
[Mon Jul 03 18:25:51.456613 2023] [php:error] [pid 30152:tid 3660] [client 110.14.63.77:44030] script 'C:/xampp/htdocs/default/wp-login.php' not found or unable to stat, referer: http://doma.fphosting.eu
[Mon Jul 03 18:25:52.638162 2023] [php:error] [pid 30152:tid 3676] [client 110.14.63.77:44164] script 'C:/xampp/htdocs/default/wp-login.php' not found or unable to stat, referer: http://blog.doma.fphosting.eu
[Mon Jul 03 19:10:36.408943 2023] [php:error] [pid 30152:tid 3684] [client 144.217.180.40:41276] script 'C:/xampp/htdocs/default/wp-login.php' not found or unable to stat
[Mon Jul 03 21:33:48.455738 2023] [php:error] [pid 30152:tid 3676] [client 134.209.152.99:45128] script 'C:/xampp/htdocs/default/upl.php' not found or unable to stat
[Mon Jul 03 21:33:50.065210 2023] [php:error] [pid 30152:tid 3676] [client 134.209.152.99:45186] script 'C:/xampp/htdocs/default/1.php' not found or unable to stat
[Mon Jul 03 22:42:40.136006 2023] [php:error] [pid 30152:tid 3668] [client 134.122.7.10:52438] script 'C:/xampp/htdocs/default/wp-login.php' not found or unable to stat, referer: http://panel.fphosting.eu
[Mon Jul 03 22:42:40.599087 2023] [php:error] [pid 30152:tid 3668] [client 134.122.7.10:52518] script 'C:/xampp/htdocs/default/wp-login.php' not found or unable to stat, referer: http://blog.panel.fphosting.eu
[Tue Jul 04 03:28:09.805425 2023] [php:error] [pid 30152:tid 3660] [client 138.197.175.143:60112] script 'C:/xampp/htdocs/default/upl.php' not found or unable to stat
[Tue Jul 04 03:28:11.411260 2023] [php:error] [pid 30152:tid 3660] [client 138.197.175.143:60156] script 'C:/xampp/htdocs/default/1.php' not found or unable to stat
[Tue Jul 04 06:08:16.391019 2023] [core:error] [pid 30152:tid 3756] [client 193.32.162.190:57214] AH10244: invalid URI path (/../../mnt/mtd/Config/Account1)
[Tue Jul 04 07:06:03.703458 2023] [php:error] [pid 30152:tid 3592] [client 72.167.67.188:58313] script 'C:/xampp/htdocs/default/wp-commentin.php' not found or unable to stat
[Tue Jul 04 07:06:03.703458 2023] [php:error] [pid 30152:tid 3644] [client 72.167.67.188:58315] script 'C:/xampp/htdocs/default/wp-cc.php' not found or unable to stat
[Tue Jul 04 07:11:03.564070 2023] [core:error] [pid 30152:tid 3792] [client 193.32.162.190:60308] AH10244: invalid URI path (/../../mnt/mtd/Config/Account2)
[Tue Jul 04 07:18:27.141370 2023] [php:error] [pid 30152:tid 3668] [client 208.109.42.14:25462] script 'C:/xampp/htdocs/default/wp-cc.php' not found or unable to stat
[Tue Jul 04 07:18:27.147369 2023] [php:error] [pid 30152:tid 3644] [client 208.109.42.14:25464] script 'C:/xampp/htdocs/default/wp-commentin.php' not found or unable to stat
[Tue Jul 04 07:20:35.436856 2023] [php:error] [pid 30152:tid 3668] [client 68.178.245.75:55205] script 'C:/xampp/htdocs/default/wp-commentin.php' not found or unable to stat
[Tue Jul 04 07:20:35.436856 2023] [php:error] [pid 30152:tid 3644] [client 68.178.245.75:55207] script 'C:/xampp/htdocs/default/wp-cc.php' not found or unable to stat
[Tue Jul 04 07:30:31.171901 2023] [php:error] [pid 30152:tid 3668] [client 72.167.67.188:20620] script 'C:/xampp/htdocs/default/wp-commentin.php' not found or unable to stat
[Tue Jul 04 07:30:31.171901 2023] [php:error] [pid 30152:tid 3644] [client 72.167.67.188:20622] script 'C:/xampp/htdocs/default/wp-cc.php' not found or unable to stat
[Tue Jul 04 07:31:20.061485 2023] [php:error] [pid 30152:tid 3644] [client 72.167.67.188:55768] script 'C:/xampp/htdocs/default/wp-cc.php' not found or unable to stat
[Tue Jul 04 07:31:20.065486 2023] [php:error] [pid 30152:tid 3792] [client 72.167.67.188:55766] script 'C:/xampp/htdocs/default/wp-commentin.php' not found or unable to stat
[Tue Jul 04 07:35:25.290364 2023] [php:error] [pid 30152:tid 3668] [client 90.156.169.128:11702] script 'C:/xampp/htdocs/default/wp-cc.php' not found or unable to stat
[Tue Jul 04 07:35:25.290364 2023] [php:error] [pid 30152:tid 3792] [client 90.156.169.128:11700] script 'C:/xampp/htdocs/default/wp-commentin.php' not found or unable to stat
[Tue Jul 04 07:43:06.666201 2023] [php:error] [pid 30152:tid 3668] [client 68.178.245.75:24099] script 'C:/xampp/htdocs/default/wp-cc.php' not found or unable to stat
[Tue Jul 04 07:43:06.666201 2023] [php:error] [pid 30152:tid 3792] [client 68.178.245.75:24101] script 'C:/xampp/htdocs/default/wp-commentin.php' not found or unable to stat
[Tue Jul 04 07:43:09.847416 2023] [php:error] [pid 30152:tid 3644] [client 208.109.42.14:11096] script 'C:/xampp/htdocs/default/wp-commentin.php' not found or unable to stat
[Tue Jul 04 07:43:09.897420 2023] [php:error] [pid 30152:tid 3756] [client 208.109.42.14:11120] script 'C:/xampp/htdocs/default/wp-cc.php' not found or unable to stat
[Tue Jul 04 07:49:11.257314 2023] [php:error] [pid 30152:tid 3756] [client 50.62.141.183:32440] script 'C:/xampp/htdocs/default/wp-cc.php' not found or unable to stat
[Tue Jul 04 07:49:11.257314 2023] [php:error] [pid 30152:tid 3644] [client 50.62.141.183:32438] script 'C:/xampp/htdocs/default/wp-commentin.php' not found or unable to stat
[Tue Jul 04 12:15:13.175384 2023] [php:error] [pid 30152:tid 3684] [client 194.169.175.36:60195] script 'C:/xampp/htdocs/default/repeater.php' not found or unable to stat
[Tue Jul 04 16:53:56.752805 2023] [php:error] [pid 30152:tid 3792] [client 111.90.150.36:51292] script 'C:/xampp/htdocs/default/wp-login.php' not found or unable to stat
[Tue Jul 04 17:11:04.861610 2023] [php:error] [pid 30152:tid 3660] [client 4.246.180.183:53291] script 'C:/xampp/htdocs/default/xmlrpc.php' not found or unable to stat
[Tue Jul 04 17:53:45.406819 2023] [php:error] [pid 30152:tid 3592] [client 208.109.78.84:14534] script 'C:/xampp/htdocs/default/wp-login.php' not found or unable to stat
[Tue Jul 04 18:03:20.477464 2023] [php:error] [pid 30152:tid 3604] [client 8.131.70.17:56112] script 'C:/xampp/htdocs/default/wp-login.php' not found or unable to stat
[Tue Jul 04 18:32:43.684012 2023] [php:error] [pid 30152:tid 3668] [client 103.167.217.137:38874] script 'C:/xampp/htdocs/default/wp-login.php' not found or unable to stat
[Tue Jul 04 19:57:04.923587 2023] [php:error] [pid 30152:tid 3668] [client 89.46.91.87:44164] script 'C:/xampp/htdocs/default/wp-login.php' not found or unable to stat
[Tue Jul 04 19:59:45.831995 2023] [php:error] [pid 30152:tid 3604] [client 185.61.154.16:52414] script 'C:/xampp/htdocs/default/wp-login.php' not found or unable to stat
[Tue Jul 04 20:50:43.794156 2023] [php:error] [pid 30152:tid 3748] [client 67.205.12.218:45212] script 'C:/xampp/htdocs/default/wp-login.php' not found or unable to stat
[Tue Jul 04 23:09:45.847725 2023] [php:error] [pid 30152:tid 3592] [client 103.148.157.88:38608] script 'C:/xampp/htdocs/default/wp-login.php' not found or unable to stat
[Wed Jul 05 02:10:05.062887 2023] [php:error] [pid 2556:tid 3696] [client 4.246.180.183:55284] script 'C:/xampp/htdocs/default/xmlrpc.php' not found or unable to stat
[Wed Jul 05 02:35:39.448097 2023] [php:error] [pid 2556:tid 3720] [client 66.249.66.82:43878] script 'C:/xampp/htdocs/default/register.php' not found or unable to stat
[Wed Jul 05 02:55:30.191408 2023] [php:error] [pid 2556:tid 3640] [client 35.216.225.253:42774] script 'C:/xampp/htdocs/default/info.php' not found or unable to stat
[Wed Jul 05 02:55:30.287957 2023] [authz_core:error] [pid 2556:tid 3640] [client 35.216.225.253:42788] AH01630: client denied by server configuration: C:/xampp/htdocs/default/server-status
[Wed Jul 05 10:01:08.909602 2023] [php:error] [pid 2556:tid 3556] [client 4.246.180.183:53972] script 'C:/xampp/htdocs/default/xmlrpc.php' not found or unable to stat
[Wed Jul 05 10:18:29.840313 2023] [php:error] [pid 2556:tid 3576] [client 4.246.180.183:54724] script 'C:/xampp/htdocs/default/xmlrpc.php' not found or unable to stat
[Wed Jul 05 11:23:32.716836 2023] [authz_core:error] [pid 2556:tid 3576] [client 165.154.36.182:33964] AH01630: client denied by server configuration: C:/xampp/phpMyAdmin/index.php
[Wed Jul 05 11:23:33.677316 2023] [php:error] [pid 2556:tid 3576] [client 165.154.36.182:34614] script 'C:/xampp/htdocs/default/index_sso.php' not found or unable to stat
[Wed Jul 05 13:42:49.162420 2023] [php:error] [pid 2556:tid 3632] [client 119.84.145.82:49606] script 'C:/xampp/htdocs/default/wp-login.php' not found or unable to stat
[Wed Jul 05 17:41:15.261585 2023] [php:error] [pid 2556:tid 3656] [client 42.200.231.120:58994] script 'C:/xampp/htdocs/default/wp-login.php' not found or unable to stat
[Wed Jul 05 19:34:50.321296 2023] [php:error] [pid 2556:tid 3688] [client 194.113.235.171:48691] script 'C:/xampp/htdocs/default/license.php' not found or unable to stat, referer: http://fphosting.eu/license.php
[Wed Jul 05 19:38:01.385982 2023] [php:error] [pid 2556:tid 3688] [client 103.90.228.106:55862] script 'C:/xampp/htdocs/default/wp-login.php' not found or unable to stat
[Wed Jul 05 20:44:18.649380 2023] [php:error] [pid 2556:tid 3720] [client 5.101.156.211:12739] script 'C:/xampp/htdocs/default/wp-login.php' not found or unable to stat
[Wed Jul 05 21:17:13.240977 2023] [php:error] [pid 2556:tid 3656] [client 103.174.10.83:37472] script 'C:/xampp/htdocs/default/wp-login.php' not found or unable to stat
[Wed Jul 05 21:18:31.050091 2023] [php:error] [pid 2556:tid 3656] [client 68.65.122.149:42024] script 'C:/xampp/htdocs/default/wp-login.php' not found or unable to stat
[Wed Jul 05 21:26:14.354230 2023] [php:error] [pid 2556:tid 3656] [client 160.153.157.129:55500] script 'C:/xampp/htdocs/default/wp-login.php' not found or unable to stat
[Wed Jul 05 22:32:27.959800 2023] [php:error] [pid 2556:tid 3608] [client 198.71.235.3:28147] script 'C:/xampp/htdocs/default/wp-login.php' not found or unable to stat
[Wed Jul 05 23:17:45.687333 2023] [php:error] [pid 2556:tid 3680] [client 68.178.150.172:26781] script 'C:/xampp/htdocs/default/wp-login.php' not found or unable to stat
[Wed Jul 05 23:34:23.483838 2023] [php:error] [pid 2556:tid 3680] [client 208.109.34.70:36228] script 'C:/xampp/htdocs/default/wp-login.php' not found or unable to stat
[Wed Jul 05 23:59:15.886282 2023] [php:error] [pid 2556:tid 3656] [client 172.107.241.110:48056] script 'C:/xampp/htdocs/default/wp-login.php' not found or unable to stat
[Wed Jul 05 23:59:46.515688 2023] [php:error] [pid 2556:tid 3680] [client 164.92.205.132:44768] script 'C:/xampp/htdocs/default/wp-login.php' not found or unable to stat
[Thu Jul 06 00:51:49.977344 2023] [php:error] [pid 2556:tid 3632] [client 185.233.116.182:51950] script 'C:/xampp/htdocs/default/style.php' not found or unable to stat
[Thu Jul 06 00:57:10.252537 2023] [php:error] [pid 2556:tid 3632] [client 4.246.180.183:51865] script 'C:/xampp/htdocs/default/xmlrpc.php' not found or unable to stat
[Thu Jul 06 01:12:24.865001 2023] [php:error] [pid 2556:tid 3600] [client 139.177.188.79:36914] script 'C:/xampp/htdocs/default/wp-login.php' not found or unable to stat
[Thu Jul 06 01:34:26.249064 2023] [php:error] [pid 2556:tid 3608] [client 4.246.180.183:61872] script 'C:/xampp/htdocs/default/xmlrpc.php' not found or unable to stat
[Thu Jul 06 04:33:12.060770 2023] [php:error] [pid 2556:tid 3608] [client 194.169.175.37:60341] script 'C:/xampp/htdocs/default/style.php' not found or unable to stat
[Thu Jul 06 05:37:16.400518 2023] [cgi:error] [pid 2556:tid 3664] [client 112.239.71.115:43125] AH02811: script not found or unable to stat: C:/xampp/htdocs/default/setup.cgi
[Thu Jul 06 06:24:28.737202 2023] [php:error] [pid 2556:tid 3608] [client 188.166.230.165:50922] script 'C:/xampp/htdocs/default/upl.php' not found or unable to stat
[Thu Jul 06 06:24:30.553995 2023] [php:error] [pid 2556:tid 3608] [client 188.166.230.165:55028] script 'C:/xampp/htdocs/default/1.php' not found or unable to stat
[Thu Jul 06 13:49:28.793864 2023] [php:error] [pid 2556:tid 3656] [client 202.188.220.53:34442] script 'C:/xampp/htdocs/default/wp-commentin.php' not found or unable to stat
[Thu Jul 06 13:49:28.793864 2023] [php:error] [pid 2556:tid 3608] [client 202.188.220.53:34458] script 'C:/xampp/htdocs/default/wp-cc.php' not found or unable to stat
[Thu Jul 06 18:32:57.489887 2023] [php:error] [pid 2556:tid 3568] [client 185.165.116.18:37490] script 'C:/xampp/htdocs/default/wp-login.php' not found or unable to stat
[Thu Jul 06 21:22:57.270164 2023] [php:error] [pid 2556:tid 3536] [client 159.223.173.153:33846] script 'C:/xampp/htdocs/default/wp-login.php' not found or unable to stat, referer: http://emily.fphosting.eu
