[Wed May 24 23:15:34.456433 2023] [php:error] [pid 12896:tid 3700] [client 67.205.191.23:33574] script 'C:/xampp/htdocs/default/wp-login.php' not found or unable to stat, referer: http://wiki.fpproduction.eu
[Wed May 24 23:15:34.817194 2023] [php:error] [pid 12896:tid 3700] [client 67.205.191.23:33590] script 'C:/xampp/htdocs/default/wp-login.php' not found or unable to stat, referer: http://blog.wiki.fpproduction.eu
[Thu May 25 00:45:12.733444 2023] [php:error] [pid 12896:tid 3640] [client 159.89.172.158:38704] script 'C:/xampp/htdocs/default/wp-login.php' not found or unable to stat
[Thu May 25 01:03:00.539235 2023] [php:error] [pid 12896:tid 3596] [client 150.95.183.194:59054] script 'C:/xampp/htdocs/default/wp-login.php' not found or unable to stat
[Thu May 25 02:01:03.295195 2023] [php:error] [pid 12896:tid 3700] [client 137.184.36.105:58976] script 'C:/xampp/htdocs/default/wp-login.php' not found or unable to stat
[Thu May 25 02:06:53.597844 2023] [php:error] [pid 12896:tid 3700] [client 152.89.44.241:34722] script 'C:/xampp/htdocs/default/wp-login.php' not found or unable to stat
[Thu May 25 02:41:49.255994 2023] [php:error] [pid 12896:tid 3604] [client 152.32.191.185:33186] script 'C:/xampp/htdocs/default/wp-login.php' not found or unable to stat
[Thu May 25 05:02:57.838635 2023] [php:error] [pid 12896:tid 3596] [client 68.183.205.124:58362] script 'C:/xampp/htdocs/default/upl.php' not found or unable to stat
[Thu May 25 05:02:59.094980 2023] [php:error] [pid 12896:tid 3596] [client 68.183.205.124:58390] script 'C:/xampp/htdocs/default/1.php' not found or unable to stat
[Thu May 25 07:21:13.714947 2023] [php:error] [pid 12896:tid 3596] [client 209.97.129.116:47808] script 'C:/xampp/htdocs/default/wp-login.php' not found or unable to stat, referer: http://terms.fpproduction.eu
[Thu May 25 07:21:13.784942 2023] [php:error] [pid 12896:tid 3596] [client 209.97.129.116:47810] script 'C:/xampp/htdocs/default/wp-login.php' not found or unable to stat, referer: http://blog.terms.fpproduction.eu
[Thu May 25 08:17:16.319196 2023] [php:error] [pid 12896:tid 3596] [client 50.54.141.13:13254] script 'C:/xampp/htdocs/default/wp-login.php' not found or unable to stat, referer: http://ns4.fphosting.eu
[Thu May 25 08:17:17.295910 2023] [php:error] [pid 12896:tid 3596] [client 50.54.141.13:12783] script 'C:/xampp/htdocs/default/wp-login.php' not found or unable to stat, referer: http://blog.ns4.fphosting.eu
[Thu May 25 08:57:06.711252 2023] [php:error] [pid 12896:tid 3688] [client 66.249.66.11:44540] script 'C:/xampp/htdocs/default/index.php' not found or unable to stat
[Thu May 25 09:12:52.208409 2023] [php:error] [pid 12896:tid 3688] [client 103.5.126.21:9000] script 'C:/xampp/htdocs/default/config.php' not found or unable to stat
[Thu May 25 11:53:14.749268 2023] [php:error] [pid 12896:tid 3608] [client 167.172.34.136:49642] script 'C:/xampp/htdocs/default/wp-login.php' not found or unable to stat, referer: http://mta-sts.mx.fphosting.eu
[Thu May 25 11:53:14.857264 2023] [php:error] [pid 12896:tid 3608] [client 167.172.34.136:49702] script 'C:/xampp/htdocs/default/wp-login.php' not found or unable to stat, referer: http://blog.mta-sts.mx.fphosting.eu
[Thu May 25 12:48:48.394744 2023] [authz_core:error] [pid 12896:tid 3724] [client 104.140.148.118:59572] AH01630: client denied by server configuration: C:/xampp/htdocs/default/server-status
[Thu May 25 16:18:19.799303 2023] [php:error] [pid 12896:tid 3408] [client 103.7.40.39:47742] script 'C:/xampp/htdocs/default/wp-login.php' not found or unable to stat
[Thu May 25 17:59:23.609799 2023] [php:error] [pid 12896:tid 3724] [client 93.114.235.167:43744] script 'C:/xampp/htdocs/default/wp-login.php' not found or unable to stat
[Thu May 25 18:21:14.298840 2023] [php:error] [pid 12896:tid 3504] [client 194.113.235.171:43088] script 'C:/xampp/htdocs/default/help.php' not found or unable to stat, referer: http://fphosting.eu/help.php
[Thu May 25 18:21:14.795813 2023] [php:error] [pid 12896:tid 3504] [client 194.113.235.171:49339] script 'C:/xampp/htdocs/default/help.php' not found or unable to stat, referer: http://fpproduction.eu/help.php
[Thu May 25 18:36:52.235866 2023] [php:error] [pid 12896:tid 3728] [client 59.36.173.223:52854] script 'C:/xampp/htdocs/default/wp-login.php' not found or unable to stat
[Thu May 25 19:05:57.654885 2023] [php:error] [pid 12896:tid 3724] [client 44.213.80.38:56082] script 'C:/xampp/htdocs/default/gate.php' not found or unable to stat
[Thu May 25 20:29:28.280833 2023] [authz_core:error] [pid 12896:tid 3336] [client 161.35.176.95:48156] AH01630: client denied by server configuration: C:/xampp/htdocs/default/server-status
[Thu May 25 22:43:23.937831 2023] [php:error] [pid 12896:tid 3336] [client 101.43.19.48:57876] script 'C:/xampp/htdocs/default/wp-login.php' not found or unable to stat
[Fri May 26 05:03:59.876798 2023] [php:error] [pid 12896:tid 3436] [client 140.238.69.139:52705] script 'C:/xampp/htdocs/default/phpinfo.php' not found or unable to stat
[Fri May 26 05:04:00.876624 2023] [php:error] [pid 12896:tid 3436] [client 140.238.69.139:56081] script 'C:/xampp/htdocs/default/info.php' not found or unable to stat
[Fri May 26 05:04:02.012573 2023] [php:error] [pid 12896:tid 3436] [client 140.238.69.139:63529] script 'C:/xampp/htdocs/default/php.php' not found or unable to stat
[Fri May 26 05:04:03.179627 2023] [php:error] [pid 12896:tid 3436] [client 140.238.69.139:63493] script 'C:/xampp/htdocs/default/test.php' not found or unable to stat
[Fri May 26 05:27:53.774366 2023] [php:error] [pid 12896:tid 3304] [client 66.249.66.12:57488] script 'C:/xampp/htdocs/default/waplogin.php' not found or unable to stat
[Fri May 26 07:49:18.367656 2023] [php:error] [pid 12896:tid 3724] [client 45.55.135.165:45918] script 'C:/xampp/htdocs/default/wp-login.php' not found or unable to stat, referer: http://speedtest.fphosting.eu
[Fri May 26 07:49:18.733982 2023] [php:error] [pid 12896:tid 3724] [client 45.55.135.165:45962] script 'C:/xampp/htdocs/default/wp-login.php' not found or unable to stat, referer: http://blog.speedtest.fphosting.eu
[Fri May 26 08:49:59.609789 2023] [php:error] [pid 12896:tid 3436] [client 66.249.66.83:45999] script 'C:/xampp/htdocs/default/login.php' not found or unable to stat
[Fri May 26 09:57:47.136957 2023] [authz_core:error] [pid 12896:tid 3724] [client 172.105.246.139:60098] AH01630: client denied by server configuration: C:/xampp/htdocs/default/server-status
[Fri May 26 15:33:11.679536 2023] [php:error] [pid 12896:tid 3476] [client 185.181.61.115:52500] script 'C:/xampp/htdocs/default/wp-login.php' not found or unable to stat
[Fri May 26 16:33:44.852896 2023] [php:error] [pid 12896:tid 3484] [client 134.122.105.181:43530] script 'C:/xampp/htdocs/default/wp-login.php' not found or unable to stat, referer: http://speedtest.fphosting.eu.prod.hosts.ooklaserver.net
[Fri May 26 19:27:27.494376 2023] [php:error] [pid 12896:tid 3700] [client 191.101.229.115:44554] script 'C:/xampp/htdocs/default/wp-login.php' not found or unable to stat
[Fri May 26 19:31:30.904882 2023] [php:error] [pid 12896:tid 3336] [client 190.107.177.243:45502] script 'C:/xampp/htdocs/default/wp-login.php' not found or unable to stat
[Fri May 26 21:03:51.263890 2023] [php:error] [pid 12896:tid 3476] [client 150.95.112.79:60672] script 'C:/xampp/htdocs/default/wp-login.php' not found or unable to stat
[Fri May 26 21:19:59.450244 2023] [php:error] [pid 12896:tid 3476] [client 104.243.26.114:56986] script 'C:/xampp/htdocs/default/wp-login.php' not found or unable to stat
[Fri May 26 21:48:14.240677 2023] [php:error] [pid 12896:tid 3476] [client 134.122.105.181:54136] script 'C:/xampp/htdocs/default/wp-login.php' not found or unable to stat, referer: http://ns3.fphosting.eu
[Fri May 26 21:48:14.360688 2023] [php:error] [pid 12896:tid 3476] [client 134.122.105.181:54156] script 'C:/xampp/htdocs/default/wp-login.php' not found or unable to stat, referer: http://blog.ns3.fphosting.eu
[Fri May 26 22:08:16.396851 2023] [php:error] [pid 12896:tid 3488] [client 162.214.102.121:46680] script 'C:/xampp/htdocs/default/wp-login.php' not found or unable to stat
[Fri May 26 22:42:32.656070 2023] [php:error] [pid 12896:tid 3320] [client 119.45.38.194:35828] script 'C:/xampp/htdocs/default/wp-login.php' not found or unable to stat
[Sat May 27 01:18:27.989217 2023] [php:error] [pid 12896:tid 3476] [client 178.20.55.16:58166] script 'C:/xampp/htdocs/default/wp-login.php' not found or unable to stat
[Sat May 27 01:43:13.994472 2023] [php:error] [pid 12896:tid 3476] [client 216.250.116.85:39982] script 'C:/xampp/htdocs/default/wp-login.php' not found or unable to stat
[Sat May 27 01:52:36.425510 2023] [php:error] [pid 12896:tid 3476] [client 116.62.49.96:57080] script 'C:/xampp/htdocs/default/wp-login.php' not found or unable to stat
[Sat May 27 04:56:08.727802 2023] [php:error] [pid 12896:tid 3476] [client 186.64.119.145:58178] script 'C:/xampp/htdocs/default/wp-login.php' not found or unable to stat
[Sat May 27 05:13:17.522869 2023] [php:error] [pid 12896:tid 3304] [client 87.106.198.168:41448] script 'C:/xampp/htdocs/default/wp-login.php' not found or unable to stat
[Sat May 27 08:02:14.429529 2023] [php:error] [pid 12896:tid 3336] [client 59.11.214.75:35632] script 'C:/xampp/htdocs/default/wp-login.php' not found or unable to stat, referer: http://wiki.fphosting.eu
[Sat May 27 08:02:15.910553 2023] [php:error] [pid 12896:tid 3336] [client 59.11.214.75:36326] script 'C:/xampp/htdocs/default/wp-login.php' not found or unable to stat, referer: http://blog.wiki.fphosting.eu
[Sat May 27 08:15:56.381182 2023] [php:error] [pid 12896:tid 3304] [client 5.188.210.227:55603] script 'C:/xampp/htdocs/default/echo.php' not found or unable to stat, referer: https://www.google.com/
[Sat May 27 08:54:22.846699 2023] [php:error] [pid 12896:tid 3484] [client 16.16.120.29:50306] script 'C:/xampp/htdocs/default/wp-config.php' not found or unable to stat
[Sat May 27 09:54:09.919284 2023] [php:error] [pid 12896:tid 3724] [client 35.194.233.240:18198] script 'C:/xampp/htdocs/default/wp-login.php' not found or unable to stat
[Sat May 27 10:08:06.525754 2023] [php:error] [pid 12896:tid 3336] [client 216.244.66.229:52672] script 'C:/xampp/htdocs/default/login.php' not found or unable to stat
[Sat May 27 10:22:51.958163 2023] [php:error] [pid 12896:tid 3336] [client 59.11.214.75:35474] script 'C:/xampp/htdocs/default/wp-login.php' not found or unable to stat, referer: http://doma.fphosting.eu
[Sat May 27 10:22:53.244567 2023] [php:error] [pid 12896:tid 3336] [client 59.11.214.75:36256] script 'C:/xampp/htdocs/default/wp-login.php' not found or unable to stat, referer: http://blog.doma.fphosting.eu
[Sat May 27 10:58:54.616315 2023] [php:error] [pid 12896:tid 3476] [client 13.200.20.90:49930] script 'C:/xampp/htdocs/default/wp-config.php' not found or unable to stat
[Sat May 27 12:15:09.065601 2023] [php:error] [pid 12896:tid 3488] [client 66.249.70.82:43041] script 'C:/xampp/htdocs/default/app.php' not found or unable to stat
[Sat May 27 15:14:31.834721 2023] [authz_core:error] [pid 12896:tid 3360] [client 104.140.148.118:62542] AH01630: client denied by server configuration: C:/xampp/htdocs/default/server-status
[Sat May 27 15:39:43.153357 2023] [php:error] [pid 12896:tid 3476] [client 14.29.229.15:61703] script 'C:/xampp/htdocs/default/wp-login.php' not found or unable to stat
[Sat May 27 17:44:15.096082 2023] [php:error] [pid 12896:tid 3428] [client 103.252.119.10:61526] script 'C:/xampp/htdocs/default/wp-plain.php' not found or unable to stat, referer: www.google.com
[Sat May 27 17:44:16.055302 2023] [php:error] [pid 12896:tid 3428] [client 103.252.119.10:61526] script 'C:/xampp/htdocs/default/vfgrvfct.php' not found or unable to stat, referer: www.google.com
[Sat May 27 21:08:06.546609 2023] [php:error] [pid 12896:tid 3436] [client 134.122.7.10:60938] script 'C:/xampp/htdocs/default/wp-login.php' not found or unable to stat, referer: http://email.fphosting.eu
[Sat May 27 21:08:07.214684 2023] [php:error] [pid 12896:tid 3436] [client 134.122.7.10:32816] script 'C:/xampp/htdocs/default/wp-login.php' not found or unable to stat, referer: http://blog.email.fphosting.eu
[Sun May 28 05:15:36.181416 2023] [php:error] [pid 12896:tid 3476] [client 23.97.205.210:42706] script 'C:/xampp/htdocs/default/wp-login.php' not found or unable to stat, referer: http://ucp.fpproduction.eu
[Sun May 28 05:15:36.266486 2023] [php:error] [pid 12896:tid 3476] [client 23.97.205.210:42724] script 'C:/xampp/htdocs/default/wp-login.php' not found or unable to stat, referer: http://blog.ucp.fpproduction.eu
[Sun May 28 05:41:38.322425 2023] [core:error] [pid 12896:tid 3488] (OS 87)Parametr není správný. : [client 167.99.190.225:53198] AH00127: Cannot map GET /3000D00E0000FFFF3F0031313744373731343634304537353046007A7A7A7A7A7A7A7A7A7A7A7A7A7A7A0000000000000000000000000000000000000000000000000000000000000000000000000000000000000000000001000008047A7A7A7A7A7A7A7A7A0000000000000000000000000000000000000000000000000000000000000000 HTTP/1.1 to file
[Sun May 28 10:16:26.482622 2023] [php:error] [pid 12896:tid 3428] [client 120.224.42.111:26946] script 'C:/xampp/htdocs/default/xmlrpc.php' not found or unable to stat
[Sun May 28 10:37:18.526733 2023] [php:error] [pid 12896:tid 3428] [client 120.224.42.111:37853] script 'C:/xampp/htdocs/default/xmlrpc.php' not found or unable to stat
[Sun May 28 15:06:28.333677 2023] [php:error] [pid 12896:tid 3360] [client 194.113.235.171:52816] script 'C:/xampp/htdocs/default/readme.php' not found or unable to stat, referer: http://fphosting.eu/readme.php
[Sun May 28 15:06:28.750167 2023] [php:error] [pid 12896:tid 3700] [client 194.113.235.171:56976] script 'C:/xampp/htdocs/default/readme.php' not found or unable to stat, referer: http://fpproduction.eu/readme.php
[Sun May 28 15:40:33.724872 2023] [php:error] [pid 12896:tid 3360] [client 45.33.102.254:36208] script 'C:/xampp/htdocs/default/wp-login.php' not found or unable to stat
[Sun May 28 16:35:30.747334 2023] [php:error] [pid 12896:tid 3488] [client 38.54.6.226:63141] script 'C:/xampp/htdocs/default/index.php' not found or unable to stat
[Sun May 28 16:35:30.861362 2023] [authz_core:error] [pid 12896:tid 3488] [client 38.54.6.226:63141] AH01630: client denied by server configuration: C:/xampp/phpMyAdmin/index.php
[Sun May 28 18:55:36.363458 2023] [php:error] [pid 12896:tid 3488] [client 13.212.82.2:53644] script 'C:/xampp/htdocs/default/frontend_dev.php' not found or unable to stat
[Sun May 28 18:55:38.104022 2023] [php:error] [pid 12896:tid 3488] [client 13.212.82.2:56011] script 'C:/xampp/htdocs/default/php-info.php' not found or unable to stat
[Sun May 28 18:55:38.528811 2023] [php:error] [pid 12896:tid 3488] [client 13.212.82.2:56546] script 'C:/xampp/htdocs/default/pinfo.php' not found or unable to stat
[Sun May 28 18:55:38.951371 2023] [php:error] [pid 12896:tid 3488] [client 13.212.82.2:57133] script 'C:/xampp/htdocs/default/phpinfo.php' not found or unable to stat
[Sun May 28 18:55:41.982810 2023] [php:error] [pid 12896:tid 3488] [client 13.212.82.2:61214] script 'C:/xampp/htdocs/default/temp.php' not found or unable to stat
[Sun May 28 18:55:42.427843 2023] [php:error] [pid 12896:tid 3488] [client 13.212.82.2:61861] script 'C:/xampp/htdocs/default/linusadmin-phpinfo.php' not found or unable to stat
[Sun May 28 18:55:42.889050 2023] [php:error] [pid 12896:tid 3488] [client 13.212.82.2:62473] script 'C:/xampp/htdocs/default/php.php' not found or unable to stat
[Sun May 28 18:55:43.755474 2023] [php:error] [pid 12896:tid 3488] [client 13.212.82.2:63634] script 'C:/xampp/htdocs/default/info.php' not found or unable to stat
[Sun May 28 18:55:45.951070 2023] [php:error] [pid 12896:tid 3488] [client 13.212.82.2:50023] script 'C:/xampp/htdocs/default/infos.php' not found or unable to stat
[Sun May 28 18:55:46.384232 2023] [php:error] [pid 12896:tid 3488] [client 13.212.82.2:50459] script 'C:/xampp/htdocs/default/php_info.php' not found or unable to stat
[Sun May 28 18:55:46.835522 2023] [php:error] [pid 12896:tid 3488] [client 13.212.82.2:50870] script 'C:/xampp/htdocs/default/app_dev.php' not found or unable to stat
[Sun May 28 19:59:20.782099 2023] [php:error] [pid 15320:tid 3716] [client 178.62.2.17:51586] script 'C:/xampp/htdocs/default/upl.php' not found or unable to stat
[Sun May 28 19:59:21.149100 2023] [php:error] [pid 15320:tid 3716] [client 178.62.2.17:51628] script 'C:/xampp/htdocs/default/1.php' not found or unable to stat
[Sun May 28 20:58:19.589854 2023] [php:error] [pid 15320:tid 3652] [client 66.249.65.24:60417] script 'C:/xampp/htdocs/default/help.php' not found or unable to stat
[Sun May 28 23:25:17.545591 2023] [php:error] [pid 15320:tid 3696] [client 119.23.105.36:39128] script 'C:/xampp/htdocs/default/wp-login.php' not found or unable to stat, referer: http://emily.fphosting.eu
[Sun May 28 23:25:18.430576 2023] [php:error] [pid 15320:tid 3696] [client 119.23.105.36:39370] script 'C:/xampp/htdocs/default/wp-login.php' not found or unable to stat, referer: http://blog.emily.fphosting.eu
[Mon May 29 00:00:18.092285 2023] [php:error] [pid 15320:tid 3680] [client 59.11.214.75:36942] script 'C:/xampp/htdocs/default/wp-login.php' not found or unable to stat, referer: http://fphosting.eu
[Mon May 29 00:00:19.159180 2023] [php:error] [pid 15320:tid 3680] [client 59.11.214.75:37486] script 'C:/xampp/htdocs/default/wp-login.php' not found or unable to stat, referer: http://blog.fphosting.eu
[Mon May 29 09:30:49.845602 2023] [php:error] [pid 15320:tid 3656] [client 115.165.166.162:35724] script 'C:/xampp/htdocs/default/wp-login.php' not found or unable to stat, referer: http://forum.fphosting.eu
[Mon May 29 09:30:50.898745 2023] [php:error] [pid 15320:tid 3656] [client 115.165.166.162:35848] script 'C:/xampp/htdocs/default/wp-login.php' not found or unable to stat, referer: http://blog.forum.fphosting.eu
[Mon May 29 11:14:02.492947 2023] [php:error] [pid 15320:tid 3604] [client 59.11.214.75:39366] script 'C:/xampp/htdocs/default/wp-login.php' not found or unable to stat, referer: http://tv.fphosting.eu
[Mon May 29 11:14:03.952104 2023] [php:error] [pid 15320:tid 3604] [client 59.11.214.75:40284] script 'C:/xampp/htdocs/default/wp-login.php' not found or unable to stat, referer: http://blog.tv.fphosting.eu
[Mon May 29 13:35:57.313930 2023] [php:error] [pid 15320:tid 3636] [client 103.90.224.210:62938] script 'C:/xampp/htdocs/default/index.php' not found or unable to stat
[Mon May 29 13:35:57.613275 2023] [authz_core:error] [pid 15320:tid 3636] [client 103.90.224.210:62938] AH01630: client denied by server configuration: C:/xampp/phpMyAdmin/index.php
[Mon May 29 16:42:15.764637 2023] [php:error] [pid 15320:tid 3556] [client 77.238.122.196:47394] script 'C:/xampp/htdocs/default/wp-login.php' not found or unable to stat
[Mon May 29 19:35:33.503140 2023] [php:error] [pid 15320:tid 3604] [client 37.148.211.122:47332] script 'C:/xampp/htdocs/default/wp-login.php' not found or unable to stat
[Mon May 29 21:45:32.716512 2023] [php:error] [pid 15320:tid 3664] [client 159.223.80.194:52354] script 'C:/xampp/htdocs/default/upl.php' not found or unable to stat
[Mon May 29 21:45:34.595345 2023] [php:error] [pid 15320:tid 3664] [client 159.223.80.194:52382] script 'C:/xampp/htdocs/default/1.php' not found or unable to stat
[Tue May 30 06:04:03.842442 2023] [php:error] [pid 15320:tid 3612] [client 161.35.114.17:51654] script 'C:/xampp/htdocs/default/wp-login.php' not found or unable to stat, referer: http://mta-sts.fphosting.eu
[Tue May 30 06:04:04.212432 2023] [php:error] [pid 15320:tid 3612] [client 161.35.114.17:51704] script 'C:/xampp/htdocs/default/wp-login.php' not found or unable to stat, referer: http://blog.mta-sts.fphosting.eu
[Tue May 30 06:32:53.630726 2023] [php:error] [pid 15320:tid 3612] [client 124.223.103.201:55644] script 'C:/xampp/htdocs/default/index.php' not found or unable to stat
[Tue May 30 06:32:53.837688 2023] [authz_core:error] [pid 15320:tid 3612] [client 124.223.103.201:55644] AH01630: client denied by server configuration: C:/xampp/phpMyAdmin/index.php
[Tue May 30 07:52:52.036684 2023] [php:error] [pid 15320:tid 3612] [client 107.189.13.251:55640] script 'C:/xampp/htdocs/default/wp-login.php' not found or unable to stat
[Tue May 30 10:37:14.493652 2023] [core:error] [pid 15320:tid 3544] [client 185.180.143.140:47826] AH10244: invalid URI path (/icons/.%%32%65/.%%32%65/apache2/icons/non-existant-image.png)
[Tue May 30 10:37:14.558594 2023] [core:error] [pid 15320:tid 3544] [client 185.180.143.140:47838] AH10244: invalid URI path (/icons/.%%32%65/.%%32%65/apache2/icons/sphere1.png)
[Tue May 30 10:37:14.624513 2023] [core:error] [pid 15320:tid 3544] [client 185.180.143.140:47852] AH10244: invalid URI path (/icons/.%2e/%2e%2e/apache2/icons/sphere1.png)
[Tue May 30 11:24:03.524541 2023] [php:error] [pid 15320:tid 3656] [client 66.249.79.175:38599] script 'C:/xampp/htdocs/default/index.PHP' not found or unable to stat
[Tue May 30 11:24:04.683409 2023] [php:error] [pid 15320:tid 3612] [client 66.249.79.166:50264] script 'C:/xampp/htdocs/default/index.php' not found or unable to stat
[Tue May 30 13:52:46.190831 2023] [php:error] [pid 15320:tid 3596] [client 101.43.84.32:50448] script 'C:/xampp/htdocs/default/index.php' not found or unable to stat
[Tue May 30 13:52:46.398823 2023] [authz_core:error] [pid 15320:tid 3596] [client 101.43.84.32:50448] AH01630: client denied by server configuration: C:/xampp/phpMyAdmin/index.php
[Tue May 30 17:29:32.275173 2023] [php:error] [pid 15320:tid 3556] [client 45.88.223.160:51878] script 'C:/xampp/htdocs/default/wp-login.php' not found or unable to stat
[Tue May 30 18:39:48.680278 2023] [php:error] [pid 15320:tid 3656] [client 183.56.249.160:60126] script 'C:/xampp/htdocs/default/wp-login.php' not found or unable to stat
[Wed May 31 03:42:29.494389 2023] [php:error] [pid 15320:tid 3596] [client 109.70.100.4:26952] script 'C:/xampp/htdocs/default/wp-login.php' not found or unable to stat
[Wed May 31 05:03:13.944713 2023] [php:error] [pid 15320:tid 3636] [client 159.223.120.101:51480] script 'C:/xampp/htdocs/default/xmlrpc.php' not found or unable to stat
[Wed May 31 06:19:39.462750 2023] [php:error] [pid 15320:tid 3680] [client 18.170.228.24:52782] script 'C:/xampp/htdocs/default/xmlrpc.php' not found or unable to stat
[Wed May 31 06:19:54.316448 2023] [php:error] [pid 15320:tid 3604] [client 18.170.228.24:54377] script 'C:/xampp/htdocs/default/xmlrpc.php' not found or unable to stat
[Wed May 31 11:11:56.841338 2023] [php:error] [pid 15320:tid 3556] [client 138.197.143.129:43266] script 'C:/xampp/htdocs/default/wp-login.php' not found or unable to stat, referer: http://cudlik.fphosting.eu
[Wed May 31 11:11:57.197956 2023] [php:error] [pid 15320:tid 3556] [client 138.197.143.129:43316] script 'C:/xampp/htdocs/default/wp-login.php' not found or unable to stat, referer: http://blog.cudlik.fphosting.eu
[Wed May 31 13:26:11.835666 2023] [php:error] [pid 15320:tid 3612] [client 185.220.101.65:41877] script 'C:/xampp/htdocs/default/wp-login.php' not found or unable to stat
[Wed May 31 14:49:03.900627 2023] [php:error] [pid 15320:tid 3604] [client 91.127.217.31:61082] script 'C:/xampp/htdocs/default/nwcvuzul.php' not found or unable to stat
[Wed May 31 17:16:00.525516 2023] [php:error] [pid 15320:tid 3664] [client 192.210.206.253:23988] script 'C:/xampp/htdocs/default/wp-login.php' not found or unable to stat
[Wed May 31 17:27:54.515923 2023] [php:error] [pid 15320:tid 3664] [client 177.53.141.237:47142] script 'C:/xampp/htdocs/default/wp-login.php' not found or unable to stat
[Wed May 31 18:05:39.520580 2023] [php:error] [pid 15320:tid 3716] [client 207.246.78.155:53930] script 'C:/xampp/htdocs/default/wp-login.php' not found or unable to stat
[Wed May 31 18:26:43.886919 2023] [php:error] [pid 15320:tid 3604] [client 171.244.21.74:13356] script 'C:/xampp/htdocs/default/wp-login.php' not found or unable to stat
[Wed May 31 19:52:43.828403 2023] [php:error] [pid 15320:tid 3716] [client 89.117.54.103:51718] script 'C:/xampp/htdocs/default/wp-login.php' not found or unable to stat
[Wed May 31 19:56:04.235587 2023] [php:error] [pid 15320:tid 3652] [client 93.115.31.165:53902] script 'C:/xampp/htdocs/default/wp-login.php' not found or unable to stat
[Wed May 31 20:44:34.069929 2023] [php:error] [pid 15320:tid 3532] [client 3.227.252.71:35722] script 'C:/xampp/htdocs/default/gate.php' not found or unable to stat
[Wed May 31 20:49:17.086761 2023] [php:error] [pid 15320:tid 3664] [client 212.83.146.166:59904] script 'C:/xampp/htdocs/default/wp-login.php' not found or unable to stat
[Wed May 31 20:52:58.344799 2023] [php:error] [pid 15320:tid 3696] [client 157.230.172.131:43834] script 'C:/xampp/htdocs/default/wp-login.php' not found or unable to stat
[Wed May 31 21:59:37.263147 2023] [php:error] [pid 15320:tid 3696] [client 66.249.66.12:37172] script 'C:/xampp/htdocs/default/app.php' not found or unable to stat
[Wed May 31 22:21:22.589774 2023] [php:error] [pid 15320:tid 3652] [client 78.135.77.132:45176] script 'C:/xampp/htdocs/default/wp-login.php' not found or unable to stat
[Thu Jun 01 00:19:15.302501 2023] [php:error] [pid 15320:tid 3644] [client 154.0.175.240:55763] script 'C:/xampp/htdocs/default/wp-login.php' not found or unable to stat
[Thu Jun 01 01:21:32.610661 2023] [php:error] [pid 15320:tid 3508] [client 161.35.114.17:50730] script 'C:/xampp/htdocs/default/wp-login.php' not found or unable to stat, referer: http://wiki.fpproduction.eu
[Thu Jun 01 01:21:32.848452 2023] [php:error] [pid 15320:tid 3508] [client 161.35.114.17:50762] script 'C:/xampp/htdocs/default/wp-login.php' not found or unable to stat, referer: http://blog.wiki.fpproduction.eu
[Thu Jun 01 05:10:39.317451 2023] [php:error] [pid 15320:tid 3556] [client 66.249.66.35:56530] script 'C:/xampp/htdocs/default/help.php' not found or unable to stat
[Thu Jun 01 05:49:11.055835 2023] [php:error] [pid 15320:tid 3680] [client 14.18.120.74:49315] script 'C:/xampp/htdocs/default/wp-login.php' not found or unable to stat
[Thu Jun 01 06:58:30.803778 2023] [php:error] [pid 15320:tid 3508] [client 194.113.235.171:49457] script 'C:/xampp/htdocs/default/about.php' not found or unable to stat, referer: http://fphosting.eu/about.php
[Thu Jun 01 06:58:31.683494 2023] [php:error] [pid 15320:tid 3508] [client 194.113.235.171:55054] script 'C:/xampp/htdocs/default/about.php' not found or unable to stat, referer: http://fpproduction.eu/about.php
[Thu Jun 01 08:56:39.569374 2023] [php:error] [pid 15320:tid 3620] [client 66.249.66.38:40360] script 'C:/xampp/htdocs/default/app.php' not found or unable to stat
[Thu Jun 01 10:57:14.559558 2023] [php:error] [pid 15320:tid 3696] [client 50.54.141.13:4317] script 'C:/xampp/htdocs/default/wp-login.php' not found or unable to stat, referer: http://ns4.fphosting.eu
[Thu Jun 01 14:35:39.273503 2023] [php:error] [pid 15320:tid 3556] [client 170.64.189.47:43792] script 'C:/xampp/htdocs/default/upl.php' not found or unable to stat
[Thu Jun 01 14:35:42.346321 2023] [php:error] [pid 15320:tid 3556] [client 170.64.189.47:43850] script 'C:/xampp/htdocs/default/1.php' not found or unable to stat
[Thu Jun 01 14:40:14.690005 2023] [php:error] [pid 15320:tid 3556] [client 45.55.135.165:59572] script 'C:/xampp/htdocs/default/wp-login.php' not found or unable to stat, referer: http://mta-sts.mx.fphosting.eu
[Thu Jun 01 14:40:15.110670 2023] [php:error] [pid 15320:tid 3556] [client 45.55.135.165:59708] script 'C:/xampp/htdocs/default/wp-login.php' not found or unable to stat, referer: http://blog.mta-sts.mx.fphosting.eu
[Thu Jun 01 17:03:18.654930 2023] [php:error] [pid 15320:tid 3612] [client 201.159.95.244:43436] script 'C:/xampp/htdocs/default/wp-login.php' not found or unable to stat
[Thu Jun 01 17:03:44.753791 2023] [php:error] [pid 15320:tid 3612] [client 115.165.166.162:44892] script 'C:/xampp/htdocs/default/wp-login.php' not found or unable to stat, referer: http://mta-sts.mail.fphosting.eu
[Thu Jun 01 17:03:45.797321 2023] [php:error] [pid 15320:tid 3612] [client 115.165.166.162:44996] script 'C:/xampp/htdocs/default/wp-login.php' not found or unable to stat, referer: http://blog.mta-sts.mail.fphosting.eu
[Thu Jun 01 18:01:41.714282 2023] [php:error] [pid 15320:tid 3612] [client 167.71.98.46:43404] script 'C:/xampp/htdocs/default/wp-login.php' not found or unable to stat
[Thu Jun 01 18:06:28.638452 2023] [php:error] [pid 15320:tid 3612] [client 35.221.143.234:35124] script 'C:/xampp/htdocs/default/wp-login.php' not found or unable to stat, referer: http://admin.fphosting.eu
[Thu Jun 01 18:06:29.646636 2023] [php:error] [pid 15320:tid 3612] [client 35.221.143.234:35246] script 'C:/xampp/htdocs/default/wp-login.php' not found or unable to stat, referer: http://blog.admin.fphosting.eu
[Thu Jun 01 18:32:32.199555 2023] [php:error] [pid 15320:tid 3680] [client 185.164.73.118:34066] script 'C:/xampp/htdocs/default/wp-login.php' not found or unable to stat
[Thu Jun 01 19:24:58.563184 2023] [php:error] [pid 15320:tid 3532] [client 157.245.145.6:45596] script 'C:/xampp/htdocs/default/wp-login.php' not found or unable to stat
[Thu Jun 01 19:55:25.790267 2023] [php:error] [pid 15320:tid 3716] [client 89.34.96.142:23722] script 'C:/xampp/htdocs/default/wp-login.php' not found or unable to stat
[Thu Jun 01 20:07:12.803292 2023] [php:error] [pid 15320:tid 3716] [client 91.236.168.249:45578] script 'C:/xampp/htdocs/default/wp-login.php' not found or unable to stat
[Thu Jun 01 20:10:55.697892 2023] [php:error] [pid 15320:tid 3636] [client 20.107.178.158:53212] script 'C:/xampp/htdocs/default/wp-login.php' not found or unable to stat
[Thu Jun 01 20:17:10.601396 2023] [php:error] [pid 15320:tid 3636] [client 45.32.116.169:55154] script 'C:/xampp/htdocs/default/wp-login.php' not found or unable to stat
[Thu Jun 01 20:18:38.236862 2023] [php:error] [pid 15320:tid 3636] [client 68.178.201.184:50156] script 'C:/xampp/htdocs/default/wp-login.php' not found or unable to stat
[Thu Jun 01 20:25:26.688340 2023] [php:error] [pid 15320:tid 3636] [client 150.95.110.128:39798] script 'C:/xampp/htdocs/default/wp-login.php' not found or unable to stat
[Thu Jun 01 20:25:26.714295 2023] [php:error] [pid 15320:tid 3596] [client 45.32.116.169:36304] script 'C:/xampp/htdocs/default/wp-login.php' not found or unable to stat
[Thu Jun 01 21:42:06.659204 2023] [php:error] [pid 15320:tid 3596] [client 194.233.76.140:47672] script 'C:/xampp/htdocs/default/wp-login.php' not found or unable to stat
[Thu Jun 01 21:59:11.056351 2023] [php:error] [pid 15320:tid 3532] [client 45.32.116.169:44548] script 'C:/xampp/htdocs/default/wp-login.php' not found or unable to stat
[Thu Jun 01 22:55:53.478076 2023] [php:error] [pid 15320:tid 3628] [client 119.45.38.194:53022] script 'C:/xampp/htdocs/default/wp-login.php' not found or unable to stat
[Thu Jun 01 23:01:16.041798 2023] [php:error] [pid 15320:tid 3532] [client 45.137.192.64:58964] script 'C:/xampp/htdocs/default/wp-login.php' not found or unable to stat
[Thu Jun 01 23:31:39.099768 2023] [php:error] [pid 15320:tid 3532] [client 8.218.212.177:38698] script 'C:/xampp/htdocs/default/wp-login.php' not found or unable to stat
[Fri Jun 02 00:31:52.011593 2023] [php:error] [pid 15320:tid 3532] [client 193.151.129.83:54748] script 'C:/xampp/htdocs/default/wp-login.php' not found or unable to stat
[Fri Jun 02 04:53:08.645286 2023] [php:error] [pid 15320:tid 3532] [client 66.249.66.7:54544] script 'C:/xampp/htdocs/default/help.php' not found or unable to stat
[Fri Jun 02 05:07:45.249584 2023] [php:error] [pid 15320:tid 3532] [client 158.69.23.79:59141] script 'C:/xampp/htdocs/default/inputs.php' not found or unable to stat
[Fri Jun 02 05:07:47.315473 2023] [php:error] [pid 15320:tid 3532] [client 158.69.23.79:62277] script 'C:/xampp/htdocs/default/auto_seo.php' not found or unable to stat
[Fri Jun 02 08:50:49.309940 2023] [cgi:error] [pid 15320:tid 3588] [client 216.194.173.186:38683] AH02811: script not found or unable to stat: C:/xampp/htdocs/default/mt-xmlrpc.cgi
[Fri Jun 02 08:50:59.811288 2023] [cgi:error] [pid 15320:tid 3588] [client 216.194.173.186:40383] AH02811: script not found or unable to stat: C:/xampp/htdocs/default/mt-xmlrpc.cgi
[Fri Jun 02 08:51:10.142046 2023] [cgi:error] [pid 15320:tid 3596] [client 216.194.173.186:41599] AH02811: script not found or unable to stat: C:/xampp/htdocs/default/mt-xmlrpc.cgi
[Fri Jun 02 08:51:20.701044 2023] [cgi:error] [pid 15320:tid 3588] [client 216.194.173.186:42531] AH02811: script not found or unable to stat: C:/xampp/htdocs/default/mt-xmlrpc.cgi
[Fri Jun 02 08:51:31.198461 2023] [cgi:error] [pid 15320:tid 3596] [client 216.194.173.186:43179] AH02811: script not found or unable to stat: C:/xampp/htdocs/default/mt-xmlrpc.cgi
[Fri Jun 02 08:51:41.706721 2023] [cgi:error] [pid 15320:tid 3588] [client 216.194.173.186:43753] AH02811: script not found or unable to stat: C:/xampp/htdocs/default/mt-xmlrpc.cgi
[Fri Jun 02 08:51:52.220512 2023] [cgi:error] [pid 15320:tid 3596] [client 216.194.173.186:44175] AH02811: script not found or unable to stat: C:/xampp/htdocs/default/mt-xmlrpc.cgi
[Fri Jun 02 08:52:02.716122 2023] [php:error] [pid 15320:tid 3596] [client 216.194.173.186:44897] script 'C:/xampp/htdocs/default/index2.php' not found or unable to stat
[Fri Jun 02 08:52:13.049251 2023] [php:error] [pid 15320:tid 3596] [client 216.194.173.186:45511] script 'C:/xampp/htdocs/default/index2.php' not found or unable to stat
[Fri Jun 02 08:52:23.381258 2023] [php:error] [pid 15320:tid 3596] [client 216.194.173.186:46145] script 'C:/xampp/htdocs/default/.libs.php' not found or unable to stat
[Fri Jun 02 08:52:33.716071 2023] [cgi:error] [pid 15320:tid 3596] [client 216.194.173.186:46931] AH02811: script not found or unable to stat: C:/xampp/htdocs/default/index2.php.cgi
[Fri Jun 02 08:52:44.050346 2023] [cgi:error] [pid 15320:tid 3596] [client 216.194.173.186:47621] AH02811: script not found or unable to stat: C:/xampp/htdocs/default/index2.php.cgi
[Fri Jun 02 08:52:54.388970 2023] [cgi:error] [pid 15320:tid 3596] [client 216.194.173.186:48195] AH02811: script not found or unable to stat: C:/xampp/cgi-bin/mt
[Fri Jun 02 08:53:04.721604 2023] [cgi:error] [pid 15320:tid 3596] [client 216.194.173.186:48925] AH02811: script not found or unable to stat: C:/xampp/cgi-bin/mt
[Fri Jun 02 08:53:15.055448 2023] [cgi:error] [pid 15320:tid 3596] [client 216.194.173.186:49491] AH02811: script not found or unable to stat: C:/xampp/cgi-bin/mt
[Fri Jun 02 08:53:25.387125 2023] [cgi:error] [pid 15320:tid 3588] [client 216.194.173.186:50303] AH02811: script not found or unable to stat: C:/xampp/cgi-bin/mt
[Fri Jun 02 08:53:35.882554 2023] [cgi:error] [pid 15320:tid 3596] [client 216.194.173.186:50973] AH02811: script not found or unable to stat: C:/xampp/cgi-bin/mt
[Fri Jun 02 08:53:46.377531 2023] [cgi:error] [pid 15320:tid 3588] [client 216.194.173.186:51681] AH02811: script not found or unable to stat: C:/xampp/cgi-bin/mt
[Fri Jun 02 08:53:56.877922 2023] [cgi:error] [pid 15320:tid 3596] [client 216.194.173.186:52111] AH02811: script not found or unable to stat: C:/xampp/cgi-bin/mt
[Fri Jun 02 08:54:07.377092 2023] [cgi:error] [pid 15320:tid 3596] [client 216.194.173.186:52947] AH02811: script not found or unable to stat: C:/xampp/cgi-bin/mt
[Fri Jun 02 08:54:17.710588 2023] [php:error] [pid 15320:tid 3596] [client 216.194.173.186:53933] script 'C:/xampp/htdocs/default/index2.php' not found or unable to stat
[Fri Jun 02 08:54:28.041385 2023] [php:error] [pid 15320:tid 3596] [client 216.194.173.186:54741] script 'C:/xampp/htdocs/default/.libs.php' not found or unable to stat
[Fri Jun 02 08:54:38.373282 2023] [cgi:error] [pid 15320:tid 3596] [client 216.194.173.186:55659] AH02811: script not found or unable to stat: C:/xampp/cgi-bin/mt
[Fri Jun 02 08:54:48.705120 2023] [cgi:error] [pid 15320:tid 3596] [client 216.194.173.186:56367] AH02811: script not found or unable to stat: C:/xampp/htdocs/default/index2.php.cgi
[Fri Jun 02 08:54:59.037040 2023] [cgi:error] [pid 15320:tid 3596] [client 216.194.173.186:57121] AH02811: script not found or unable to stat: C:/xampp/cgi-bin/mt
[Fri Jun 02 08:55:09.368758 2023] [cgi:error] [pid 15320:tid 3596] [client 216.194.173.186:59025] AH02811: script not found or unable to stat: C:/xampp/cgi-bin/mt
[Fri Jun 02 08:55:19.700510 2023] [cgi:error] [pid 15320:tid 3596] [client 216.194.173.186:60451] AH02811: script not found or unable to stat: C:/xampp/cgi-bin/mt
[Fri Jun 02 08:55:30.033467 2023] [cgi:error] [pid 15320:tid 3588] [client 216.194.173.186:61069] AH02811: script not found or unable to stat: C:/xampp/cgi-bin/mt
[Fri Jun 02 08:55:40.528983 2023] [cgi:error] [pid 15320:tid 3596] [client 216.194.173.186:61587] AH02811: script not found or unable to stat: C:/xampp/cgi-bin/mt
[Fri Jun 02 08:55:51.028468 2023] [cgi:error] [pid 15320:tid 3588] [client 216.194.173.186:62297] AH02811: script not found or unable to stat: C:/xampp/cgi-bin/mt
[Fri Jun 02 08:56:01.525322 2023] [cgi:error] [pid 15320:tid 3596] [client 216.194.173.186:62779] AH02811: script not found or unable to stat: C:/xampp/cgi-bin/mt
[Fri Jun 02 08:56:12.024669 2023] [cgi:error] [pid 15320:tid 3596] [client 216.194.173.186:63783] AH02811: script not found or unable to stat: C:/xampp/cgi-bin/mt
[Fri Jun 02 08:56:22.358356 2023] [php:error] [pid 15320:tid 3596] [client 216.194.173.186:64617] script 'C:/xampp/htdocs/default/index2.php' not found or unable to stat
[Fri Jun 02 08:56:32.692767 2023] [php:error] [pid 15320:tid 3588] [client 216.194.173.186:65443] script 'C:/xampp/htdocs/default/.libs.php' not found or unable to stat
[Fri Jun 02 08:56:43.027476 2023] [cgi:error] [pid 15320:tid 3596] [client 216.194.173.186:25257] AH02811: script not found or unable to stat: C:/xampp/cgi-bin/mt
[Fri Jun 02 08:56:53.360612 2023] [cgi:error] [pid 15320:tid 3588] [client 216.194.173.186:25891] AH02811: script not found or unable to stat: C:/xampp/htdocs/default/index2.php.cgi
[Fri Jun 02 10:08:02.623151 2023] [php:error] [pid 15320:tid 3644] [client 203.56.198.108:49444] script 'C:/xampp/htdocs/default/wp-login.php' not found or unable to stat
[Fri Jun 02 13:33:47.737069 2023] [php:error] [pid 15320:tid 3636] [client 159.223.173.153:33798] script 'C:/xampp/htdocs/default/wp-login.php' not found or unable to stat, referer: http://system.fphosting.eu
[Fri Jun 02 13:33:48.208681 2023] [php:error] [pid 15320:tid 3636] [client 159.223.173.153:33828] script 'C:/xampp/htdocs/default/wp-login.php' not found or unable to stat, referer: http://blog.system.fphosting.eu
[Fri Jun 02 13:35:22.894104 2023] [php:error] [pid 15320:tid 3636] [client 139.59.125.19:60272] script 'C:/xampp/htdocs/default/wp-login.php' not found or unable to stat, referer: http://speedtest.fphosting.eu
[Fri Jun 02 13:35:24.960281 2023] [php:error] [pid 15320:tid 3636] [client 139.59.125.19:60274] script 'C:/xampp/htdocs/default/wp-login.php' not found or unable to stat, referer: http://blog.speedtest.fphosting.eu
[Fri Jun 02 14:21:17.398445 2023] [php:error] [pid 15320:tid 3644] [client 194.113.235.171:44571] script 'C:/xampp/htdocs/default/radio.php' not found or unable to stat, referer: http://fphosting.eu/radio.php
[Fri Jun 02 14:21:19.374925 2023] [php:error] [pid 15320:tid 3644] [client 194.113.235.171:33017] script 'C:/xampp/htdocs/default/radio.php' not found or unable to stat, referer: http://fpproduction.eu/radio.php
[Fri Jun 02 17:39:58.267141 2023] [php:error] [pid 15320:tid 3560] [client 173.249.144.29:45455] script 'C:/xampp/htdocs/default/wp-login.php' not found or unable to stat
[Fri Jun 02 18:54:31.305431 2023] [php:error] [pid 15320:tid 3644] [client 185.191.236.138:53942] script 'C:/xampp/htdocs/default/xmlrpc.php' not found or unable to stat
[Fri Jun 02 19:35:57.576864 2023] [php:error] [pid 15320:tid 3588] [client 157.230.105.99:46676] script 'C:/xampp/htdocs/default/upl.php' not found or unable to stat
[Fri Jun 02 19:35:57.786340 2023] [php:error] [pid 15320:tid 3588] [client 157.230.105.99:46716] script 'C:/xampp/htdocs/default/1.php' not found or unable to stat
[Fri Jun 02 20:12:55.193871 2023] [php:error] [pid 15320:tid 3636] [client 167.172.56.36:39024] script 'C:/xampp/htdocs/default/wp-login.php' not found or unable to stat
[Fri Jun 02 21:03:02.574345 2023] [php:error] [pid 15320:tid 3636] [client 185.191.236.138:65383] script 'C:/xampp/htdocs/default/xmlrpc.php' not found or unable to stat
[Fri Jun 02 22:23:19.291425 2023] [php:error] [pid 15320:tid 3656] [client 185.70.95.8:33630] script 'C:/xampp/htdocs/default/wp-login.php' not found or unable to stat
[Sat Jun 03 02:24:38.386862 2023] [php:error] [pid 15320:tid 3716] [client 5.188.210.227:62302] script 'C:/xampp/htdocs/default/echo.php' not found or unable to stat, referer: https://www.google.com/
[Sat Jun 03 02:27:21.891294 2023] [php:error] [pid 15320:tid 3716] [client 107.180.68.247:60744] script 'C:/xampp/htdocs/default/wp-login.php' not found or unable to stat
[Sat Jun 03 03:36:08.768840 2023] [php:error] [pid 15320:tid 3656] [client 167.172.34.136:45574] script 'C:/xampp/htdocs/default/wp-login.php' not found or unable to stat, referer: http://baze.fphosting.eu
[Sat Jun 03 03:36:08.906844 2023] [php:error] [pid 15320:tid 3656] [client 167.172.34.136:45604] script 'C:/xampp/htdocs/default/wp-login.php' not found or unable to stat, referer: http://blog.baze.fphosting.eu
[Sat Jun 03 04:28:45.787404 2023] [php:error] [pid 15320:tid 3656] [client 139.59.125.19:40596] script 'C:/xampp/htdocs/default/wp-login.php' not found or unable to stat, referer: http://ns3.fphosting.eu
[Sat Jun 03 04:28:48.257666 2023] [php:error] [pid 15320:tid 3716] [client 139.59.125.19:40600] script 'C:/xampp/htdocs/default/wp-login.php' not found or unable to stat, referer: http://blog.ns3.fphosting.eu
[Sat Jun 03 05:46:30.011350 2023] [php:error] [pid 15320:tid 3544] [client 39.101.185.186:47206] script 'C:/xampp/htdocs/default/wp-login.php' not found or unable to stat
[Sat Jun 03 06:08:52.616553 2023] [php:error] [pid 15320:tid 3596] [client 159.65.47.64:47490] script 'C:/xampp/htdocs/default/upl.php' not found or unable to stat
[Sat Jun 03 06:08:53.680004 2023] [php:error] [pid 15320:tid 3596] [client 159.65.47.64:47512] script 'C:/xampp/htdocs/default/1.php' not found or unable to stat
[Sat Jun 03 08:43:56.555415 2023] [authz_core:error] [pid 15320:tid 3656] [client 209.141.62.109:60692] AH01630: client denied by server configuration: C:/xampp/phpMyAdmin/index.php
[Sat Jun 03 18:35:28.072743 2023] [php:error] [pid 15320:tid 3636] [client 45.154.98.198:15950] script 'C:/xampp/htdocs/default/wp-login.php' not found or unable to stat
[Sat Jun 03 20:31:16.092823 2023] [php:error] [pid 15320:tid 3560] [client 194.113.235.171:55448] script 'C:/xampp/htdocs/default/ab0ut.php' not found or unable to stat, referer: http://fphosting.eu/ab0ut.php
[Sun Jun 04 02:07:09.094072 2023] [php:error] [pid 15320:tid 3560] [client 125.88.207.79:57229] script 'C:/xampp/htdocs/default/wp-login.php' not found or unable to stat
[Sun Jun 04 07:11:51.717587 2023] [php:error] [pid 15320:tid 3560] [client 217.126.4.85:35224] script 'C:/xampp/htdocs/default/wp-login.php' not found or unable to stat, referer: http://email.fphosting.eu
[Sun Jun 04 07:11:52.054123 2023] [php:error] [pid 15320:tid 3560] [client 217.126.4.85:35262] script 'C:/xampp/htdocs/default/wp-login.php' not found or unable to stat, referer: http://blog.email.fphosting.eu
[Sun Jun 04 12:14:37.800725 2023] [authz_core:error] [pid 15320:tid 3596] [client 106.75.30.226:60192] AH01630: client denied by server configuration: C:/xampp/phpMyAdmin/index.php
[Sun Jun 04 12:14:38.965519 2023] [php:error] [pid 15320:tid 3716] [client 106.75.30.226:60502] script 'C:/xampp/htdocs/default/index_sso.php' not found or unable to stat
[Sun Jun 04 12:29:07.971867 2023] [php:error] [pid 15320:tid 3716] [client 204.48.17.255:54924] script 'C:/xampp/htdocs/default/upl.php' not found or unable to stat
[Sun Jun 04 12:29:09.040275 2023] [php:error] [pid 15320:tid 3716] [client 204.48.17.255:54960] script 'C:/xampp/htdocs/default/1.php' not found or unable to stat
[Sun Jun 04 19:54:55.829745 2023] [php:error] [pid 15320:tid 3664] [client 13.55.79.252:48288] script 'C:/xampp/htdocs/default/wp-login.php' not found or unable to stat
[Sun Jun 04 21:00:34.170566 2023] [php:error] [pid 15320:tid 3532] [client 43.153.112.160:47386] script 'C:/xampp/htdocs/default/wp-login.php' not found or unable to stat
[Sun Jun 04 21:10:56.625388 2023] [php:error] [pid 15320:tid 3532] [client 93.183.131.53:53396] script 'C:/xampp/htdocs/default/wp-login.php' not found or unable to stat
[Sun Jun 04 21:14:34.637570 2023] [php:error] [pid 15320:tid 3532] [client 194.113.235.171:51646] script 'C:/xampp/htdocs/default/header.php' not found or unable to stat, referer: http://fphosting.eu/header.php
[Sun Jun 04 22:03:46.423547 2023] [php:error] [pid 15320:tid 3664] [client 139.59.26.124:35098] script 'C:/xampp/htdocs/default/wp-login.php' not found or unable to stat
[Sun Jun 04 23:59:39.715886 2023] [php:error] [pid 15320:tid 3568] [client 141.148.159.69:45672] script 'C:/xampp/htdocs/default/wp-login.php' not found or unable to stat
[Mon Jun 05 00:06:18.513172 2023] [php:error] [pid 15320:tid 3568] [client 93.183.131.53:49506] script 'C:/xampp/htdocs/default/wp-login.php' not found or unable to stat
[Mon Jun 05 01:15:48.536823 2023] [php:error] [pid 15320:tid 3500] [client 192.42.116.181:43734] script 'C:/xampp/htdocs/default/wp-login.php' not found or unable to stat
[Mon Jun 05 02:02:55.860566 2023] [cgi:error] [pid 15320:tid 3652] [client 112.94.99.162:16913] AH02811: script not found or unable to stat: C:/xampp/htdocs/default/setup.cgi
[Mon Jun 05 06:49:44.930217 2023] [php:error] [pid 15320:tid 3716] [client 205.236.155.137:56234] script 'C:/xampp/htdocs/default/wp-login.php' not found or unable to stat
[Mon Jun 05 08:12:59.637554 2023] [core:error] [pid 15320:tid 3680] [client 185.180.143.80:37728] AH10244: invalid URI path (/icons/.%%32%65/.%%32%65/apache2/icons/non-existant-image.png)
[Mon Jun 05 08:12:59.999908 2023] [core:error] [pid 15320:tid 3680] [client 185.180.143.80:37738] AH10244: invalid URI path (/icons/.%%32%65/.%%32%65/apache2/icons/sphere1.png)
[Mon Jun 05 08:13:00.352837 2023] [core:error] [pid 15320:tid 3680] [client 185.180.143.80:37744] AH10244: invalid URI path (/icons/.%2e/%2e%2e/apache2/icons/sphere1.png)
[Mon Jun 05 12:42:28.886366 2023] [cgi:error] [pid 15320:tid 3644] [client 185.224.128.114:59356] AH02811: script not found or unable to stat: C:/xampp/htdocs/default/home.asp
[Mon Jun 05 13:42:00.798087 2023] [php:error] [pid 15320:tid 3644] [client 138.197.223.80:43684] script 'C:/xampp/htdocs/default/wp-login.php' not found or unable to stat, referer: http://emily.fphosting.eu
[Mon Jun 05 13:42:01.611536 2023] [php:error] [pid 15320:tid 3644] [client 138.197.223.80:43958] script 'C:/xampp/htdocs/default/wp-login.php' not found or unable to stat, referer: http://blog.emily.fphosting.eu
[Mon Jun 05 19:49:56.411630 2023] [php:error] [pid 15320:tid 3620] [client 113.119.57.24:46084] script 'C:/xampp/htdocs/default/wp-login.php' not found or unable to stat
[Mon Jun 05 21:47:43.091139 2023] [php:error] [pid 15320:tid 3560] [client 120.46.215.94:40732] script 'C:/xampp/htdocs/default/wp-login.php' not found or unable to stat
[Mon Jun 05 22:20:15.477251 2023] [php:error] [pid 15320:tid 3560] [client 193.176.31.34:40880] script 'C:/xampp/htdocs/default/wp-login.php' not found or unable to stat
[Mon Jun 05 22:36:05.838850 2023] [php:error] [pid 15320:tid 3656] [client 103.130.219.2:57174] script 'C:/xampp/htdocs/default/wp-login.php' not found or unable to stat
[Mon Jun 05 22:42:59.422852 2023] [php:error] [pid 15320:tid 3656] [client 51.79.231.3:41608] script 'C:/xampp/htdocs/default/wp-login.php' not found or unable to stat
[Mon Jun 05 22:51:32.153573 2023] [php:error] [pid 15320:tid 3612] [client 103.180.120.170:39392] script 'C:/xampp/htdocs/default/wp-login.php' not found or unable to stat
[Mon Jun 05 23:27:47.301537 2023] [php:error] [pid 15320:tid 3656] [client 62.204.41.33:21688] script 'C:/xampp/htdocs/default/wp-login.php' not found or unable to stat
[Tue Jun 06 00:01:18.179359 2023] [php:error] [pid 15320:tid 3656] [client 83.150.215.90:57482] script 'C:/xampp/htdocs/default/wp-login.php' not found or unable to stat
[Tue Jun 06 00:55:22.798934 2023] [php:error] [pid 15320:tid 3656] [client 186.234.80.70:43110] script 'C:/xampp/htdocs/default/wp-login.php' not found or unable to stat
[Tue Jun 06 01:19:07.895921 2023] [php:error] [pid 15320:tid 3620] [client 65.108.96.102:35674] script 'C:/xampp/htdocs/default/wp-login.php' not found or unable to stat
[Tue Jun 06 01:50:40.465861 2023] [php:error] [pid 15320:tid 3620] [client 59.11.214.75:51414] script 'C:/xampp/htdocs/default/wp-login.php' not found or unable to stat, referer: http://forum.fphosting.eu
[Tue Jun 06 01:50:42.551590 2023] [php:error] [pid 15320:tid 3620] [client 59.11.214.75:52578] script 'C:/xampp/htdocs/default/wp-login.php' not found or unable to stat, referer: http://blog.forum.fphosting.eu
[Tue Jun 06 02:00:48.518954 2023] [php:error] [pid 15320:tid 3620] [client 190.96.76.26:51722] script 'C:/xampp/htdocs/default/wp-login.php' not found or unable to stat
[Tue Jun 06 02:11:16.907061 2023] [cgi:error] [pid 15320:tid 3600] [client 185.224.128.114:56508] AH02811: script not found or unable to stat: C:/xampp/htdocs/default/home.asp
[Tue Jun 06 02:15:03.218628 2023] [php:error] [pid 15320:tid 3600] [client 216.244.66.229:45138] script 'C:/xampp/htdocs/default/login.php' not found or unable to stat
[Tue Jun 06 04:05:34.159327 2023] [php:error] [pid 15320:tid 3544] [client 93.183.131.53:60856] script 'C:/xampp/htdocs/default/wp-login.php' not found or unable to stat
[Tue Jun 06 09:49:42.529600 2023] [php:error] [pid 15320:tid 3544] [client 167.99.199.224:56774] script 'C:/xampp/htdocs/default/upl.php' not found or unable to stat
